From mboxrd@z Thu Jan 1 00:00:00 1970 Return-Path: Received: from mails.dpdk.org (mails.dpdk.org [217.70.189.124]) by inbox.dpdk.org (Postfix) with ESMTP id B0DAD46F4A for ; Mon, 22 Sep 2025 09:30:27 +0200 (CEST) Received: from mails.dpdk.org (localhost [127.0.0.1]) by mails.dpdk.org (Postfix) with ESMTP id A9209402EF; Mon, 22 Sep 2025 09:30:27 +0200 (CEST) Received: from mail-pf1-f228.google.com (mail-pf1-f228.google.com [209.85.210.228]) by mails.dpdk.org (Postfix) with ESMTP id EF149402EF for ; Mon, 22 Sep 2025 09:30:26 +0200 (CEST) Received: by mail-pf1-f228.google.com with SMTP id d2e1a72fcca58-77f1f29a551so1459024b3a.3 for ; Mon, 22 Sep 2025 00:30:26 -0700 (PDT) DKIM-Signature: v=1; a=rsa-sha256; c=relaxed/relaxed; d=iol.unh.edu; s=unh-iol; t=1758526226; x=1759131026; darn=dpdk.org; h=references:in-reply-to:cc:to:from:subject:message-id:date:from:to :cc:subject:date:message-id:reply-to; bh=P2NMiyRA+xYm72psE5MtxCoWIa+NbAA83YvryvHukUI=; b=aMq7XBvuh4jZNaveEgGCD7jh0LBw4zn1cvfMTMkIhcCslPqlEhyubJbfqAyxzt9qcy eWSEd1/fJA2A+jJWV53RQ/8RqwEndrzW+sehdxfX52Gqd++ItXPw251iHEIsrBp5tEtB iQD3BxlhZ0/Yqm7Z/7BpRoKKnQ+TC3zVB1l20= X-Google-DKIM-Signature: v=1; a=rsa-sha256; c=relaxed/relaxed; d=1e100.net; s=20230601; t=1758526226; x=1759131026; h=references:in-reply-to:cc:to:from:subject:message-id:date :x-gm-message-state:from:to:cc:subject:date:message-id:reply-to; bh=P2NMiyRA+xYm72psE5MtxCoWIa+NbAA83YvryvHukUI=; b=EAe5cJa8o6sDBNokR69ceT3nvoJNwKy1lYINlW4e0D5CylK1MezFMNHpBMbbDY7KHY lR0m+qH2dW/XhBGwIk0q1r+MMsMZ02SJ6ES/3WUv10sAhn9quwmAmamFQyw+ASaayuXn EGNIOd9aOq22QpYO3J9EVGkJZGeKiltGfvg/d+0OTMKE8JIPpd/WYUnEu6hS7B3+u5mv pWOsCNif0fwMNO5bhRzLuQ1nOBj0pbVvGR2oVS6+6B/SlMrWPCSI159UFYKak30OzlB8 3GtYbA6olRFhpJK6dJ66AvyFoSRQsioEfPyrs0/ee6ujfD3Ey13M1YR2V2fhtMDfnhPF 643w== X-Gm-Message-State: AOJu0Yw/UacXiChoGKvGhEk4zv9/5wRn2Xt0vjNJodn3PiOfDyPiCnUV bs4x+nO5lmr8V++u9PUqqKsVWYXL6EViKXCEznSkZKjotQRhKuionM5EZ3ZzgsVUmiJ+MyZxOhy id7yE/0SveMeWBYX1x3NVyn+8IQKjvFwR43LKUtLboCpL X-Gm-Gg: ASbGncsYYZHu2ODPBqM7HjdA1d/c64PhIQ2uGM1smSVwKyEK9KNPYrfxYDAicAneMC0 U8YqVJVmTK25JvfF9LI5VP6V9MxLAsEoKGA36bLGWvg/nFMo/DPXJvY5i7vst7DWzebEffFkWK7 6LTctPsh2YkmsHGZ9OLxMQmcDv8bXjt5HCRxU7FToeb+QBLfQZ9Ay8dOVYNwLq/qO0sqX5ghyTQ OpUfJvdKtv3YKfKNc8zkaBvnUyrerQ5+9dUVlMNtkZdad0ZycF6qujRNO80O6TJA2mdYAHpA+45 QRjGTjnYct+vB2V/j+K65e7XG43VjqF3PyCuttx3Ng8Q44OSz4aia/upZOarpC/kNA3Y1EEs X-Google-Smtp-Source: AGHT+IEfnIsrKTCADfuzOn3/YoTF4OL26ifM7TZiWOAE3oABDaFxyV51efuolgVnywco6g5NM1o/SJ+beM4J X-Received: by 2002:a17:903:2285:b0:268:f83a:835a with SMTP id d9443c01a7336-269ba575f3emr140229255ad.60.1758526226082; Mon, 22 Sep 2025 00:30:26 -0700 (PDT) Received: from postal.iol.unh.edu (postal.iol.unh.edu. [132.177.123.84]) by smtp-relay.gmail.com with ESMTPS id d9443c01a7336-26980184c55sm7753445ad.31.2025.09.22.00.30.25 (version=TLS1_2 cipher=ECDHE-ECDSA-AES128-GCM-SHA256 bits=128/128); Mon, 22 Sep 2025 00:30:26 -0700 (PDT) X-Relaying-Domain: iol.unh.edu Date: Mon, 22 Sep 2025 00:30:26 -0700 (PDT) Message-ID: <68d0fb12.170a0220.394cea.2466SMTPIN_ADDED_MISSING@mx.google.com> Received: from [172.21.0.2] (unknown [172.18.0.240]) by postal.iol.unh.edu (Postfix) with ESMTP id 5BA4C6051830; Mon, 22 Sep 2025 03:30:25 -0400 (EDT) Subject: |FAILURE| pw156798-156801 [PATCH] [4/4] net/cpfl: add cpchnl get vpo From: dpdklab@iol.unh.edu To: Test Report Cc: dpdk-test-reports@iol.unh.edu, Bruce Richardson , "Shetty, Praveen" In-Reply-To: <20250922094819.1350709-5-praveen.shetty@intel.com> References: <20250922094819.1350709-5-praveen.shetty@intel.com> Content-Type: text/plain X-BeenThere: test-report@dpdk.org X-Mailman-Version: 2.1.29 Precedence: list List-Id: automatic DPDK test reports List-Unsubscribe: , List-Archive: List-Post: List-Help: List-Subscribe: , Errors-To: test-report-bounces@dpdk.org Test-Label: iol-unit-arm64-testing Test-Status: FAILURE http://dpdk.org/patch/156801 _Testing issues_ Submitter: Shetty, Praveen Date: Monday, September 22 2025 09:48:19 DPDK git baseline: Repo:dpdk-next-net-intel Branch: master CommitID:4159ea62922ce41566c7bab44655ad78bee85458 156798-156801 --> testing issues Upstream job id: Generic-Unit-Test-DPDK#373730 Test environment and result as below: +------------------------------+----------------+---------------------------+--------------+------------------------------+ | Environment | dpdk_unit_test | cryptodev_sw_zuc_autotest | lpm_autotest | cryptodev_sw_snow3g_autotest | +==============================+================+===========================+==============+==============================+ | Fedora Linux 42 | PEND | SKIPPED | SKIPPED | SKIPPED | +------------------------------+----------------+---------------------------+--------------+------------------------------+ | Fedora Linux 41 | WARN | SKIPPED | SKIPPED | SKIPPED | +------------------------------+----------------+---------------------------+--------------+------------------------------+ | CentOS Stream 10 | WARN | SKIPPED | SKIPPED | SKIPPED | +------------------------------+----------------+---------------------------+--------------+------------------------------+ | Fedora Linux 40 | PEND | SKIPPED | SKIPPED | SKIPPED | +------------------------------+----------------+---------------------------+--------------+------------------------------+ | Ubuntu 22.04 | PEND | SKIPPED | SKIPPED | SKIPPED | +------------------------------+----------------+---------------------------+--------------+------------------------------+ | Ubuntu 24.04 | WARN | SKIPPED | SKIPPED | SKIPPED | +------------------------------+----------------+---------------------------+--------------+------------------------------+ | Debian GNU/Linux 12 | WARN | SKIPPED | SKIPPED | SKIPPED | +------------------------------+----------------+---------------------------+--------------+------------------------------+ | CentOS Stream 9 | WARN | SKIPPED | SKIPPED | SKIPPED | +------------------------------+----------------+---------------------------+--------------+------------------------------+ | Ubuntu 20.04 | PEND | SKIPPED | PEND | SKIPPED | +------------------------------+----------------+---------------------------+--------------+------------------------------+ | Red Hat Enterprise Linux 9.5 | PEND | SKIPPED | SKIPPED | SKIPPED | +------------------------------+----------------+---------------------------+--------------+------------------------------+ | Debian 12 (arm) | SKIPPED | PEND | SKIPPED | PEND | +------------------------------+----------------+---------------------------+--------------+------------------------------+ ==== 20 line log output for CentOS Stream 9 (dpdk_unit_test): ==== ../drivers/net/intel/cpfl/cpfl_flow_parser.h:303:9: error: 'vsi_id' may be used uninitialized in this function [-Werror=maybe-uninitialized] 303 | memcpy(&meta->chunks[type].data[offset], &data, sizeof(uint16_t)); | ^~~~~~~~~~~~~~~~~~~~~~~~~~~~~~~~~~~~~~~~~~~~~~~~~~~~~~~~~~~~~~~~~ In file included from ../drivers/net/intel/cpfl/cpfl_flow_parser.h:7, from ../drivers/net/intel/cpfl/cpfl_flow_parser.c:7: ../drivers/net/intel/cpfl/cpfl_ethdev.h:333:13: note: 'vsi_id' was declared here 333 | u16 vsi_id; | ^~~~~~ In file included from ../drivers/net/intel/cpfl/cpfl_flow_parser.c:7: ../drivers/net/intel/cpfl/cpfl_flow_parser.c: In function 'cpfl_metadata_write_vsi': ../drivers/net/intel/cpfl/cpfl_flow_parser.h:303:9: error: 'vsi_id' may be used uninitialized in this function [-Werror=maybe-uninitialized] 303 | memcpy(&meta->chunks[type].data[offset], &data, sizeof(uint16_t)); | ^~~~~~~~~~~~~~~~~~~~~~~~~~~~~~~~~~~~~~~~~~~~~~~~~~~~~~~~~~~~~~~~~ In file included from ../drivers/net/intel/cpfl/cpfl_flow_parser.h:7, from ../drivers/net/intel/cpfl/cpfl_flow_parser.c:7: ../drivers/net/intel/cpfl/cpfl_ethdev.h:333:13: note: 'vsi_id' was declared here 333 | u16 vsi_id; | ^~~~~~ cc1: all warnings being treated as errors ninja: build stopped: subcommand failed. ==== End log output ==== Fedora Linux 42 Kernel: 5.4 Compiler: gcc gcc (GCC) 15.2.1 20250808 (Red Hat 15.2.1-1) Fedora Linux 41 Kernel: 5.4 Compiler: gcc gcc (GCC) 14.3.1 20250523 (Red Hat 14.3.1-1) CentOS Stream 10 Kernel: 5.4 Compiler: gcc gcc (GCC) 14.2.1 20250110 (Red Hat 14.2.1-8) Fedora Linux 40 Kernel: 5.4 Compiler: clang gcc (GCC) 14.2.1 20240912 (Red Hat 14.2.1-3) Ubuntu 22.04 Kernel: 5.15 Compiler: gcc gcc (Ubuntu 11.4.0-1ubuntu1~22.04.2) 11.4.0 Ubuntu 24.04 Kernel: 5.4 Compiler: gcc gcc (Ubuntu 13.3.0-6ubuntu2~24.04) 13.3.0 Debian GNU/Linux 12 Kernel: 5.4 Compiler: gcc gcc (Debian 12.2.0-14+deb12u1) 12.2.0 CentOS Stream 9 Kernel: 5.4 Compiler: gcc gcc (GCC) 11.5.0 20240719 (Red Hat 11.5.0-11) Ubuntu 20.04 Kernel: 5.4 Compiler: gcc gcc (Ubuntu 9.4.0-1ubuntu1~20.04.2) 9.4.0 Red Hat Enterprise Linux 9.5 Kernel: 5.4 Compiler: gcc gcc (GCC) 11.5.0 20240719 (Red Hat 11.5.0-2) Debian 12 (arm) Kernel: Depends on container host Compiler: gcc (Debian 12.2.0-14) 12.2.0 To view detailed results, visit: https://lab.dpdk.org/results/dashboard/patchsets/34117/ UNH-IOL DPDK Community Lab To manage your email subscriptions, visit: https://lab.dpdk.org/results/dashboard/preferences/subscriptions/