From mboxrd@z Thu Jan 1 00:00:00 1970 Return-Path: Received: from mails.dpdk.org (mails.dpdk.org [217.70.189.124]) by inbox.dpdk.org (Postfix) with ESMTP id C312446F4A for ; Mon, 22 Sep 2025 09:30:31 +0200 (CEST) Received: from mails.dpdk.org (localhost [127.0.0.1]) by mails.dpdk.org (Postfix) with ESMTP id BDF86402EF; Mon, 22 Sep 2025 09:30:31 +0200 (CEST) Received: from mail-ua1-f98.google.com (mail-ua1-f98.google.com [209.85.222.98]) by mails.dpdk.org (Postfix) with ESMTP id 43D54402EF for ; Mon, 22 Sep 2025 09:30:31 +0200 (CEST) Received: by mail-ua1-f98.google.com with SMTP id a1e0cc1a2514c-892196f0471so1549620241.1 for ; Mon, 22 Sep 2025 00:30:31 -0700 (PDT) DKIM-Signature: v=1; a=rsa-sha256; c=relaxed/relaxed; d=iol.unh.edu; s=unh-iol; t=1758526230; x=1759131030; darn=dpdk.org; h=references:in-reply-to:cc:to:from:subject:message-id:date:from:to :cc:subject:date:message-id:reply-to; bh=GWAnJbC96MDRiNLG/RlpIsF9QO2mWi1NpoEIEFfPb2c=; b=KavTxSd4dlsCT2YtqEaM+GVBbqSfQTRWRP3dPotuLFJglhBMVFx3xTU4KLpjhXLfgE sHTNPhFZAx13voMUNa/UG8MZ0TIYsiHTtxTPPqufbP0l7unIJ34+ldoYXkwbClQZmb4B ydqmQAyDpCy3FdM/jfCylSE6CP/MA7siEdZNM= X-Google-DKIM-Signature: v=1; a=rsa-sha256; c=relaxed/relaxed; d=1e100.net; s=20230601; t=1758526230; x=1759131030; h=references:in-reply-to:cc:to:from:subject:message-id:date :x-gm-message-state:from:to:cc:subject:date:message-id:reply-to; bh=GWAnJbC96MDRiNLG/RlpIsF9QO2mWi1NpoEIEFfPb2c=; b=JsjXO062eF9cNx1k9NHEHykVwBfarX9SDEnxMcfvKaWr6UdoCnbosX0Gtf/33hG3q8 SvtfLLMqkn7Eu4ERVOs5iTJfRYhmU3iA57rVfoxmlabPRbUS+80VumeUiOrufeP3EaqJ LtydcjFdyypFwtkEq1gJ00OOi7gjbLe8DxP5+SZGtfOaviXBuCLxYilqdeEZ9LpBLsb/ 4PfOgBk+De0dQLAljCkRnyxbLpz9ClCGBjAI/a6443a0tBVXBoInFvjSTZvlRpkCP4MC 5sRL4Dm/i4qKQoGjiq3wAStXaZJ4vbfK6FLaEA5t2aISi1e++1MpQT58ut9lHOtsXAj+ SplA== X-Gm-Message-State: AOJu0YzDK5yNJ9R+I8fxZu7zjoYxHlVZZExytLG5psaTwGPP64nc4xPJ MTp3PC8mR28dLy71a2Dqa0T4WCaevvySmn5EI7fOfjRIrFbvqxb5YINhuZZcmBfenOmWPipbE2D Rgto2A2RmcFDHzUOnPvoZnSFRO7kS6Vr21zcyWYh/oT8c9nli1SFavd+dgkok X-Gm-Gg: ASbGncthNB+LRzjQnYkt5VjcjeoLMjKXX03vMa4eLxb/fY26Km20pyc5g6EQiD8pyGl 95slKx59JfgNMspVg1LTeaQv4L2xTNz3wb3X9i+16hsbTiOJLPWam4n5exJmK7clldPBogWl2EW q/R23KVcUnUqqJ00Pv+pK+9lUEUjH+V8Eha4RC6gcu6vtsvUxPZN7OGhO5gcqDNnBXmNYXK9558 pHSsM8sKX2n5rnZ5vDK2NlLyn9BjTtE/VIHsFwyDX/zehGQtIhYWF9yPz+dQEwW/mOx+JGo138C elvAioERQACtuc/MIlgeGuT/v/gyay6+J4tT3GematN7W5HEfQ== X-Google-Smtp-Source: AGHT+IGLWct4hlvGGevOV1VJujCvqAuNYWQlLB9zhfASzkD1+7mD/mWE+Q3hQBmol0so2+hNzvE2W8VMVGHK X-Received: by 2002:a05:6122:30a6:b0:54a:1ea6:5ba4 with SMTP id 71dfb90a1353d-54a8358b958mr3104589e0c.0.1758526230591; Mon, 22 Sep 2025 00:30:30 -0700 (PDT) Received: from postal.iol.unh.edu (postal.iol.unh.edu. [2606:4100:3880:1234::84]) by smtp-relay.gmail.com with ESMTPS id 71dfb90a1353d-54a729c3c33sm860931e0c.6.2025.09.22.00.30.30 (version=TLS1_2 cipher=ECDHE-ECDSA-AES128-GCM-SHA256 bits=128/128); Mon, 22 Sep 2025 00:30:30 -0700 (PDT) X-Relaying-Domain: iol.unh.edu Date: Mon, 22 Sep 2025 00:30:30 -0700 (PDT) Message-ID: <68d0fb16.050a0220.18cb0e.7a52SMTPIN_ADDED_MISSING@mx.google.com> Received: from [172.21.0.3] (unknown [172.18.0.240]) by postal.iol.unh.edu (Postfix) with ESMTP id 49E4B6051830; Mon, 22 Sep 2025 03:30:30 -0400 (EDT) Subject: |FAILURE| pw156798-156801 [PATCH] [4/4] net/cpfl: add cpchnl get vpo From: dpdklab@iol.unh.edu To: Test Report Cc: dpdk-test-reports@iol.unh.edu, Bruce Richardson , "Shetty, Praveen" In-Reply-To: <20250922094819.1350709-5-praveen.shetty@intel.com> References: <20250922094819.1350709-5-praveen.shetty@intel.com> Content-Type: text/plain X-BeenThere: test-report@dpdk.org X-Mailman-Version: 2.1.29 Precedence: list List-Id: automatic DPDK test reports List-Unsubscribe: , List-Archive: List-Post: List-Help: List-Subscribe: , Errors-To: test-report-bounces@dpdk.org Test-Label: iol-unit-amd64-testing Test-Status: FAILURE http://dpdk.org/patch/156801 _Testing issues_ Submitter: Shetty, Praveen Date: Monday, September 22 2025 09:48:19 DPDK git baseline: Repo:dpdk-next-net-intel Branch: master CommitID:4159ea62922ce41566c7bab44655ad78bee85458 156798-156801 --> testing issues Upstream job id: Generic-Unit-Test-DPDK#373739 Test environment and result as below: +-------------------------------+----------------+ | Environment | dpdk_unit_test | +===============================+================+ | Debian GNU/Linux 12 | WARN | +-------------------------------+----------------+ | Fedora Linux 40 | PEND | +-------------------------------+----------------+ | CentOS Stream 9 | WARN | +-------------------------------+----------------+ | Fedora Linux 42 | WARN | +-------------------------------+----------------+ | Fedora Linux 41 | PEND | +-------------------------------+----------------+ | CentOS Stream 10 | WARN | +-------------------------------+----------------+ | Ubuntu 20.04 | FAIL | +-------------------------------+----------------+ | Red Hat Enterprise Linux 8.10 | PEND | +-------------------------------+----------------+ | Red Hat Enterprise Linux 9.5 | PEND | +-------------------------------+----------------+ | Ubuntu 24.04 | PEND | +-------------------------------+----------------+ | Ubuntu 22.04 | PEND | +-------------------------------+----------------+ | Windows Server 2022 | PASS | +-------------------------------+----------------+ ==== Unit test summary for Ubuntu 20.04 (dpdk_unit_test): ==== Failed to get the unit test results. Displaying the unit test results is not supported for some environments, such as our aarch32 testing, where meson is not used to run the tests. Download the logs available on our CI site. ==== End log output ==== Debian GNU/Linux 12 Kernel: 5.15 Compiler: gcc gcc (Debian 12.2.0-14+deb12u1) 12.2.0 Fedora Linux 40 Kernel: 5.15 Compiler: gcc gcc (GCC) 14.2.1 20240912 (Red Hat 14.2.1-3) CentOS Stream 9 Kernel: 5.15 Compiler: gcc gcc (GCC) 11.5.0 20240719 (Red Hat 11.5.0-11) Fedora Linux 42 Kernel: 5.15 Compiler: clang gcc (GCC) 15.2.1 20250808 (Red Hat 15.2.1-1) Fedora Linux 41 Kernel: 5.15 Compiler: gcc gcc (GCC) 14.3.1 20250523 (Red Hat 14.3.1-1) CentOS Stream 10 Kernel: 5.15 Compiler: gcc gcc (GCC) 14.2.1 20250110 (Red Hat 14.2.1-8) Ubuntu 20.04 Kernel: 5.15 Compiler: gcc gcc (Ubuntu 9.4.0-1ubuntu1~20.04.2) 9.4.0 Red Hat Enterprise Linux 8.10 Kernel: 5.15 Compiler: gcc gcc (GCC) 8.5.0 20210514 (Red Hat 8.5.0-22) Red Hat Enterprise Linux 9.5 Kernel: 5.15 Compiler: gcc gcc (GCC) 11.5.0 20240719 (Red Hat 11.5.0-2) Ubuntu 24.04 Kernel: 5.15 Compiler: gcc gcc (Ubuntu 13.3.0-6ubuntu2~24.04) 13.3.0 Ubuntu 22.04 Kernel: 5.15 Compiler: gcc gcc (Ubuntu 11.4.0-1ubuntu1~22.04) 11.4.0 Windows Server 2022 Kernel: 10.0.20348.2031 Compiler: clang 15.0.7, gcc 14.1.0 (MinGW), and MSVC VS 19.39.33521 To view detailed results, visit: https://lab.dpdk.org/results/dashboard/patchsets/34117/ UNH-IOL DPDK Community Lab To manage your email subscriptions, visit: https://lab.dpdk.org/results/dashboard/preferences/subscriptions/