From mboxrd@z Thu Jan 1 00:00:00 1970 Return-Path: Received: from mails.dpdk.org (mails.dpdk.org [217.70.189.124]) by inbox.dpdk.org (Postfix) with ESMTP id D253246F4A for ; Mon, 22 Sep 2025 09:30:37 +0200 (CEST) Received: from mails.dpdk.org (localhost [127.0.0.1]) by mails.dpdk.org (Postfix) with ESMTP id CB39E402EF; Mon, 22 Sep 2025 09:30:37 +0200 (CEST) Received: from mail-qv1-f97.google.com (mail-qv1-f97.google.com [209.85.219.97]) by mails.dpdk.org (Postfix) with ESMTP id BF5A4402EF for ; Mon, 22 Sep 2025 09:30:36 +0200 (CEST) Received: by mail-qv1-f97.google.com with SMTP id 6a1803df08f44-7960d69f14bso21045276d6.2 for ; Mon, 22 Sep 2025 00:30:36 -0700 (PDT) DKIM-Signature: v=1; a=rsa-sha256; c=relaxed/relaxed; d=iol.unh.edu; s=unh-iol; t=1758526236; x=1759131036; darn=dpdk.org; h=references:in-reply-to:cc:to:from:subject:message-id:date:from:to :cc:subject:date:message-id:reply-to; bh=5D8EwqKOnb7x/kL4AdgtSCgdU0b8msXN4kY7ygJmEIA=; b=BygOhXllWvB00QMwLenWR/I6rXzNa58LYAaPEABrQSFy7XmNsMzlVA3soAC1vTczVB GnOQdvW9ZymlLYpnJJfG4dau9Z5dm3r4WP0G/e/d2jo+b9AkWHm42Xu3CFmrRywiUhrV 1HJ20qFb507l+ywGytejTguhYHgFJJx7v9fKU= X-Google-DKIM-Signature: v=1; a=rsa-sha256; c=relaxed/relaxed; d=1e100.net; s=20230601; t=1758526236; x=1759131036; h=references:in-reply-to:cc:to:from:subject:message-id:date :x-gm-message-state:from:to:cc:subject:date:message-id:reply-to; bh=5D8EwqKOnb7x/kL4AdgtSCgdU0b8msXN4kY7ygJmEIA=; b=ZgCNGdrnqdqJw5BJZKzfN+OVNT2owQqDUw9QdfsaArkO903m+XcT4TAlt3dglQF4bi BCHrFzJr7LqpOlzj4UZONzPCmgZd+TftqYn1d6BMlIa8lrqEt7fweWkys0mNLW/dWpYk 5Pgo1ZXw6k3xY8qxe68bTvpDetNdoafSV7f/633/ozHPwsXVwGHP0TwpKl+ISuFQs1pL wEOU0dMYHfZnmqsXL/f7DbZS/usw7024zAqMM7Qrz4AiSBTkWyvNt1Yj1Wokm1206c19 7GEF8C71y2IRItmGAZvk5SxLI6JbKisQ/tNEWJhz3QwAwsN4CBZIO9pj+rJz0zJeHW/+ C1BA== X-Gm-Message-State: AOJu0YxsKMAp+ZxW3gWJvadN1ngqG9zIJt7VeDdIluQjG1KwuWodVVrb fMnHdmeIVWLsqlVhrL5GgeZFnUPFm1tHOXlL3b9UuZJlmli9oqF37JKh67O06CY2GZ/lJE5J8D3 MgOxlZOZzct2LBQKp9nXsGsh7zhG5HsibL0AShBZuNFCMWMOl3K6c0PbZqJQI X-Gm-Gg: ASbGnctM7tFXJau47TDv1JUwF1Z4A1Kboh2Ns1HaL6gXPxL6Pj3HlbF0KdCMAFBUm36 sFVqdJEP3uqRPx1oNUZWggddxV95syk4hJ2X1ThJjYwBEkUfMfIx++xJEIabIRzLw5fFEhxonFW fTuIGv7wFZUKZtKRf1RuwCs6qJqritgX8oygewHJ3ZwMGMy4lqJpJwcaiiHC+u/JGkR8reo2QTn kMZV7RYrkSMdvqeunXdu2trzNu7tCVgYcqH0bWxvoNfB6E+j8vTpYslgyvXq8uHlXh10NqjrY7f Cf/Lmv7w1YaNdKKuCwYOjUOYVcqv6grIK77iz0M61XrCuM4bsQ== X-Google-Smtp-Source: AGHT+IFeRRLdUcodlBgFDRKd2R77sHtpM55qQM78fF+z4cKnG/eGlU2abewOIfEcB7VCiJVgNgHfivSo+571 X-Received: by 2002:a05:6214:20a7:b0:76a:fcee:97aa with SMTP id 6a1803df08f44-79915d53d9amr124388396d6.29.1758526236182; Mon, 22 Sep 2025 00:30:36 -0700 (PDT) Received: from postal.iol.unh.edu (postal.iol.unh.edu. [2606:4100:3880:1234::84]) by smtp-relay.gmail.com with ESMTPS id 6a1803df08f44-79351f73ee0sm6957356d6.40.2025.09.22.00.30.36 (version=TLS1_2 cipher=ECDHE-ECDSA-AES128-GCM-SHA256 bits=128/128); Mon, 22 Sep 2025 00:30:36 -0700 (PDT) X-Relaying-Domain: iol.unh.edu Date: Mon, 22 Sep 2025 00:30:36 -0700 (PDT) Message-ID: <68d0fb1c.d40a0220.cef16.db10SMTPIN_ADDED_MISSING@mx.google.com> Received: from [172.21.0.2] (unknown [172.18.0.240]) by postal.iol.unh.edu (Postfix) with ESMTP id E16AD6051830; Mon, 22 Sep 2025 03:30:35 -0400 (EDT) Subject: |FAILURE| pw156798-156801 [PATCH] [4/4] net/cpfl: add cpchnl get vpo From: dpdklab@iol.unh.edu To: Test Report Cc: dpdk-test-reports@iol.unh.edu, Bruce Richardson , "Shetty, Praveen" In-Reply-To: <20250922094819.1350709-5-praveen.shetty@intel.com> References: <20250922094819.1350709-5-praveen.shetty@intel.com> Content-Type: text/plain X-BeenThere: test-report@dpdk.org X-Mailman-Version: 2.1.29 Precedence: list List-Id: automatic DPDK test reports List-Unsubscribe: , List-Archive: List-Post: List-Help: List-Subscribe: , Errors-To: test-report-bounces@dpdk.org Test-Label: iol-unit-amd64-testing Test-Status: FAILURE http://dpdk.org/patch/156801 _Testing issues_ Submitter: Shetty, Praveen Date: Monday, September 22 2025 09:48:19 DPDK git baseline: Repo:dpdk-next-net-intel Branch: master CommitID:4159ea62922ce41566c7bab44655ad78bee85458 156798-156801 --> testing issues Upstream job id: Generic-Unit-Test-DPDK#373731 Test environment and result as below: +-------------------------------+----------------+ | Environment | dpdk_unit_test | +===============================+================+ | Debian GNU/Linux 12 | WARN | +-------------------------------+----------------+ | Fedora Linux 40 | PEND | +-------------------------------+----------------+ | CentOS Stream 9 | WARN | +-------------------------------+----------------+ | Fedora Linux 42 | WARN | +-------------------------------+----------------+ | Fedora Linux 41 | PEND | +-------------------------------+----------------+ | CentOS Stream 10 | WARN | +-------------------------------+----------------+ | Ubuntu 20.04 | FAIL | +-------------------------------+----------------+ | Red Hat Enterprise Linux 8.10 | PEND | +-------------------------------+----------------+ | Red Hat Enterprise Linux 9.5 | PEND | +-------------------------------+----------------+ | Ubuntu 24.04 | PEND | +-------------------------------+----------------+ | Ubuntu 22.04 | PEND | +-------------------------------+----------------+ | Windows Server 2022 | PASS | +-------------------------------+----------------+ ==== Unit test summary for Ubuntu 20.04 (dpdk_unit_test): ==== Failed to get the unit test results. Displaying the unit test results is not supported for some environments, such as our aarch32 testing, where meson is not used to run the tests. Download the logs available on our CI site. ==== End log output ==== Debian GNU/Linux 12 Kernel: 5.15 Compiler: gcc gcc (Debian 12.2.0-14+deb12u1) 12.2.0 Fedora Linux 40 Kernel: 5.15 Compiler: gcc gcc (GCC) 14.2.1 20240912 (Red Hat 14.2.1-3) CentOS Stream 9 Kernel: 5.15 Compiler: gcc gcc (GCC) 11.5.0 20240719 (Red Hat 11.5.0-11) Fedora Linux 42 Kernel: 5.15 Compiler: clang gcc (GCC) 15.2.1 20250808 (Red Hat 15.2.1-1) Fedora Linux 41 Kernel: 5.15 Compiler: gcc gcc (GCC) 14.3.1 20250523 (Red Hat 14.3.1-1) CentOS Stream 10 Kernel: 5.15 Compiler: gcc gcc (GCC) 14.2.1 20250110 (Red Hat 14.2.1-8) Ubuntu 20.04 Kernel: 5.15 Compiler: gcc gcc (Ubuntu 9.4.0-1ubuntu1~20.04.2) 9.4.0 Red Hat Enterprise Linux 8.10 Kernel: 5.15 Compiler: gcc gcc (GCC) 8.5.0 20210514 (Red Hat 8.5.0-22) Red Hat Enterprise Linux 9.5 Kernel: 5.15 Compiler: gcc gcc (GCC) 11.5.0 20240719 (Red Hat 11.5.0-2) Ubuntu 24.04 Kernel: 5.15 Compiler: gcc gcc (Ubuntu 13.3.0-6ubuntu2~24.04) 13.3.0 Ubuntu 22.04 Kernel: 5.15 Compiler: gcc gcc (Ubuntu 11.4.0-1ubuntu1~22.04) 11.4.0 Windows Server 2022 Kernel: 10.0.20348.2031 Compiler: clang 15.0.7, gcc 14.1.0 (MinGW), and MSVC VS 19.39.33521 To view detailed results, visit: https://lab.dpdk.org/results/dashboard/patchsets/34117/ UNH-IOL DPDK Community Lab To manage your email subscriptions, visit: https://lab.dpdk.org/results/dashboard/preferences/subscriptions/