From mboxrd@z Thu Jan 1 00:00:00 1970 Return-Path: Received: from mails.dpdk.org (mails.dpdk.org [217.70.189.124]) by inbox.dpdk.org (Postfix) with ESMTP id 21FD846F4A for ; Mon, 22 Sep 2025 09:32:14 +0200 (CEST) Received: from mails.dpdk.org (localhost [127.0.0.1]) by mails.dpdk.org (Postfix) with ESMTP id 1AD1A402EF; Mon, 22 Sep 2025 09:32:14 +0200 (CEST) Received: from mail-pf1-f226.google.com (mail-pf1-f226.google.com [209.85.210.226]) by mails.dpdk.org (Postfix) with ESMTP id BB477402EF for ; Mon, 22 Sep 2025 09:32:12 +0200 (CEST) Received: by mail-pf1-f226.google.com with SMTP id d2e1a72fcca58-77e6495c999so2576470b3a.3 for ; Mon, 22 Sep 2025 00:32:12 -0700 (PDT) DKIM-Signature: v=1; a=rsa-sha256; c=relaxed/relaxed; d=iol.unh.edu; s=unh-iol; t=1758526332; x=1759131132; darn=dpdk.org; h=references:in-reply-to:cc:to:from:subject:message-id:date:from:to :cc:subject:date:message-id:reply-to; bh=AUmRcCJldTN2YWRz5XPWBGSbnwdxnVNEwrJaV71b9jA=; b=MyDi7Z/ByF1lgaarwY6XgYfSnVGp96jd7CsekRwaf74ckNhtGNnfcrsja2g2FRmjpK ZHRArWwvItjyO4UNGm+AkPjTUmQzBneTPOo2ky5jwNA5VkGwudFK75RCbuNlJXmfm+WH cU8aOu1aez7gwv+r4svpYutlxpnyj0Z9KoTKc= X-Google-DKIM-Signature: v=1; a=rsa-sha256; c=relaxed/relaxed; d=1e100.net; s=20230601; t=1758526332; x=1759131132; h=references:in-reply-to:cc:to:from:subject:message-id:date :x-gm-message-state:from:to:cc:subject:date:message-id:reply-to; bh=AUmRcCJldTN2YWRz5XPWBGSbnwdxnVNEwrJaV71b9jA=; b=JmrE5I5mgb3zB4EqXF8Bwd/NsXbzMNS6nIOdbjD+Cc+bsFK6itUNRsfr5Nu/F98Duf NShH2ebhASmMR4GBP1RtedO+lqQ1jByasiLVxWmTSB3FjGj6433Al/ib3CJo/JnUPJuQ Jks5LOWGz88VNSs27hZClrFa5rb1JP+q2dWyWkLWMFwQj/YHURQvPWZ12FgP1c/DIT2V xu9BbJ5yFJvgLGY4ctj7qxGT49afkqSlIpKilkh20g2AG07FVKN8iL3yV3ShZ0r7JIue ut9zaOKdO8ZS6pxav9NfVUjhrgjlt6K8vs+NAvVBtmmM+FrlynD/hZ1cTDLTpDJ6/dTu SAwg== X-Gm-Message-State: AOJu0YwFHMFLffoGdjF4fc8nZhE+xO13Sqyrykd5YgWeGlsIRtA5aCDw /7tb71OipEkvPDFC1/78wuxp5YvBd8jNTWxCwg4Bq6xVqoNGo34bNW35Fjwy9wsskmSBZohvAY8 oZxHnwTjBWLV/VdtKi7ScJxz9mUTSIvQcqw82f9orQkQZOWevWZAiucU7M/pt X-Gm-Gg: ASbGnct1/xUL6ul6PYL0rEFKUH8178njqfqcMzkCCEJuGxVKWbBre94ViOFV8Mb3CCw z9ikEM0lcD51nQBXLYjQhJHrw9A/J7t2pgMP7njk+6CNky9P9Ydm6QpH54SC2bWhBbMu7/djas9 PdbuvQj8VxetPHLt5ltp4bmTYjbo6e67F99t1/2nFDq7rs0r8VFBSerrSEn/CywrdyvCqM5t9QE WCrrEyiqzwgjApbESdX7uQG2rMT96dNw7nEqWkp74Opjg8Fv2+kgCvtDO32/Wr0w7YMYSyajKDe j/CXGz2BABn4o13j1Xtkp8EBWc2QGt/Mghl0dnzVkAtv0byoQg== X-Google-Smtp-Source: AGHT+IG75+x2LmzK3jY625dfQ4p99NtPB92q1tf/JwB2R++IFAHvryo4ccJu9zq32Et9b0errev4GFt0PTQx X-Received: by 2002:a05:6a00:4b04:b0:77f:2b62:668 with SMTP id d2e1a72fcca58-77f2b621ed3mr4704272b3a.10.1758526331886; Mon, 22 Sep 2025 00:32:11 -0700 (PDT) Received: from postal.iol.unh.edu (postal.iol.unh.edu. [2606:4100:3880:1234::84]) by smtp-relay.gmail.com with ESMTPS id d2e1a72fcca58-77cfec3f5a5sm769547b3a.12.2025.09.22.00.32.11 (version=TLS1_2 cipher=ECDHE-ECDSA-AES128-GCM-SHA256 bits=128/128); Mon, 22 Sep 2025 00:32:11 -0700 (PDT) X-Relaying-Domain: iol.unh.edu Date: Mon, 22 Sep 2025 00:32:11 -0700 (PDT) Message-ID: <68d0fb7b.a70a0220.2d3e54.27d4SMTPIN_ADDED_MISSING@mx.google.com> Received: from [172.21.0.2] (unknown [172.18.0.240]) by postal.iol.unh.edu (Postfix) with ESMTP id 209106051830; Mon, 22 Sep 2025 03:32:11 -0400 (EDT) Subject: |FAILURE| pw156798-156801 [PATCH] [4/4] net/cpfl: add cpchnl get vpo From: dpdklab@iol.unh.edu To: Test Report Cc: dpdk-test-reports@iol.unh.edu, Bruce Richardson , "Shetty, Praveen" In-Reply-To: <20250922094819.1350709-5-praveen.shetty@intel.com> References: <20250922094819.1350709-5-praveen.shetty@intel.com> Content-Type: text/plain X-BeenThere: test-report@dpdk.org X-Mailman-Version: 2.1.29 Precedence: list List-Id: automatic DPDK test reports List-Unsubscribe: , List-Archive: List-Post: List-Help: List-Subscribe: , Errors-To: test-report-bounces@dpdk.org Test-Label: iol-unit-amd64-testing Test-Status: FAILURE http://dpdk.org/patch/156801 _Testing issues_ Submitter: Shetty, Praveen Date: Monday, September 22 2025 09:48:19 DPDK git baseline: Repo:dpdk-next-net-intel Branch: master CommitID:4159ea62922ce41566c7bab44655ad78bee85458 156798-156801 --> testing issues Upstream job id: Generic-Unit-Test-DPDK#373750 Test environment and result as below: +-------------------------------+----------------+ | Environment | dpdk_unit_test | +===============================+================+ | Debian GNU/Linux 12 | WARN | +-------------------------------+----------------+ | Fedora Linux 40 | PEND | +-------------------------------+----------------+ | CentOS Stream 9 | WARN | +-------------------------------+----------------+ | Fedora Linux 42 | WARN | +-------------------------------+----------------+ | Fedora Linux 41 | PEND | +-------------------------------+----------------+ | CentOS Stream 10 | WARN | +-------------------------------+----------------+ | Ubuntu 20.04 | FAIL | +-------------------------------+----------------+ | Red Hat Enterprise Linux 8.10 | PEND | +-------------------------------+----------------+ | Red Hat Enterprise Linux 9.5 | PEND | +-------------------------------+----------------+ | Ubuntu 24.04 | PEND | +-------------------------------+----------------+ | Ubuntu 22.04 | PEND | +-------------------------------+----------------+ | Windows Server 2022 | PASS | +-------------------------------+----------------+ ==== Unit test summary for Ubuntu 20.04 (dpdk_unit_test): ==== Failed to get the unit test results. Displaying the unit test results is not supported for some environments, such as our aarch32 testing, where meson is not used to run the tests. Download the logs available on our CI site. ==== End log output ==== Debian GNU/Linux 12 Kernel: 5.15 Compiler: gcc gcc (Debian 12.2.0-14+deb12u1) 12.2.0 Fedora Linux 40 Kernel: 5.15 Compiler: gcc gcc (GCC) 14.2.1 20240912 (Red Hat 14.2.1-3) CentOS Stream 9 Kernel: 5.15 Compiler: gcc gcc (GCC) 11.5.0 20240719 (Red Hat 11.5.0-11) Fedora Linux 42 Kernel: 5.15 Compiler: clang gcc (GCC) 15.2.1 20250808 (Red Hat 15.2.1-1) Fedora Linux 41 Kernel: 5.15 Compiler: gcc gcc (GCC) 14.3.1 20250523 (Red Hat 14.3.1-1) CentOS Stream 10 Kernel: 5.15 Compiler: gcc gcc (GCC) 14.2.1 20250110 (Red Hat 14.2.1-8) Ubuntu 20.04 Kernel: 5.15 Compiler: gcc gcc (Ubuntu 9.4.0-1ubuntu1~20.04.2) 9.4.0 Red Hat Enterprise Linux 8.10 Kernel: 5.15 Compiler: gcc gcc (GCC) 8.5.0 20210514 (Red Hat 8.5.0-22) Red Hat Enterprise Linux 9.5 Kernel: 5.15 Compiler: gcc gcc (GCC) 11.5.0 20240719 (Red Hat 11.5.0-2) Ubuntu 24.04 Kernel: 5.15 Compiler: gcc gcc (Ubuntu 13.3.0-6ubuntu2~24.04) 13.3.0 Ubuntu 22.04 Kernel: 5.15 Compiler: gcc gcc (Ubuntu 11.4.0-1ubuntu1~22.04) 11.4.0 Windows Server 2022 Kernel: 10.0.20348.2031 Compiler: clang 15.0.7, gcc 14.1.0 (MinGW), and MSVC VS 19.39.33521 To view detailed results, visit: https://lab.dpdk.org/results/dashboard/patchsets/34117/ UNH-IOL DPDK Community Lab To manage your email subscriptions, visit: https://lab.dpdk.org/results/dashboard/preferences/subscriptions/