From mboxrd@z Thu Jan 1 00:00:00 1970 Return-Path: Received: from mails.dpdk.org (mails.dpdk.org [217.70.189.124]) by inbox.dpdk.org (Postfix) with ESMTP id 5052646F4A for ; Mon, 22 Sep 2025 09:32:53 +0200 (CEST) Received: from mails.dpdk.org (localhost [127.0.0.1]) by mails.dpdk.org (Postfix) with ESMTP id 4BE584060A; Mon, 22 Sep 2025 09:32:53 +0200 (CEST) Received: from mail-pl1-f227.google.com (mail-pl1-f227.google.com [209.85.214.227]) by mails.dpdk.org (Postfix) with ESMTP id 268CB4060A for ; Mon, 22 Sep 2025 09:32:52 +0200 (CEST) Received: by mail-pl1-f227.google.com with SMTP id d9443c01a7336-2698384978dso33896015ad.0 for ; Mon, 22 Sep 2025 00:32:52 -0700 (PDT) DKIM-Signature: v=1; a=rsa-sha256; c=relaxed/relaxed; d=iol.unh.edu; s=unh-iol; t=1758526371; x=1759131171; darn=dpdk.org; h=references:in-reply-to:cc:to:from:subject:message-id:date:from:to :cc:subject:date:message-id:reply-to; bh=q44jC4NER6IFKzZ443kZSppGNAfovnqoEy8XMiO7SRA=; b=EgyIIWZjQ6DIcSq2dIT0j0c6Jlh18xU0ZfxReyyXvZvFu/UhAcVlQUG7R0urqdN3jk VIksvC3rGGXcaQpGrsnMq3ypaZWt4E3eUzgWvenzCFED26Tw9Sub8BJPrdW6xVJ5i6Q4 310+BJCzNbqPUVQP2mZqem4Ey3eqS25WdPuZ4= X-Google-DKIM-Signature: v=1; a=rsa-sha256; c=relaxed/relaxed; d=1e100.net; s=20230601; t=1758526371; x=1759131171; h=references:in-reply-to:cc:to:from:subject:message-id:date :x-gm-message-state:from:to:cc:subject:date:message-id:reply-to; bh=q44jC4NER6IFKzZ443kZSppGNAfovnqoEy8XMiO7SRA=; b=JMBjwYyRlgiUSHrNATtOg/xAq8W5M5eOdiMnzVK8ibOC1KBa9KPf5TQxA2Gqv2krVF DZ4DwAeDJzrtsQVoo71actxdxIYSh0dKWhLbbaQ9LqV9OooEtfxu+Er5oT6PDNx+iuqJ U/REoce7wpEYLRrDO/8dG0ReSM6vDFvT43C+poJ4Sy3L9/ZNttUs2Rbmw7Tm7foxqKrb aN6MdX+rSM7sCyeZ2pg4jbdf4rJQpjS9vG6MOjEOwvCNQpJBaCwxWqUA0zBGhQPATHXH RntrPsRvsirSPAQWcTVeONW191kA77XoxGqY7jQH0QlBZzenZX7SNtjmmbAI3LkOsU18 G1jw== X-Gm-Message-State: AOJu0YwTpHzywIb9P9xqCaY9vX/b8gs1UAAlDpNwFtJkdBwPJXbr2xI8 Fc2LMxyhdSVsjhMjntBudV9h4OwdXbpELdfcUIx80DoIgl2jWsBvTHo+AO67KXD3L6v7tiM3j0j ZdVrGVvrz2sWIqIE7w848tbvsIcRoT/8sMkrTMOgXNG2K X-Gm-Gg: ASbGncvB3mC1xNpcpdW4bhTXfHnRX2eP49e9Y25eXk9nAGNo9odQ5YkvMvAEUYH/Sxx ne/glCqstFtfxXNrdYYBRO4jiGH41mkhaDcuy8tYk+M3pvKid7TMZxVsq4eyYfTx31rdDkNApAG s69quTlJZi16Kdjjq5Rro8zb5G+HYFKPqwNVH46rPihWM6l/MYheMe1QrA6x601tpBIB+/trjKY dsT9sw+nNFOq8vxzWU9dloJEmiLakmEyXmLYaf7YtxIMDvWtKFmYqnCsea2E/Mqi1ku1SiZ4lQ2 M1vD1laBDwHEixvF94jRSzAkSOA/I909HNIyxhtAcSPglkLh6sWvNnzGQGliHXKOuwdKUM97 X-Google-Smtp-Source: AGHT+IG/XrvoG4CawXq/+/hthog+B1I8/Au3RBZLM2+7Ln+6p2NOcOk8p+x7gp37g7/FTKiPe8ZO2tPWO2la X-Received: by 2002:a17:902:8490:b0:269:8072:5be7 with SMTP id d9443c01a7336-269ba566c82mr107521815ad.56.1758526371266; Mon, 22 Sep 2025 00:32:51 -0700 (PDT) Received: from postal.iol.unh.edu (postal.iol.unh.edu. [132.177.123.84]) by smtp-relay.gmail.com with ESMTPS id d9443c01a7336-269802767c3sm8190115ad.44.2025.09.22.00.32.51 (version=TLS1_2 cipher=ECDHE-ECDSA-AES128-GCM-SHA256 bits=128/128); Mon, 22 Sep 2025 00:32:51 -0700 (PDT) X-Relaying-Domain: iol.unh.edu Date: Mon, 22 Sep 2025 00:32:51 -0700 (PDT) Message-ID: <68d0fba3.170a0220.3648a0.4d17SMTPIN_ADDED_MISSING@mx.google.com> Received: from [172.21.0.2] (unknown [172.18.0.240]) by postal.iol.unh.edu (Postfix) with ESMTP id 842AA6051830; Mon, 22 Sep 2025 03:32:50 -0400 (EDT) Subject: |FAILURE| pw156798-156801 [PATCH] [4/4] net/cpfl: add cpchnl get vpo From: dpdklab@iol.unh.edu To: Test Report Cc: dpdk-test-reports@iol.unh.edu, Bruce Richardson , "Shetty, Praveen" In-Reply-To: <20250922094819.1350709-5-praveen.shetty@intel.com> References: <20250922094819.1350709-5-praveen.shetty@intel.com> Content-Type: text/plain X-BeenThere: test-report@dpdk.org X-Mailman-Version: 2.1.29 Precedence: list List-Id: automatic DPDK test reports List-Unsubscribe: , List-Archive: List-Post: List-Help: List-Subscribe: , Errors-To: test-report-bounces@dpdk.org Test-Label: iol-unit-arm64-testing Test-Status: FAILURE http://dpdk.org/patch/156801 _Testing issues_ Submitter: Shetty, Praveen Date: Monday, September 22 2025 09:48:19 DPDK git baseline: Repo:dpdk-next-net-intel Branch: master CommitID:4159ea62922ce41566c7bab44655ad78bee85458 156798-156801 --> testing issues Upstream job id: Generic-Unit-Test-DPDK#373736 Test environment and result as below: +------------------------------+----------------+---------------------------+--------------+------------------------------+ | Environment | dpdk_unit_test | cryptodev_sw_zuc_autotest | lpm_autotest | cryptodev_sw_snow3g_autotest | +==============================+================+===========================+==============+==============================+ | Fedora Linux 42 | PEND | SKIPPED | SKIPPED | SKIPPED | +------------------------------+----------------+---------------------------+--------------+------------------------------+ | Fedora Linux 41 | WARN | SKIPPED | SKIPPED | SKIPPED | +------------------------------+----------------+---------------------------+--------------+------------------------------+ | CentOS Stream 10 | WARN | SKIPPED | SKIPPED | SKIPPED | +------------------------------+----------------+---------------------------+--------------+------------------------------+ | Fedora Linux 40 | WARN | SKIPPED | SKIPPED | SKIPPED | +------------------------------+----------------+---------------------------+--------------+------------------------------+ | Ubuntu 22.04 | PEND | SKIPPED | SKIPPED | SKIPPED | +------------------------------+----------------+---------------------------+--------------+------------------------------+ | Ubuntu 24.04 | WARN | SKIPPED | SKIPPED | SKIPPED | +------------------------------+----------------+---------------------------+--------------+------------------------------+ | Debian GNU/Linux 12 | WARN | SKIPPED | SKIPPED | SKIPPED | +------------------------------+----------------+---------------------------+--------------+------------------------------+ | CentOS Stream 9 | WARN | SKIPPED | SKIPPED | SKIPPED | +------------------------------+----------------+---------------------------+--------------+------------------------------+ | Ubuntu 20.04 | PEND | SKIPPED | PEND | SKIPPED | +------------------------------+----------------+---------------------------+--------------+------------------------------+ | Red Hat Enterprise Linux 9.5 | PEND | SKIPPED | SKIPPED | SKIPPED | +------------------------------+----------------+---------------------------+--------------+------------------------------+ | Debian 12 (arm) | SKIPPED | PEND | SKIPPED | PEND | +------------------------------+----------------+---------------------------+--------------+------------------------------+ ==== 20 line log output for CentOS Stream 9 (dpdk_unit_test): ==== ../drivers/net/intel/cpfl/cpfl_flow_parser.h:303:9: error: 'vsi_id' may be used uninitialized in this function [-Werror=maybe-uninitialized] 303 | memcpy(&meta->chunks[type].data[offset], &data, sizeof(uint16_t)); | ^~~~~~~~~~~~~~~~~~~~~~~~~~~~~~~~~~~~~~~~~~~~~~~~~~~~~~~~~~~~~~~~~ In file included from ../drivers/net/intel/cpfl/cpfl_flow_parser.h:7, from ../drivers/net/intel/cpfl/cpfl_flow_parser.c:7: ../drivers/net/intel/cpfl/cpfl_ethdev.h:333:13: note: 'vsi_id' was declared here 333 | u16 vsi_id; | ^~~~~~ In file included from ../drivers/net/intel/cpfl/cpfl_flow_parser.c:7: ../drivers/net/intel/cpfl/cpfl_flow_parser.c: In function 'cpfl_metadata_write_vsi': ../drivers/net/intel/cpfl/cpfl_flow_parser.h:303:9: error: 'vsi_id' may be used uninitialized in this function [-Werror=maybe-uninitialized] 303 | memcpy(&meta->chunks[type].data[offset], &data, sizeof(uint16_t)); | ^~~~~~~~~~~~~~~~~~~~~~~~~~~~~~~~~~~~~~~~~~~~~~~~~~~~~~~~~~~~~~~~~ In file included from ../drivers/net/intel/cpfl/cpfl_flow_parser.h:7, from ../drivers/net/intel/cpfl/cpfl_flow_parser.c:7: ../drivers/net/intel/cpfl/cpfl_ethdev.h:333:13: note: 'vsi_id' was declared here 333 | u16 vsi_id; | ^~~~~~ cc1: all warnings being treated as errors ninja: build stopped: subcommand failed. ==== End log output ==== Fedora Linux 42 Kernel: 5.4 Compiler: gcc gcc (GCC) 15.2.1 20250808 (Red Hat 15.2.1-1) Fedora Linux 41 Kernel: 5.4 Compiler: gcc gcc (GCC) 14.3.1 20250523 (Red Hat 14.3.1-1) CentOS Stream 10 Kernel: 5.4 Compiler: gcc gcc (GCC) 14.2.1 20250110 (Red Hat 14.2.1-8) Fedora Linux 40 Kernel: 5.4 Compiler: clang gcc (GCC) 14.2.1 20240912 (Red Hat 14.2.1-3) Ubuntu 22.04 Kernel: 5.15 Compiler: gcc gcc (Ubuntu 11.4.0-1ubuntu1~22.04.2) 11.4.0 Ubuntu 24.04 Kernel: 5.4 Compiler: gcc gcc (Ubuntu 13.3.0-6ubuntu2~24.04) 13.3.0 Debian GNU/Linux 12 Kernel: 5.4 Compiler: gcc gcc (Debian 12.2.0-14+deb12u1) 12.2.0 CentOS Stream 9 Kernel: 5.4 Compiler: gcc gcc (GCC) 11.5.0 20240719 (Red Hat 11.5.0-11) Ubuntu 20.04 Kernel: 5.4 Compiler: gcc gcc (Ubuntu 9.4.0-1ubuntu1~20.04.2) 9.4.0 Red Hat Enterprise Linux 9.5 Kernel: 5.4 Compiler: gcc gcc (GCC) 11.5.0 20240719 (Red Hat 11.5.0-2) Debian 12 (arm) Kernel: Depends on container host Compiler: gcc (Debian 12.2.0-14) 12.2.0 To view detailed results, visit: https://lab.dpdk.org/results/dashboard/patchsets/34117/ UNH-IOL DPDK Community Lab To manage your email subscriptions, visit: https://lab.dpdk.org/results/dashboard/preferences/subscriptions/