From mboxrd@z Thu Jan 1 00:00:00 1970 Return-Path: Received: from mails.dpdk.org (mails.dpdk.org [217.70.189.124]) by inbox.dpdk.org (Postfix) with ESMTP id 6D2A346F4A for ; Mon, 22 Sep 2025 09:32:58 +0200 (CEST) Received: from mails.dpdk.org (localhost [127.0.0.1]) by mails.dpdk.org (Postfix) with ESMTP id 5E8FD4060A; Mon, 22 Sep 2025 09:32:58 +0200 (CEST) Received: from mail-pl1-f228.google.com (mail-pl1-f228.google.com [209.85.214.228]) by mails.dpdk.org (Postfix) with ESMTP id A640B4060A for ; Mon, 22 Sep 2025 09:32:57 +0200 (CEST) Received: by mail-pl1-f228.google.com with SMTP id d9443c01a7336-26a0a694ea8so23265915ad.3 for ; Mon, 22 Sep 2025 00:32:57 -0700 (PDT) DKIM-Signature: v=1; a=rsa-sha256; c=relaxed/relaxed; d=iol.unh.edu; s=unh-iol; t=1758526377; x=1759131177; darn=dpdk.org; h=references:in-reply-to:cc:to:from:subject:message-id:date:from:to :cc:subject:date:message-id:reply-to; bh=PTJEibeiNWzaNXzSSuTEc/BoBbSr8jgNst8FZKyAV9Q=; b=FpKCy9NlwMNdji7rGbcEX/WeLi37RWuAUDgfd+pPfNjwkQDr8ApAG+cU7cEjQ5j1Rr 6/tzrPlxMbPNq2ep1dvA7k0AW/tQnc1qe3xHrhF1+o73RYeNHfS+9yNZ7zk3e0laayFz PaKT9mbqG6idZ6fotpSY1OE3o4Dv1WoTjvy2s= X-Google-DKIM-Signature: v=1; a=rsa-sha256; c=relaxed/relaxed; d=1e100.net; s=20230601; t=1758526377; x=1759131177; h=references:in-reply-to:cc:to:from:subject:message-id:date :x-gm-message-state:from:to:cc:subject:date:message-id:reply-to; bh=PTJEibeiNWzaNXzSSuTEc/BoBbSr8jgNst8FZKyAV9Q=; b=Pz2fBtBNBo4VvkkM8OE+HBQmiH+hUTqRepL2QZl1tHcxZIxDX3u7tKGmb0E6hYbblI 3a9GdhdqlK7gCftjfVZai/2Vi79yCTZiUFcfCCtaZIgcWYIF2we9EG8HT6DGyV7T/Jda wf7TkMxfKdGX90zP8fwUlwTaTPZPAsEIhHE8iLu+VCIshweYG4ph14pppU8he11dv/n5 o6rxAMchhSfE/my28rqxg1iGPBQ9Wu6S0NixGDoFBnBSf3eY1I6lwSiWbQvH8WVxo1lu GyPfQWrzBZCFlS/PdDQz7V+CFyq0wkOjCIg/n0dEKouTUng+c4kFWIQHOf5i5luA6DTx CPSA== X-Gm-Message-State: AOJu0YzjPgp31UMm2vxOf4SAWGwtIhtsQA70aJrHrVOiLphj8+qxutv0 JPgfW2TDkV6Or8dBjACclB9YwNKF57bHlnvvKeMiU0ZzN4flA20oWFRZW4OVOOwZlwQRm87YQkE Da973JTNarUoirKjTR1NKuJ/uJm2YzDikxq5Fb5fWux4w X-Gm-Gg: ASbGncvijoJYiqFosHveyi4rNfYMbh9VCDDVwoqgoAhjiRFnpm38lupgX6frVrhVf+j p51VvNcQNHG9AcQMkV3b/B18y3AIyOSWQM7s/bdRLFPYWU+rNxloOwrKxcYFztzVTLsMnuIFjSo 7lUV/9pYOjZFDdcHjl5aId4X7EK98k0YxU4xdDfktkoE8umFLqaJLSHW2J2N66tZEmvYqRmO2bw VJvGy3U5gYOAVKNhlIMCO63ywJL0UxsiTXUXWR8yvjmxQU/xveLouz8Bmayb2d9K/UgxR40EgLb MWYXMGjW1Oc1hM/JLadQoyZuts3kqJnaYAfGBCiev0bRVf3LBwYJ08S5ZoH9gv4TwyiFOw9P X-Google-Smtp-Source: AGHT+IERqEtsxkklaO5SXFqW4RoOv/syiB5ab214otfYtkrvUTkkiE0ySruAgBN/R6iq7AnqFuI4rO/0Ufy+ X-Received: by 2002:a17:903:4b04:b0:268:14d2:8748 with SMTP id d9443c01a7336-269ba51ed09mr139345055ad.44.1758526376780; Mon, 22 Sep 2025 00:32:56 -0700 (PDT) Received: from postal.iol.unh.edu (postal.iol.unh.edu. [132.177.123.84]) by smtp-relay.gmail.com with ESMTPS id d9443c01a7336-269802c1122sm8178095ad.69.2025.09.22.00.32.56 (version=TLS1_2 cipher=ECDHE-ECDSA-AES128-GCM-SHA256 bits=128/128); Mon, 22 Sep 2025 00:32:56 -0700 (PDT) X-Relaying-Domain: iol.unh.edu Date: Mon, 22 Sep 2025 00:32:56 -0700 (PDT) Message-ID: <68d0fba8.170a0220.43a9a.45d4SMTPIN_ADDED_MISSING@mx.google.com> Received: from [172.21.0.3] (unknown [172.18.0.240]) by postal.iol.unh.edu (Postfix) with ESMTP id 115A86051830; Mon, 22 Sep 2025 03:32:56 -0400 (EDT) Subject: |FAILURE| pw156798-156801 [PATCH] [4/4] net/cpfl: add cpchnl get vpo From: dpdklab@iol.unh.edu To: Test Report Cc: dpdk-test-reports@iol.unh.edu, Bruce Richardson , "Shetty, Praveen" In-Reply-To: <20250922094819.1350709-5-praveen.shetty@intel.com> References: <20250922094819.1350709-5-praveen.shetty@intel.com> Content-Type: text/plain X-BeenThere: test-report@dpdk.org X-Mailman-Version: 2.1.29 Precedence: list List-Id: automatic DPDK test reports List-Unsubscribe: , List-Archive: List-Post: List-Help: List-Subscribe: , Errors-To: test-report-bounces@dpdk.org Test-Label: iol-unit-amd64-testing Test-Status: FAILURE http://dpdk.org/patch/156801 _Testing issues_ Submitter: Shetty, Praveen Date: Monday, September 22 2025 09:48:19 DPDK git baseline: Repo:dpdk-next-net-intel Branch: master CommitID:4159ea62922ce41566c7bab44655ad78bee85458 156798-156801 --> testing issues Upstream job id: Generic-Unit-Test-DPDK#373745 Test environment and result as below: +-------------------------------+----------------+ | Environment | dpdk_unit_test | +===============================+================+ | Debian GNU/Linux 12 | WARN | +-------------------------------+----------------+ | Fedora Linux 40 | PEND | +-------------------------------+----------------+ | CentOS Stream 9 | WARN | +-------------------------------+----------------+ | Fedora Linux 42 | WARN | +-------------------------------+----------------+ | Fedora Linux 41 | PEND | +-------------------------------+----------------+ | CentOS Stream 10 | WARN | +-------------------------------+----------------+ | Ubuntu 20.04 | FAIL | +-------------------------------+----------------+ | Red Hat Enterprise Linux 8.10 | PEND | +-------------------------------+----------------+ | Red Hat Enterprise Linux 9.5 | PEND | +-------------------------------+----------------+ | Ubuntu 24.04 | PEND | +-------------------------------+----------------+ | Ubuntu 22.04 | PEND | +-------------------------------+----------------+ | Windows Server 2022 | PASS | +-------------------------------+----------------+ ==== Unit test summary for Ubuntu 20.04 (dpdk_unit_test): ==== Failed to get the unit test results. Displaying the unit test results is not supported for some environments, such as our aarch32 testing, where meson is not used to run the tests. Download the logs available on our CI site. ==== End log output ==== Debian GNU/Linux 12 Kernel: 5.15 Compiler: gcc gcc (Debian 12.2.0-14+deb12u1) 12.2.0 Fedora Linux 40 Kernel: 5.15 Compiler: gcc gcc (GCC) 14.2.1 20240912 (Red Hat 14.2.1-3) CentOS Stream 9 Kernel: 5.15 Compiler: gcc gcc (GCC) 11.5.0 20240719 (Red Hat 11.5.0-11) Fedora Linux 42 Kernel: 5.15 Compiler: clang gcc (GCC) 15.2.1 20250808 (Red Hat 15.2.1-1) Fedora Linux 41 Kernel: 5.15 Compiler: gcc gcc (GCC) 14.3.1 20250523 (Red Hat 14.3.1-1) CentOS Stream 10 Kernel: 5.15 Compiler: gcc gcc (GCC) 14.2.1 20250110 (Red Hat 14.2.1-8) Ubuntu 20.04 Kernel: 5.15 Compiler: gcc gcc (Ubuntu 9.4.0-1ubuntu1~20.04.2) 9.4.0 Red Hat Enterprise Linux 8.10 Kernel: 5.15 Compiler: gcc gcc (GCC) 8.5.0 20210514 (Red Hat 8.5.0-22) Red Hat Enterprise Linux 9.5 Kernel: 5.15 Compiler: gcc gcc (GCC) 11.5.0 20240719 (Red Hat 11.5.0-2) Ubuntu 24.04 Kernel: 5.15 Compiler: gcc gcc (Ubuntu 13.3.0-6ubuntu2~24.04) 13.3.0 Ubuntu 22.04 Kernel: 5.15 Compiler: gcc gcc (Ubuntu 11.4.0-1ubuntu1~22.04) 11.4.0 Windows Server 2022 Kernel: 10.0.20348.2031 Compiler: clang 15.0.7, gcc 14.1.0 (MinGW), and MSVC VS 19.39.33521 To view detailed results, visit: https://lab.dpdk.org/results/dashboard/patchsets/34117/ UNH-IOL DPDK Community Lab To manage your email subscriptions, visit: https://lab.dpdk.org/results/dashboard/preferences/subscriptions/