From mboxrd@z Thu Jan 1 00:00:00 1970 Return-Path: Received: from mails.dpdk.org (mails.dpdk.org [217.70.189.124]) by inbox.dpdk.org (Postfix) with ESMTP id AE2E946F4A for ; Mon, 22 Sep 2025 09:34:18 +0200 (CEST) Received: from mails.dpdk.org (localhost [127.0.0.1]) by mails.dpdk.org (Postfix) with ESMTP id A8F4A4060A; Mon, 22 Sep 2025 09:34:18 +0200 (CEST) Received: from mail-qt1-f227.google.com (mail-qt1-f227.google.com [209.85.160.227]) by mails.dpdk.org (Postfix) with ESMTP id 826BD4060A for ; Mon, 22 Sep 2025 09:34:17 +0200 (CEST) Received: by mail-qt1-f227.google.com with SMTP id d75a77b69052e-4b7abed161bso48829331cf.3 for ; Mon, 22 Sep 2025 00:34:17 -0700 (PDT) DKIM-Signature: v=1; a=rsa-sha256; c=relaxed/relaxed; d=iol.unh.edu; s=unh-iol; t=1758526457; x=1759131257; darn=dpdk.org; h=references:in-reply-to:cc:to:from:subject:message-id:date:from:to :cc:subject:date:message-id:reply-to; bh=wetAKPb73IGzoPgoU23admWBiXVvqjkIiKueCE18STk=; b=i4mCWrF7OmAp6yzfsCQWyyI/LJDZ39FKKpvVyS36TENNH1PB1aojBCVgr5yRSBySmL I97Kwfgq6pLvosCUZCc+/JS6Usq7lClfFx9DTJj/1Ya/60q2OepIKs6v1Bim3Do82nvT TsUhJcNVGI4xwr49o6Z5fXVbQnsru1J/mzX88= X-Google-DKIM-Signature: v=1; a=rsa-sha256; c=relaxed/relaxed; d=1e100.net; s=20230601; t=1758526457; x=1759131257; h=references:in-reply-to:cc:to:from:subject:message-id:date :x-gm-message-state:from:to:cc:subject:date:message-id:reply-to; bh=wetAKPb73IGzoPgoU23admWBiXVvqjkIiKueCE18STk=; b=fnkINheQ0+joBkRVK6IUquwf5sl21hclgtfzgQDm43vBdS+jR9D1UXuLym9pzmXWUe Rxiz9bw/l+0mNWWB/AizUU6Z4gJeGPz4yktf+PblH2jVEPjQXGuaxGNQb4aUSY2FTyR3 VEs6giaEn4KglLlaNWgXRUeYqyducBM2aYB8UgRQRwUHZYDSWC6kQluO1Gw41mbMVypA SurFJvEBVKdR8QLPMW1aY0X26P7YIYNeXabZIM0r5EHK0q1abVT/s60dAcLdTLzgVTCq KZxr/8wJuCQtvYkxL8TxTsd+kn3SFMqIBf7m2Sk05H/zG7EfoGChebizMWx1tnjgLfvs v3kA== X-Gm-Message-State: AOJu0YzBJ1730kzvY7zy8/YJflk3VjoJOqFZs6LFaZoEg/ZtApWd4GOk Tkt3D7lpENkDYsa5WSpiboAT9KWFTm26WUBfBkeI0TazTHLt0Ff41KZpSkE5Qoq8ZjYpMXLZoGG SNxWvTCK6lVgl2/med/G27KMT0UeLiURIk8BQsN6lokq28IseUgKJvx/+8NQm X-Gm-Gg: ASbGnctAFbnsW1dy204aPQn/W18FLknXNGNoXpS5QhVfmvBtZqaB62TaKSvCMNW4/Pi Qqb+6GvBpqVQFYThDS75OVT++KaFwngLKBO4wicIIBJbGR4d7tsZgr/6c8SHu78kAXkBHFpOdHz siIzbSqLAsrYOIdzS9sBfCFPCYFTfCxiSLoweQycbeh56dMtF90gjyBm9ttOpIGhs0MbUjgZgTz bUTBrY51vmwqxwhwrd3sLHUPdBhOT1OCDAW1ze0tOEC43WFOLM02iYcM+d7nEZkfvn4ybUNa8Uo 4fUqktUpI6NR0V54OAUN/nEYX/moZbABHeaphN2im/stTs+kwg== X-Google-Smtp-Source: AGHT+IFhNjQRQHf9iJRxCExgF0fRu6wgrfb5eVCipERt1XzfV3YGaaTjs8YdTAdPUKAoRb99n86jxZs4WlbB X-Received: by 2002:a05:622a:2a17:b0:4cf:dc5c:8c79 with SMTP id d75a77b69052e-4cfdc5c901cmr4247741cf.60.1758526456703; Mon, 22 Sep 2025 00:34:16 -0700 (PDT) Received: from postal.iol.unh.edu (postal.iol.unh.edu. [2606:4100:3880:1234::84]) by smtp-relay.gmail.com with ESMTPS id d75a77b69052e-4bda5ed2fa5sm2320811cf.12.2025.09.22.00.34.16 (version=TLS1_2 cipher=ECDHE-ECDSA-AES128-GCM-SHA256 bits=128/128); Mon, 22 Sep 2025 00:34:16 -0700 (PDT) X-Relaying-Domain: iol.unh.edu Date: Mon, 22 Sep 2025 00:34:16 -0700 (PDT) Message-ID: <68d0fbf8.050a0220.1f9621.ed29SMTPIN_ADDED_MISSING@mx.google.com> Received: from [172.21.0.2] (unknown [172.18.0.240]) by postal.iol.unh.edu (Postfix) with ESMTP id 6AEDF6051830; Mon, 22 Sep 2025 03:34:16 -0400 (EDT) Subject: |FAILURE| pw156798-156801 [PATCH] [4/4] net/cpfl: add cpchnl get vpo From: dpdklab@iol.unh.edu To: Test Report Cc: dpdk-test-reports@iol.unh.edu, Bruce Richardson , "Shetty, Praveen" In-Reply-To: <20250922094819.1350709-5-praveen.shetty@intel.com> References: <20250922094819.1350709-5-praveen.shetty@intel.com> Content-Type: text/plain X-BeenThere: test-report@dpdk.org X-Mailman-Version: 2.1.29 Precedence: list List-Id: automatic DPDK test reports List-Unsubscribe: , List-Archive: List-Post: List-Help: List-Subscribe: , Errors-To: test-report-bounces@dpdk.org Test-Label: iol-unit-amd64-testing Test-Status: FAILURE http://dpdk.org/patch/156801 _Testing issues_ Submitter: Shetty, Praveen Date: Monday, September 22 2025 09:48:19 DPDK git baseline: Repo:dpdk-next-net-intel Branch: master CommitID:4159ea62922ce41566c7bab44655ad78bee85458 156798-156801 --> testing issues Upstream job id: Generic-Unit-Test-DPDK#373747 Test environment and result as below: +-------------------------------+----------------+ | Environment | dpdk_unit_test | +===============================+================+ | Debian GNU/Linux 12 | WARN | +-------------------------------+----------------+ | Fedora Linux 40 | PEND | +-------------------------------+----------------+ | CentOS Stream 9 | WARN | +-------------------------------+----------------+ | Fedora Linux 42 | WARN | +-------------------------------+----------------+ | Fedora Linux 41 | PEND | +-------------------------------+----------------+ | CentOS Stream 10 | WARN | +-------------------------------+----------------+ | Ubuntu 20.04 | FAIL | +-------------------------------+----------------+ | Red Hat Enterprise Linux 8.10 | WARN | +-------------------------------+----------------+ | Red Hat Enterprise Linux 9.5 | PEND | +-------------------------------+----------------+ | Ubuntu 24.04 | PEND | +-------------------------------+----------------+ | Ubuntu 22.04 | PEND | +-------------------------------+----------------+ | Windows Server 2022 | PASS | +-------------------------------+----------------+ ==== 20 line log output for Red Hat Enterprise Linux 8.10 (dpdk_unit_test): ==== ../drivers/net/intel/cpfl/cpfl_flow_parser.h:303:2: error: 'vsi_id' may be used uninitialized in this function [-Werror=maybe-uninitialized] memcpy(&meta->chunks[type].data[offset], &data, sizeof(uint16_t)); ^~~~~~~~~~~~~~~~~~~~~~~~~~~~~~~~~~~~~~~~~~~~~~~~~~~~~~~~~~~~~~~~~ In file included from ../drivers/net/intel/cpfl/cpfl_flow_parser.h:7, from ../drivers/net/intel/cpfl/cpfl_flow_parser.c:7: ../drivers/net/intel/cpfl/cpfl_ethdev.h:333:6: note: 'vsi_id' was declared here u16 vsi_id; ^~~~~~ In file included from ../drivers/net/intel/cpfl/cpfl_flow_parser.c:7: ../drivers/net/intel/cpfl/cpfl_flow_parser.c: In function 'cpfl_metadata_write_vsi': ../drivers/net/intel/cpfl/cpfl_flow_parser.h:303:2: error: 'vsi_id' may be used uninitialized in this function [-Werror=maybe-uninitialized] memcpy(&meta->chunks[type].data[offset], &data, sizeof(uint16_t)); ^~~~~~~~~~~~~~~~~~~~~~~~~~~~~~~~~~~~~~~~~~~~~~~~~~~~~~~~~~~~~~~~~ In file included from ../drivers/net/intel/cpfl/cpfl_flow_parser.h:7, from ../drivers/net/intel/cpfl/cpfl_flow_parser.c:7: ../drivers/net/intel/cpfl/cpfl_ethdev.h:333:6: note: 'vsi_id' was declared here u16 vsi_id; ^~~~~~ cc1: all warnings being treated as errors ninja: build stopped: subcommand failed. ==== End log output ==== Debian GNU/Linux 12 Kernel: 5.15 Compiler: gcc gcc (Debian 12.2.0-14+deb12u1) 12.2.0 Fedora Linux 40 Kernel: 5.15 Compiler: gcc gcc (GCC) 14.2.1 20240912 (Red Hat 14.2.1-3) CentOS Stream 9 Kernel: 5.15 Compiler: gcc gcc (GCC) 11.5.0 20240719 (Red Hat 11.5.0-11) Fedora Linux 42 Kernel: 5.15 Compiler: clang gcc (GCC) 15.2.1 20250808 (Red Hat 15.2.1-1) Fedora Linux 41 Kernel: 5.15 Compiler: gcc gcc (GCC) 14.3.1 20250523 (Red Hat 14.3.1-1) CentOS Stream 10 Kernel: 5.15 Compiler: gcc gcc (GCC) 14.2.1 20250110 (Red Hat 14.2.1-8) Ubuntu 20.04 Kernel: 5.15 Compiler: gcc gcc (Ubuntu 9.4.0-1ubuntu1~20.04.2) 9.4.0 Red Hat Enterprise Linux 8.10 Kernel: 5.15 Compiler: gcc gcc (GCC) 8.5.0 20210514 (Red Hat 8.5.0-22) Red Hat Enterprise Linux 9.5 Kernel: 5.15 Compiler: gcc gcc (GCC) 11.5.0 20240719 (Red Hat 11.5.0-2) Ubuntu 24.04 Kernel: 5.15 Compiler: gcc gcc (Ubuntu 13.3.0-6ubuntu2~24.04) 13.3.0 Ubuntu 22.04 Kernel: 5.15 Compiler: gcc gcc (Ubuntu 11.4.0-1ubuntu1~22.04) 11.4.0 Windows Server 2022 Kernel: 10.0.20348.2031 Compiler: clang 15.0.7, gcc 14.1.0 (MinGW), and MSVC VS 19.39.33521 To view detailed results, visit: https://lab.dpdk.org/results/dashboard/patchsets/34117/ UNH-IOL DPDK Community Lab To manage your email subscriptions, visit: https://lab.dpdk.org/results/dashboard/preferences/subscriptions/