From mboxrd@z Thu Jan 1 00:00:00 1970 Return-Path: Received: from mails.dpdk.org (mails.dpdk.org [217.70.189.124]) by inbox.dpdk.org (Postfix) with ESMTP id D3D0846F4A for ; Mon, 22 Sep 2025 09:35:33 +0200 (CEST) Received: from mails.dpdk.org (localhost [127.0.0.1]) by mails.dpdk.org (Postfix) with ESMTP id CA9894060A; Mon, 22 Sep 2025 09:35:33 +0200 (CEST) Received: from mail-il1-f226.google.com (mail-il1-f226.google.com [209.85.166.226]) by mails.dpdk.org (Postfix) with ESMTP id 7CE514060A for ; Mon, 22 Sep 2025 09:35:32 +0200 (CEST) Received: by mail-il1-f226.google.com with SMTP id e9e14a558f8ab-42575d462cfso4516845ab.2 for ; Mon, 22 Sep 2025 00:35:32 -0700 (PDT) DKIM-Signature: v=1; a=rsa-sha256; c=relaxed/relaxed; d=iol.unh.edu; s=unh-iol; t=1758526532; x=1759131332; darn=dpdk.org; h=references:in-reply-to:cc:to:from:subject:message-id:date:from:to :cc:subject:date:message-id:reply-to; bh=QUoh/CHYKv5RzqjC5O7BKmfnUWXJh+8hWTU9PdJ1q0U=; b=CDk9l/O5sv30nIH7QUpNL3xoypsWXspP+umhwNWo/dVb3H/IutdhjiTKcYJattRIm+ kVm+GFBcCoKk/BAULrSkEIgaJluffLrzsHSnQI1wvApOb51EsAGhZVZU1ViL7EBPlLbg 0oQvPVkIVak3eaY8M8hOJNnm4uIGVOuGWAm1o= X-Google-DKIM-Signature: v=1; a=rsa-sha256; c=relaxed/relaxed; d=1e100.net; s=20230601; t=1758526532; x=1759131332; h=references:in-reply-to:cc:to:from:subject:message-id:date :x-gm-message-state:from:to:cc:subject:date:message-id:reply-to; bh=QUoh/CHYKv5RzqjC5O7BKmfnUWXJh+8hWTU9PdJ1q0U=; b=lTwMklr/bpIHzL/5q4lNl2KkMZnDmUKJwf4MlMelZF7mJemzvSDJ3BO4pArkKQUCjO JNmA04klm1QvqFzKt2GQLlZnAtSvmm0otRwyTVyzPEgeSO+fUFUf4y8qqBAewrg0fy2v 3b66EBQO0HsudY7r9/Dt2av5iGG59/o6Spf54pDXW2c1pIt/u7+81d8xHe1rYgx+yCxN mY6udIgrVWsySMAXj8OGhxHGa4nSR1giVnirTS4gNiP7JEK9C+XX+MqQ+wufdKL4BqCz 9iNXbgzWONV9dVLuk48Gw4zm6ZdBlCNabOou+lscgGendZZPjRkylQqU8itJchtDXtG3 VXeQ== X-Gm-Message-State: AOJu0YxYJcPj/7zGC3dIjA+nhDz7XCG85gpBwzfBMssAezZ/5HpY3RrG wO2/gdNDg478uEDveGmUauP45RsFxLEVODOrfCZVVNxGoaJoDSUr1+RlH7Bp6XhiXcm5hiVtl6i ZSz/k1izniGh2jpmpTMvWnykG/s3qOohP5Zt+VI5EcwLlItdeZWiFLUQBmrlm X-Gm-Gg: ASbGncucIgLisxd1Wf10b11X+23EtNowtCDeEWECEKVSxxHSQKy4eV8ciyAP72jfoim CCvkis0fVJ3xaJMOb1/ILL3Tq23cvppsPf67M+BTLQKFa0JhsY+7so5fS0nd02iYvaPrBCWUiEW 4YA34vH2jJKPoN+2ZoHF7klsLMLnU0S94Et9bPTB1FLfj90pC7W1zRhaoAKG4Ixy7Z48dADW3NI c9hZjCRK+QypiM5CNrWOM7oSfnW5OKas2i9leXoH8K7pqij3ZH7ESLG03NxfbmsT/+G2Rj1B7RC JKkXqMdjYBVDcqZPokNnuLlPYz+OFVmEszYAXMhB+imnes4LzA== X-Google-Smtp-Source: AGHT+IG5FF57XcQWH2xpGYaZuaNeJpAMJPTR/riiSXRWR7fQN7XPMtTsLUB2d5mTI5bWmMfn/o807oErhy5R X-Received: by 2002:a05:6e02:2782:b0:420:f97:7446 with SMTP id e9e14a558f8ab-4248198b58dmr172379335ab.22.1758526531758; Mon, 22 Sep 2025 00:35:31 -0700 (PDT) Received: from postal.iol.unh.edu (postal.iol.unh.edu. [2606:4100:3880:1234::84]) by smtp-relay.gmail.com with ESMTPS id 8926c6da1cb9f-53d56c58a43sm634297173.49.2025.09.22.00.35.31 (version=TLS1_2 cipher=ECDHE-ECDSA-AES128-GCM-SHA256 bits=128/128); Mon, 22 Sep 2025 00:35:31 -0700 (PDT) X-Relaying-Domain: iol.unh.edu Date: Mon, 22 Sep 2025 00:35:31 -0700 (PDT) Message-ID: <68d0fc43.050a0220.1cdf70.9101SMTPIN_ADDED_MISSING@mx.google.com> Received: from [172.21.0.2] (unknown [172.18.0.240]) by postal.iol.unh.edu (Postfix) with ESMTP id 51AA56051830; Mon, 22 Sep 2025 03:35:31 -0400 (EDT) Subject: |FAILURE| pw156798-156801 [PATCH] [4/4] net/cpfl: add cpchnl get vpo From: dpdklab@iol.unh.edu To: Test Report Cc: dpdk-test-reports@iol.unh.edu, Bruce Richardson , "Shetty, Praveen" In-Reply-To: <20250922094819.1350709-5-praveen.shetty@intel.com> References: <20250922094819.1350709-5-praveen.shetty@intel.com> Content-Type: text/plain X-BeenThere: test-report@dpdk.org X-Mailman-Version: 2.1.29 Precedence: list List-Id: automatic DPDK test reports List-Unsubscribe: , List-Archive: List-Post: List-Help: List-Subscribe: , Errors-To: test-report-bounces@dpdk.org Test-Label: iol-unit-amd64-testing Test-Status: FAILURE http://dpdk.org/patch/156801 _Testing issues_ Submitter: Shetty, Praveen Date: Monday, September 22 2025 09:48:19 DPDK git baseline: Repo:dpdk-next-net-intel Branch: master CommitID:4159ea62922ce41566c7bab44655ad78bee85458 156798-156801 --> testing issues Upstream job id: Generic-Unit-Test-DPDK#373748 Test environment and result as below: +-------------------------------+----------------+ | Environment | dpdk_unit_test | +===============================+================+ | Debian GNU/Linux 12 | WARN | +-------------------------------+----------------+ | Fedora Linux 40 | PEND | +-------------------------------+----------------+ | CentOS Stream 9 | WARN | +-------------------------------+----------------+ | Fedora Linux 42 | WARN | +-------------------------------+----------------+ | Fedora Linux 41 | PEND | +-------------------------------+----------------+ | CentOS Stream 10 | WARN | +-------------------------------+----------------+ | Ubuntu 20.04 | FAIL | +-------------------------------+----------------+ | Red Hat Enterprise Linux 8.10 | WARN | +-------------------------------+----------------+ | Red Hat Enterprise Linux 9.5 | WARN | +-------------------------------+----------------+ | Ubuntu 24.04 | PEND | +-------------------------------+----------------+ | Ubuntu 22.04 | PEND | +-------------------------------+----------------+ | Windows Server 2022 | PASS | +-------------------------------+----------------+ ==== 20 line log output for Red Hat Enterprise Linux 9.5 (dpdk_unit_test): ==== ../drivers/net/intel/cpfl/cpfl_flow_parser.h:303:9: error: 'vsi_id' may be used uninitialized in this function [-Werror=maybe-uninitialized] 303 | memcpy(&meta->chunks[type].data[offset], &data, sizeof(uint16_t)); | ^~~~~~~~~~~~~~~~~~~~~~~~~~~~~~~~~~~~~~~~~~~~~~~~~~~~~~~~~~~~~~~~~ In file included from ../drivers/net/intel/cpfl/cpfl_flow_parser.h:7, from ../drivers/net/intel/cpfl/cpfl_flow_parser.c:7: ../drivers/net/intel/cpfl/cpfl_ethdev.h:333:13: note: 'vsi_id' was declared here 333 | u16 vsi_id; | ^~~~~~ In file included from ../drivers/net/intel/cpfl/cpfl_flow_parser.c:7: ../drivers/net/intel/cpfl/cpfl_flow_parser.c: In function 'cpfl_metadata_write_vsi': ../drivers/net/intel/cpfl/cpfl_flow_parser.h:303:9: error: 'vsi_id' may be used uninitialized in this function [-Werror=maybe-uninitialized] 303 | memcpy(&meta->chunks[type].data[offset], &data, sizeof(uint16_t)); | ^~~~~~~~~~~~~~~~~~~~~~~~~~~~~~~~~~~~~~~~~~~~~~~~~~~~~~~~~~~~~~~~~ In file included from ../drivers/net/intel/cpfl/cpfl_flow_parser.h:7, from ../drivers/net/intel/cpfl/cpfl_flow_parser.c:7: ../drivers/net/intel/cpfl/cpfl_ethdev.h:333:13: note: 'vsi_id' was declared here 333 | u16 vsi_id; | ^~~~~~ cc1: all warnings being treated as errors ninja: build stopped: subcommand failed. ==== End log output ==== Debian GNU/Linux 12 Kernel: 5.15 Compiler: gcc gcc (Debian 12.2.0-14+deb12u1) 12.2.0 Fedora Linux 40 Kernel: 5.15 Compiler: gcc gcc (GCC) 14.2.1 20240912 (Red Hat 14.2.1-3) CentOS Stream 9 Kernel: 5.15 Compiler: gcc gcc (GCC) 11.5.0 20240719 (Red Hat 11.5.0-11) Fedora Linux 42 Kernel: 5.15 Compiler: clang gcc (GCC) 15.2.1 20250808 (Red Hat 15.2.1-1) Fedora Linux 41 Kernel: 5.15 Compiler: gcc gcc (GCC) 14.3.1 20250523 (Red Hat 14.3.1-1) CentOS Stream 10 Kernel: 5.15 Compiler: gcc gcc (GCC) 14.2.1 20250110 (Red Hat 14.2.1-8) Ubuntu 20.04 Kernel: 5.15 Compiler: gcc gcc (Ubuntu 9.4.0-1ubuntu1~20.04.2) 9.4.0 Red Hat Enterprise Linux 8.10 Kernel: 5.15 Compiler: gcc gcc (GCC) 8.5.0 20210514 (Red Hat 8.5.0-22) Red Hat Enterprise Linux 9.5 Kernel: 5.15 Compiler: gcc gcc (GCC) 11.5.0 20240719 (Red Hat 11.5.0-2) Ubuntu 24.04 Kernel: 5.15 Compiler: gcc gcc (Ubuntu 13.3.0-6ubuntu2~24.04) 13.3.0 Ubuntu 22.04 Kernel: 5.15 Compiler: gcc gcc (Ubuntu 11.4.0-1ubuntu1~22.04) 11.4.0 Windows Server 2022 Kernel: 10.0.20348.2031 Compiler: clang 15.0.7, gcc 14.1.0 (MinGW), and MSVC VS 19.39.33521 To view detailed results, visit: https://lab.dpdk.org/results/dashboard/patchsets/34117/ UNH-IOL DPDK Community Lab To manage your email subscriptions, visit: https://lab.dpdk.org/results/dashboard/preferences/subscriptions/