From mboxrd@z Thu Jan 1 00:00:00 1970 Return-Path: Received: from mails.dpdk.org (mails.dpdk.org [217.70.189.124]) by inbox.dpdk.org (Postfix) with ESMTP id 0CD0346F4A for ; Mon, 22 Sep 2025 09:36:14 +0200 (CEST) Received: from mails.dpdk.org (localhost [127.0.0.1]) by mails.dpdk.org (Postfix) with ESMTP id 06B904060A; Mon, 22 Sep 2025 09:36:14 +0200 (CEST) Received: from mail-pl1-f227.google.com (mail-pl1-f227.google.com [209.85.214.227]) by mails.dpdk.org (Postfix) with ESMTP id 08A924060A for ; Mon, 22 Sep 2025 09:36:13 +0200 (CEST) Received: by mail-pl1-f227.google.com with SMTP id d9443c01a7336-2445826fd9dso47991755ad.3 for ; Mon, 22 Sep 2025 00:36:12 -0700 (PDT) DKIM-Signature: v=1; a=rsa-sha256; c=relaxed/relaxed; d=iol.unh.edu; s=unh-iol; t=1758526572; x=1759131372; darn=dpdk.org; h=references:in-reply-to:cc:to:from:subject:message-id:date:from:to :cc:subject:date:message-id:reply-to; bh=qikPzDFRIkGlBwVy/bs5j6As5VdNCseI5mRp5aYADpI=; b=hMdd1zR8Y/l6dRYGrU1G85BBbYqIHlza8nQFT44O1EIWOCyGe3gTZoippW08NBVAce ezEOFf1EOWrhvq3wQZC9t+UyQ6vjSkpUyubO55ZnvpfSnKic2jdN/87gTyozsT7AqwAY 2x5s+MD/ejgUvemut3C6pcntQ/fShgf/gV/UI= X-Google-DKIM-Signature: v=1; a=rsa-sha256; c=relaxed/relaxed; d=1e100.net; s=20230601; t=1758526572; x=1759131372; h=references:in-reply-to:cc:to:from:subject:message-id:date :x-gm-message-state:from:to:cc:subject:date:message-id:reply-to; bh=qikPzDFRIkGlBwVy/bs5j6As5VdNCseI5mRp5aYADpI=; b=i450nJdvFZntgkb7ZThtcB6soytnZcg4WRLIXKKruidfKhZ8TBhO8+WT+1a5OUcbk2 +mi2bdQIhG7gEx5MIhuDpyRJqUG7nMNlqPoeoe+60se8IruBlXarWBpseGl5V9FO03c0 SPEADXe25I5j7zGZUYuxvZ5OqQCyYeadiAWpC7M46m2ngQXd9CQjGqa7UD3EkpdoFnBP epuTqOMh7gaPewuut1kPabHMYttHuU+CkzP1HfcADu6g9tDvNgK53tWRhGqA2u7PINDw en4jt4tP+n1uKdQRvz1o81Ohw+WtSjv5DhfeajLWGhkQENfHpDdamJYteMXv/Ddrf2/m o92g== X-Gm-Message-State: AOJu0YzFPxDfkmzVFNWgBDTCXsf+FFLFMzDFh4jrM8qb/n5HKgIVKLCM /lFzPiPnjLtcy/QRYC1O1/2Q3CNuvheLdagg56jiJWRT3VCS7UkZAbMY5ZvAVuI94afyrbRP1wO BDX7SVwaMUAToQdRlTNGxofEzGD8U6oGeTg0MA4VtuaX8 X-Gm-Gg: ASbGncuRBgqh2tsZfJHB1u4MNHGOOmcxTBoiI2Hyi/dXoeu42OkFTogRoX6aXuyjT12 s0t+Ra5UouufCC0VtakayF26RPCCFUkoY+IeOeHT+wpYoExgHQRLPbzJNNYQ+EYtBrwNXzctQpf ACOlwCg9okjdwSC6Fi5sU9Hko0jVvjMwkHCEHP/2MnzfGEVd/drX8d8tbeJJkMGZwTQkr2b4BbA CiVO5cYC+vZsZWWoq8bWsKM8EeAfpKOFYHP4nQk3CO+4mpWuIOlqJNAn61sax/+bJ1PujKcQvM6 NmQwq0lBthvO7Ojrxyh96aMWCYh4TLnlEUd2Tqo2Zs/+SBEndidNM16O1UVU7g/jnOyNNUlL X-Google-Smtp-Source: AGHT+IE8+g1HrMN38UDu730OZmjGvZ//PyF7xwkbEH+glUa84be3dVAtvvS1FZD2/nHWdeRZWBFa9SQCwP1P X-Received: by 2002:a17:902:f541:b0:270:8ae3:a6f1 with SMTP id d9443c01a7336-2708ae3a911mr108962295ad.46.1758526572224; Mon, 22 Sep 2025 00:36:12 -0700 (PDT) Received: from postal.iol.unh.edu (postal.iol.unh.edu. [132.177.123.84]) by smtp-relay.gmail.com with ESMTPS id d9443c01a7336-26980277293sm7372355ad.38.2025.09.22.00.36.12 (version=TLS1_2 cipher=ECDHE-ECDSA-AES128-GCM-SHA256 bits=128/128); Mon, 22 Sep 2025 00:36:12 -0700 (PDT) X-Relaying-Domain: iol.unh.edu Date: Mon, 22 Sep 2025 00:36:12 -0700 (PDT) Message-ID: <68d0fc6c.170a0220.26a294.ea36SMTPIN_ADDED_MISSING@mx.google.com> Received: from [172.21.0.2] (unknown [172.18.0.240]) by postal.iol.unh.edu (Postfix) with ESMTP id 7D8FD6051830; Mon, 22 Sep 2025 03:36:11 -0400 (EDT) Subject: |FAILURE| pw156798-156801 [PATCH] [4/4] net/cpfl: add cpchnl get vpo From: dpdklab@iol.unh.edu To: Test Report Cc: dpdk-test-reports@iol.unh.edu, Bruce Richardson , "Shetty, Praveen" In-Reply-To: <20250922094819.1350709-5-praveen.shetty@intel.com> References: <20250922094819.1350709-5-praveen.shetty@intel.com> Content-Type: text/plain X-BeenThere: test-report@dpdk.org X-Mailman-Version: 2.1.29 Precedence: list List-Id: automatic DPDK test reports List-Unsubscribe: , List-Archive: List-Post: List-Help: List-Subscribe: , Errors-To: test-report-bounces@dpdk.org Test-Label: iol-unit-amd64-testing Test-Status: FAILURE http://dpdk.org/patch/156801 _Testing issues_ Submitter: Shetty, Praveen Date: Monday, September 22 2025 09:48:19 DPDK git baseline: Repo:dpdk-next-net-intel Branch: master CommitID:4159ea62922ce41566c7bab44655ad78bee85458 156798-156801 --> testing issues Upstream job id: Generic-Unit-Test-DPDK#373737 Test environment and result as below: +-------------------------------+----------------+ | Environment | dpdk_unit_test | +===============================+================+ | Debian GNU/Linux 12 | WARN | +-------------------------------+----------------+ | Fedora Linux 40 | WARN | +-------------------------------+----------------+ | CentOS Stream 9 | WARN | +-------------------------------+----------------+ | Fedora Linux 42 | WARN | +-------------------------------+----------------+ | Fedora Linux 41 | PEND | +-------------------------------+----------------+ | CentOS Stream 10 | WARN | +-------------------------------+----------------+ | Ubuntu 20.04 | FAIL | +-------------------------------+----------------+ | Red Hat Enterprise Linux 8.10 | WARN | +-------------------------------+----------------+ | Red Hat Enterprise Linux 9.5 | WARN | +-------------------------------+----------------+ | Ubuntu 24.04 | PEND | +-------------------------------+----------------+ | Ubuntu 22.04 | PEND | +-------------------------------+----------------+ | Windows Server 2022 | PASS | +-------------------------------+----------------+ ==== 20 line log output for Red Hat Enterprise Linux 9.5 (dpdk_unit_test): ==== ../drivers/net/intel/cpfl/cpfl_flow_parser.h:303:9: error: 'vsi_id' may be used uninitialized in this function [-Werror=maybe-uninitialized] 303 | memcpy(&meta->chunks[type].data[offset], &data, sizeof(uint16_t)); | ^~~~~~~~~~~~~~~~~~~~~~~~~~~~~~~~~~~~~~~~~~~~~~~~~~~~~~~~~~~~~~~~~ In file included from ../drivers/net/intel/cpfl/cpfl_flow_parser.h:7, from ../drivers/net/intel/cpfl/cpfl_flow_parser.c:7: ../drivers/net/intel/cpfl/cpfl_ethdev.h:333:13: note: 'vsi_id' was declared here 333 | u16 vsi_id; | ^~~~~~ In file included from ../drivers/net/intel/cpfl/cpfl_flow_parser.c:7: ../drivers/net/intel/cpfl/cpfl_flow_parser.c: In function 'cpfl_metadata_write_vsi': ../drivers/net/intel/cpfl/cpfl_flow_parser.h:303:9: error: 'vsi_id' may be used uninitialized in this function [-Werror=maybe-uninitialized] 303 | memcpy(&meta->chunks[type].data[offset], &data, sizeof(uint16_t)); | ^~~~~~~~~~~~~~~~~~~~~~~~~~~~~~~~~~~~~~~~~~~~~~~~~~~~~~~~~~~~~~~~~ In file included from ../drivers/net/intel/cpfl/cpfl_flow_parser.h:7, from ../drivers/net/intel/cpfl/cpfl_flow_parser.c:7: ../drivers/net/intel/cpfl/cpfl_ethdev.h:333:13: note: 'vsi_id' was declared here 333 | u16 vsi_id; | ^~~~~~ cc1: all warnings being treated as errors ninja: build stopped: subcommand failed. ==== End log output ==== Debian GNU/Linux 12 Kernel: 5.15 Compiler: gcc gcc (Debian 12.2.0-14+deb12u1) 12.2.0 Fedora Linux 40 Kernel: 5.15 Compiler: gcc gcc (GCC) 14.2.1 20240912 (Red Hat 14.2.1-3) CentOS Stream 9 Kernel: 5.15 Compiler: gcc gcc (GCC) 11.5.0 20240719 (Red Hat 11.5.0-11) Fedora Linux 42 Kernel: 5.15 Compiler: clang gcc (GCC) 15.2.1 20250808 (Red Hat 15.2.1-1) Fedora Linux 41 Kernel: 5.15 Compiler: gcc gcc (GCC) 14.3.1 20250523 (Red Hat 14.3.1-1) CentOS Stream 10 Kernel: 5.15 Compiler: gcc gcc (GCC) 14.2.1 20250110 (Red Hat 14.2.1-8) Ubuntu 20.04 Kernel: 5.15 Compiler: gcc gcc (Ubuntu 9.4.0-1ubuntu1~20.04.2) 9.4.0 Red Hat Enterprise Linux 8.10 Kernel: 5.15 Compiler: gcc gcc (GCC) 8.5.0 20210514 (Red Hat 8.5.0-22) Red Hat Enterprise Linux 9.5 Kernel: 5.15 Compiler: gcc gcc (GCC) 11.5.0 20240719 (Red Hat 11.5.0-2) Ubuntu 24.04 Kernel: 5.15 Compiler: gcc gcc (Ubuntu 13.3.0-6ubuntu2~24.04) 13.3.0 Ubuntu 22.04 Kernel: 5.15 Compiler: gcc gcc (Ubuntu 11.4.0-1ubuntu1~22.04) 11.4.0 Windows Server 2022 Kernel: 10.0.20348.2031 Compiler: clang 15.0.7, gcc 14.1.0 (MinGW), and MSVC VS 19.39.33521 To view detailed results, visit: https://lab.dpdk.org/results/dashboard/patchsets/34117/ UNH-IOL DPDK Community Lab To manage your email subscriptions, visit: https://lab.dpdk.org/results/dashboard/preferences/subscriptions/