From mboxrd@z Thu Jan 1 00:00:00 1970 Return-Path: Received: from mails.dpdk.org (mails.dpdk.org [217.70.189.124]) by inbox.dpdk.org (Postfix) with ESMTP id 288B346F4A for ; Mon, 22 Sep 2025 09:36:28 +0200 (CEST) Received: from mails.dpdk.org (localhost [127.0.0.1]) by mails.dpdk.org (Postfix) with ESMTP id 1E98E4060A; Mon, 22 Sep 2025 09:36:28 +0200 (CEST) Received: from mail-yb1-f225.google.com (mail-yb1-f225.google.com [209.85.219.225]) by mails.dpdk.org (Postfix) with ESMTP id E347B4060A for ; Mon, 22 Sep 2025 09:36:26 +0200 (CEST) Received: by mail-yb1-f225.google.com with SMTP id 3f1490d57ef6-ea5bdbe191bso2975130276.3 for ; Mon, 22 Sep 2025 00:36:26 -0700 (PDT) DKIM-Signature: v=1; a=rsa-sha256; c=relaxed/relaxed; d=iol.unh.edu; s=unh-iol; t=1758526586; x=1759131386; darn=dpdk.org; h=references:in-reply-to:cc:to:from:subject:message-id:date:from:to :cc:subject:date:message-id:reply-to; bh=NDYW760llvUMCNYdC1daC/e0dJZPD7wKfpf4jhSWTdM=; b=J9CAkQ6tS1ASoXSKKZcXymv1x5WbXaqEZtNC0RlcDChmD3pgIX/ZjcJ9gw+ojhtOB5 b5pFeztnPv/ZPwrMRfdLJcEVPQJl3ydtOqr71b0+1cxHtyvrlQE027dTz03HxbFHGPTR j3jmzDFs4EStHZLfjq0dEFEiKNFWzOkV5Livs= X-Google-DKIM-Signature: v=1; a=rsa-sha256; c=relaxed/relaxed; d=1e100.net; s=20230601; t=1758526586; x=1759131386; h=references:in-reply-to:cc:to:from:subject:message-id:date :x-gm-message-state:from:to:cc:subject:date:message-id:reply-to; bh=NDYW760llvUMCNYdC1daC/e0dJZPD7wKfpf4jhSWTdM=; b=Ynof/qnH2nQLG8adwp9pSKNEagw9O4NeATT36xi7vCdNLV9V2WFmnehRz7Fa/34boE ENClTWTMZeeePpkWMsLcrcFtqXHN4TqoSB2jkClFOzI4AzA2sAcP5Tw/ZpwzKsUSEV1s /ccTuzqG6bbISk1qnrLIOwfKAC54Ks5pRR6oyhRS1N1hsur8N4rVR7X7di+V1QqPLO3y DOQ20cJtkF8Rj6REYdmORpt5i08gMQI2IJMpeVJ33ViinmmfMw8V/qVgq7AEdbwLtQ36 YF6fPsb6ajGadnxWUaev7oBcc0NneDKQhWw2Tb28yaEh1qhAUN5S7GBu8tRWnY3ayXRl VuFg== X-Gm-Message-State: AOJu0Yzd+nKrpR8b0CpP57RAxa2Bv6Xun6w7nWwi9tYSxQYyhJSDyhtY bG3ASCSJ9vcLENtRzXjDMNtgDCIgKPHLw9ndyKkxK11STvZxLTUnQFMFJLDzsUsIB71/Whlr96S kXs+GRuXExfYCskG4i27CxX4QHG6q4xygXbsiFUXWNneJYMrY6psuQusL1ApJ X-Gm-Gg: ASbGncvf4qliYU5kg5kYRqTMlFktNJuqXHssQqkqN+T0WESatejaahzYklpiNQfeI+4 rJ2H8gZj3rNJx3W0bPRNhp6OfmK2CQIbUex1YzX81XfJCOTIeNfi7clQRN3e+bQfjzhjDoeOzPo 8hHnsXDA1k+uUq2mUgusxaTmbgwiAvVaTd8orZ2NzMMMeOlBJp2/gBttzVx8XDLC4OFjNneP2/J qq+Vzj9WmhRgXjZL7J2E9acVycC/zqI/nRU2PWyN8Kn6AOLj8OXrSA1lbQ3SY9Hty2FtW0ADx4b zHOXee30ry3xDNmDQhAV+LbZOo0AIDMoSZPmFx+iQKhrGbMCxA== X-Google-Smtp-Source: AGHT+IEpqdv1q5DKf/Qgz6uvlHsVuCzWefeggWXJOLA7AEFAyVnk44DcrrikpEoPBkCZpihRFXHRy4zG5kAb X-Received: by 2002:a05:6902:400c:b0:ea5:bb6d:68df with SMTP id 3f1490d57ef6-ea899bccc02mr6565018276.6.1758526586278; Mon, 22 Sep 2025 00:36:26 -0700 (PDT) Received: from postal.iol.unh.edu (postal.iol.unh.edu. [2606:4100:3880:1234::84]) by smtp-relay.gmail.com with ESMTPS id 3f1490d57ef6-ea5ce75b9a5sm614080276.6.2025.09.22.00.36.26 (version=TLS1_2 cipher=ECDHE-ECDSA-AES128-GCM-SHA256 bits=128/128); Mon, 22 Sep 2025 00:36:26 -0700 (PDT) X-Relaying-Domain: iol.unh.edu Date: Mon, 22 Sep 2025 00:36:26 -0700 (PDT) Message-ID: <68d0fc7a.250a0220.2d6b30.846fSMTPIN_ADDED_MISSING@mx.google.com> Received: from [172.21.0.2] (unknown [172.18.0.240]) by postal.iol.unh.edu (Postfix) with ESMTP id EB5786051830; Mon, 22 Sep 2025 03:36:25 -0400 (EDT) Subject: |FAILURE| pw156798-156801 [PATCH] [4/4] net/cpfl: add cpchnl get vpo From: dpdklab@iol.unh.edu To: Test Report Cc: dpdk-test-reports@iol.unh.edu, Bruce Richardson , "Shetty, Praveen" In-Reply-To: <20250922094819.1350709-5-praveen.shetty@intel.com> References: <20250922094819.1350709-5-praveen.shetty@intel.com> Content-Type: text/plain X-BeenThere: test-report@dpdk.org X-Mailman-Version: 2.1.29 Precedence: list List-Id: automatic DPDK test reports List-Unsubscribe: , List-Archive: List-Post: List-Help: List-Subscribe: , Errors-To: test-report-bounces@dpdk.org Test-Label: iol-unit-arm64-testing Test-Status: FAILURE http://dpdk.org/patch/156801 _Testing issues_ Submitter: Shetty, Praveen Date: Monday, September 22 2025 09:48:19 DPDK git baseline: Repo:dpdk-next-net-intel Branch: master CommitID:4159ea62922ce41566c7bab44655ad78bee85458 156798-156801 --> testing issues Upstream job id: Generic-Unit-Test-DPDK#373756 Test environment and result as below: +------------------------------+----------------+---------------------------+--------------+------------------------------+ | Environment | dpdk_unit_test | cryptodev_sw_zuc_autotest | lpm_autotest | cryptodev_sw_snow3g_autotest | +==============================+================+===========================+==============+==============================+ | Fedora Linux 42 | PEND | SKIPPED | SKIPPED | SKIPPED | +------------------------------+----------------+---------------------------+--------------+------------------------------+ | Fedora Linux 41 | WARN | SKIPPED | SKIPPED | SKIPPED | +------------------------------+----------------+---------------------------+--------------+------------------------------+ | CentOS Stream 10 | WARN | SKIPPED | SKIPPED | SKIPPED | +------------------------------+----------------+---------------------------+--------------+------------------------------+ | Fedora Linux 40 | WARN | SKIPPED | SKIPPED | SKIPPED | +------------------------------+----------------+---------------------------+--------------+------------------------------+ | Ubuntu 22.04 | WARN | SKIPPED | SKIPPED | SKIPPED | +------------------------------+----------------+---------------------------+--------------+------------------------------+ | Ubuntu 24.04 | WARN | SKIPPED | SKIPPED | SKIPPED | +------------------------------+----------------+---------------------------+--------------+------------------------------+ | Debian GNU/Linux 12 | WARN | SKIPPED | SKIPPED | SKIPPED | +------------------------------+----------------+---------------------------+--------------+------------------------------+ | CentOS Stream 9 | WARN | SKIPPED | SKIPPED | SKIPPED | +------------------------------+----------------+---------------------------+--------------+------------------------------+ | Ubuntu 20.04 | PEND | SKIPPED | PEND | SKIPPED | +------------------------------+----------------+---------------------------+--------------+------------------------------+ | Red Hat Enterprise Linux 9.5 | PEND | SKIPPED | SKIPPED | SKIPPED | +------------------------------+----------------+---------------------------+--------------+------------------------------+ | Debian 12 (arm) | SKIPPED | WARN | SKIPPED | PEND | +------------------------------+----------------+---------------------------+--------------+------------------------------+ ==== 20 line log output for Debian 12 (arm) (cryptodev_sw_zuc_autotest): ==== In function 'cpfl_metadata_write16', inlined from 'cpfl_metadata_write_sourcevsi' at ../drivers/net/intel/cpfl/cpfl_flow_parser.c:2069:2: ../drivers/net/intel/cpfl/cpfl_flow_parser.h:303:9: error: 'vsi_id' may be used uninitialized [-Werror=maybe-uninitialized] 303 | memcpy(&meta->chunks[type].data[offset], &data, sizeof(uint16_t)); | ^~~~~~~~~~~~~~~~~~~~~~~~~~~~~~~~~~~~~~~~~~~~~~~~~~~~~~~~~~~~~~~~~ ../drivers/net/intel/cpfl/cpfl_ethdev.h: In function 'cpfl_metadata_write_sourcevsi': ../drivers/net/intel/cpfl/cpfl_ethdev.h:333:13: note: 'vsi_id' was declared here 333 | u16 vsi_id; | ^~~~~~ In function 'cpfl_metadata_write16', inlined from 'cpfl_metadata_write_vsi' at ../drivers/net/intel/cpfl/cpfl_flow_parser.c:2085:2: ../drivers/net/intel/cpfl/cpfl_flow_parser.h:303:9: error: 'vsi_id' may be used uninitialized [-Werror=maybe-uninitialized] 303 | memcpy(&meta->chunks[type].data[offset], &data, sizeof(uint16_t)); | ^~~~~~~~~~~~~~~~~~~~~~~~~~~~~~~~~~~~~~~~~~~~~~~~~~~~~~~~~~~~~~~~~ ../drivers/net/intel/cpfl/cpfl_ethdev.h: In function 'cpfl_metadata_write_vsi': ../drivers/net/intel/cpfl/cpfl_ethdev.h:333:13: note: 'vsi_id' was declared here 333 | u16 vsi_id; | ^~~~~~ cc1: all warnings being treated as errors ninja: build stopped: subcommand failed. ==== End log output ==== Fedora Linux 42 Kernel: 5.4 Compiler: gcc gcc (GCC) 15.2.1 20250808 (Red Hat 15.2.1-1) Fedora Linux 41 Kernel: 5.4 Compiler: gcc gcc (GCC) 14.3.1 20250523 (Red Hat 14.3.1-1) CentOS Stream 10 Kernel: 5.4 Compiler: gcc gcc (GCC) 14.2.1 20250110 (Red Hat 14.2.1-8) Fedora Linux 40 Kernel: 5.4 Compiler: clang gcc (GCC) 14.2.1 20240912 (Red Hat 14.2.1-3) Ubuntu 22.04 Kernel: 5.15 Compiler: gcc gcc (Ubuntu 11.4.0-1ubuntu1~22.04.2) 11.4.0 Ubuntu 24.04 Kernel: 5.4 Compiler: gcc gcc (Ubuntu 13.3.0-6ubuntu2~24.04) 13.3.0 Debian GNU/Linux 12 Kernel: 5.4 Compiler: gcc gcc (Debian 12.2.0-14+deb12u1) 12.2.0 CentOS Stream 9 Kernel: 5.4 Compiler: gcc gcc (GCC) 11.5.0 20240719 (Red Hat 11.5.0-11) Ubuntu 20.04 Kernel: 5.4 Compiler: gcc gcc (Ubuntu 9.4.0-1ubuntu1~20.04.2) 9.4.0 Red Hat Enterprise Linux 9.5 Kernel: 5.4 Compiler: gcc gcc (GCC) 11.5.0 20240719 (Red Hat 11.5.0-2) Debian 12 (arm) Kernel: Depends on container host Compiler: gcc (Debian 12.2.0-14) 12.2.0 To view detailed results, visit: https://lab.dpdk.org/results/dashboard/patchsets/34117/ UNH-IOL DPDK Community Lab To manage your email subscriptions, visit: https://lab.dpdk.org/results/dashboard/preferences/subscriptions/