From mboxrd@z Thu Jan 1 00:00:00 1970 Return-Path: Received: from mails.dpdk.org (mails.dpdk.org [217.70.189.124]) by inbox.dpdk.org (Postfix) with ESMTP id 3CC3946F4A for ; Mon, 22 Sep 2025 09:36:43 +0200 (CEST) Received: from mails.dpdk.org (localhost [127.0.0.1]) by mails.dpdk.org (Postfix) with ESMTP id 352A14060A; Mon, 22 Sep 2025 09:36:43 +0200 (CEST) Received: from mail-pf1-f228.google.com (mail-pf1-f228.google.com [209.85.210.228]) by mails.dpdk.org (Postfix) with ESMTP id 856E44060A for ; Mon, 22 Sep 2025 09:36:41 +0200 (CEST) Received: by mail-pf1-f228.google.com with SMTP id d2e1a72fcca58-77716518125so2037391b3a.3 for ; Mon, 22 Sep 2025 00:36:41 -0700 (PDT) DKIM-Signature: v=1; a=rsa-sha256; c=relaxed/relaxed; d=iol.unh.edu; s=unh-iol; t=1758526601; x=1759131401; darn=dpdk.org; h=references:in-reply-to:cc:to:from:subject:message-id:date:from:to :cc:subject:date:message-id:reply-to; bh=v214HsyjEclGaGFS+dH/O6MSUFVghAn6FLTZvdwCldk=; b=PoxztOW+Czbh54jQFCpjp/SYrGYfazBSlpdMC6K+V1+9I+6Vqi0mPNDWZvSJjfgvpM 5AfDilOPrKr7tXDJ34pRH+sRIun3CJ3pFQTgmBtGkh7e+IIdMj1LjNZkLbfVKE3CWfjO yUqJk9tpw2J7FZWxE/OZYdmeNPSALqcIioKag= X-Google-DKIM-Signature: v=1; a=rsa-sha256; c=relaxed/relaxed; d=1e100.net; s=20230601; t=1758526601; x=1759131401; h=references:in-reply-to:cc:to:from:subject:message-id:date :x-gm-message-state:from:to:cc:subject:date:message-id:reply-to; bh=v214HsyjEclGaGFS+dH/O6MSUFVghAn6FLTZvdwCldk=; b=AfaDhStahPJ5eaPsEGSR7+XU8ghIJUucnCd/boGaUzuKgkTaoBkBDIr3xRe0y0Oc8G YmvBQcxGydM0HkCyb/nf8NJwGdaEbR8Rbqih36dP4ap9y8Eoh76ytKLMBw5n6lOBLQXs UtQMzbQDOd21gcmRVrtU3UM4sVFsEItO7k4PaIsJkFuOQv8ih/bKCplWkVCatRxIEttb 9YFV8Pj34C81Or0bjycixY+VCf4YmfH3KJPJ9Fg1fijSOkU35P1Xi6ublXENyL5dTbrn IApdMs69s+ySWtZvmJtvUTid76loGNZ4LcQZrmngM39/RjqWQrvSz8zbZHwn6maVYpAb /Clw== X-Gm-Message-State: AOJu0YwjwyVij2YmS8XyoNxHU1ER2H978NBs3u5ae11lgCCKejqPy0DE 7fpr+AwimCmO78BI23DQU2aw5DFHBXSiy0LD4OyPS2Y8M2J3gVnyQLRiTLVVkERByDYTLxM2yeh iXK9MDKCq5QSZ1ICZiPc+gtMqNBY1HgCmukqcXihoH6/D X-Gm-Gg: ASbGncue9Sj41bU281JxHYzVJLHc1XQWJKkZnxot8UBmTkvCjEAaI3mEdknlGeXgxAP mZE8hhoFv0BtDgQPIdtZL1akvTpYDwMX4kEMMfdNHAd0dsr4lu9nsl2eEHVPdagqOgIhGbxkWHy kUHmLLK6fRzJGcy9ivjHpv9RvtKomDyUhDOpBNISe/9eaHHKdiUegB8Cw+Fw/RptuAk8Iqu5Qxh lWCKWWrqO06Ei6QLS2Crc5DGEwFpBCeR+G2Lddnziu9UWHukTNTNvzvzGHAeYcLMpOiQZk3+j9X OZq03BZ7HpETzbjYRohnvs6mSnbnx1vX+BvW7pjPJx6/81xWBRlrzfM2LIi7ILguOvBglLm7 X-Google-Smtp-Source: AGHT+IECjBcnUd1ZD8liKvpBezwScrROscMwZ6HRck8FdAva7eRXiphnTnY1gxPqnAcTRiEFU7jtqPLsb865 X-Received: by 2002:a05:6a20:7f87:b0:250:429b:9e5a with SMTP id adf61e73a8af0-2925b41e405mr13168621637.9.1758526600670; Mon, 22 Sep 2025 00:36:40 -0700 (PDT) Received: from postal.iol.unh.edu (postal.iol.unh.edu. [132.177.123.84]) by smtp-relay.gmail.com with ESMTPS id 41be03b00d2f7-b553123e855sm364996a12.3.2025.09.22.00.36.40 (version=TLS1_2 cipher=ECDHE-ECDSA-AES128-GCM-SHA256 bits=128/128); Mon, 22 Sep 2025 00:36:40 -0700 (PDT) X-Relaying-Domain: iol.unh.edu Date: Mon, 22 Sep 2025 00:36:40 -0700 (PDT) Message-ID: <68d0fc88.050a0220.2e54a9.9fc4SMTPIN_ADDED_MISSING@mx.google.com> Received: from [172.21.0.2] (unknown [172.18.0.240]) by postal.iol.unh.edu (Postfix) with ESMTP id EBBAE6051830; Mon, 22 Sep 2025 03:36:39 -0400 (EDT) Subject: |FAILURE| pw156798-156801 [PATCH] [4/4] net/cpfl: add cpchnl get vpo From: dpdklab@iol.unh.edu To: Test Report Cc: dpdk-test-reports@iol.unh.edu, Bruce Richardson , "Shetty, Praveen" In-Reply-To: <20250922094819.1350709-5-praveen.shetty@intel.com> References: <20250922094819.1350709-5-praveen.shetty@intel.com> Content-Type: text/plain X-BeenThere: test-report@dpdk.org X-Mailman-Version: 2.1.29 Precedence: list List-Id: automatic DPDK test reports List-Unsubscribe: , List-Archive: List-Post: List-Help: List-Subscribe: , Errors-To: test-report-bounces@dpdk.org Test-Label: iol-unit-amd64-testing Test-Status: FAILURE http://dpdk.org/patch/156801 _Testing issues_ Submitter: Shetty, Praveen Date: Monday, September 22 2025 09:48:19 DPDK git baseline: Repo:dpdk-next-net-intel Branch: master CommitID:4159ea62922ce41566c7bab44655ad78bee85458 156798-156801 --> testing issues Upstream job id: Generic-Unit-Test-DPDK#373741 Test environment and result as below: +-------------------------------+----------------+ | Environment | dpdk_unit_test | +===============================+================+ | Debian GNU/Linux 12 | WARN | +-------------------------------+----------------+ | Fedora Linux 40 | WARN | +-------------------------------+----------------+ | CentOS Stream 9 | WARN | +-------------------------------+----------------+ | Fedora Linux 42 | WARN | +-------------------------------+----------------+ | Fedora Linux 41 | WARN | +-------------------------------+----------------+ | CentOS Stream 10 | WARN | +-------------------------------+----------------+ | Ubuntu 20.04 | FAIL | +-------------------------------+----------------+ | Red Hat Enterprise Linux 8.10 | WARN | +-------------------------------+----------------+ | Red Hat Enterprise Linux 9.5 | WARN | +-------------------------------+----------------+ | Ubuntu 24.04 | WARN | +-------------------------------+----------------+ | Ubuntu 22.04 | PEND | +-------------------------------+----------------+ | Windows Server 2022 | PASS | +-------------------------------+----------------+ ==== 20 line log output for Ubuntu 24.04 (dpdk_unit_test): ==== from ../drivers/net/intel/cpfl/cpfl_flow_parser.c:7: ../drivers/net/intel/cpfl/cpfl_ethdev.h:333:13: note: 'vsi_id' was declared here 333 | u16 vsi_id; | ^~~~~~ ../drivers/net/intel/cpfl/cpfl_flow_parser.c: In function 'cpfl_metadata_write_sourcevsi': ../drivers/net/intel/cpfl/cpfl_flow_parser.c:2065:12: error: 'vsi_id' may be used uninitialized [-Werror=maybe-uninitialized] 2065 | if (dev_id == CPFL_INVALID_HW_ID) { | ^ ../drivers/net/intel/cpfl/cpfl_ethdev.h:333:13: note: 'vsi_id' was declared here 333 | u16 vsi_id; | ^~~~~~ ../drivers/net/intel/cpfl/cpfl_flow_parser.c: In function 'cpfl_metadata_write_vsi': ../drivers/net/intel/cpfl/cpfl_flow_parser.c:2081:12: error: 'vsi_id' may be used uninitialized [-Werror=maybe-uninitialized] 2081 | if (dev_id == CPFL_INVALID_HW_ID) { | ^ ../drivers/net/intel/cpfl/cpfl_ethdev.h:333:13: note: 'vsi_id' was declared here 333 | u16 vsi_id; | ^~~~~~ cc1: all warnings being treated as errors ninja: build stopped: subcommand failed. ==== End log output ==== Debian GNU/Linux 12 Kernel: 5.15 Compiler: gcc gcc (Debian 12.2.0-14+deb12u1) 12.2.0 Fedora Linux 40 Kernel: 5.15 Compiler: gcc gcc (GCC) 14.2.1 20240912 (Red Hat 14.2.1-3) CentOS Stream 9 Kernel: 5.15 Compiler: gcc gcc (GCC) 11.5.0 20240719 (Red Hat 11.5.0-11) Fedora Linux 42 Kernel: 5.15 Compiler: clang gcc (GCC) 15.2.1 20250808 (Red Hat 15.2.1-1) Fedora Linux 41 Kernel: 5.15 Compiler: gcc gcc (GCC) 14.3.1 20250523 (Red Hat 14.3.1-1) CentOS Stream 10 Kernel: 5.15 Compiler: gcc gcc (GCC) 14.2.1 20250110 (Red Hat 14.2.1-8) Ubuntu 20.04 Kernel: 5.15 Compiler: gcc gcc (Ubuntu 9.4.0-1ubuntu1~20.04.2) 9.4.0 Red Hat Enterprise Linux 8.10 Kernel: 5.15 Compiler: gcc gcc (GCC) 8.5.0 20210514 (Red Hat 8.5.0-22) Red Hat Enterprise Linux 9.5 Kernel: 5.15 Compiler: gcc gcc (GCC) 11.5.0 20240719 (Red Hat 11.5.0-2) Ubuntu 24.04 Kernel: 5.15 Compiler: gcc gcc (Ubuntu 13.3.0-6ubuntu2~24.04) 13.3.0 Ubuntu 22.04 Kernel: 5.15 Compiler: gcc gcc (Ubuntu 11.4.0-1ubuntu1~22.04) 11.4.0 Windows Server 2022 Kernel: 10.0.20348.2031 Compiler: clang 15.0.7, gcc 14.1.0 (MinGW), and MSVC VS 19.39.33521 To view detailed results, visit: https://lab.dpdk.org/results/dashboard/patchsets/34117/ UNH-IOL DPDK Community Lab To manage your email subscriptions, visit: https://lab.dpdk.org/results/dashboard/preferences/subscriptions/