From mboxrd@z Thu Jan 1 00:00:00 1970 Return-Path: Received: from mails.dpdk.org (mails.dpdk.org [217.70.189.124]) by inbox.dpdk.org (Postfix) with ESMTP id 9C22D46F4A for ; Mon, 22 Sep 2025 09:36:52 +0200 (CEST) Received: from mails.dpdk.org (localhost [127.0.0.1]) by mails.dpdk.org (Postfix) with ESMTP id 8FA734060A; Mon, 22 Sep 2025 09:36:52 +0200 (CEST) Received: from mail-il1-f227.google.com (mail-il1-f227.google.com [209.85.166.227]) by mails.dpdk.org (Postfix) with ESMTP id 62CBC4060A for ; Mon, 22 Sep 2025 09:36:47 +0200 (CEST) Received: by mail-il1-f227.google.com with SMTP id e9e14a558f8ab-4256ef4eeebso13080215ab.2 for ; Mon, 22 Sep 2025 00:36:47 -0700 (PDT) DKIM-Signature: v=1; a=rsa-sha256; c=relaxed/relaxed; d=iol.unh.edu; s=unh-iol; t=1758526607; x=1759131407; darn=dpdk.org; h=references:in-reply-to:cc:to:from:subject:message-id:date:from:to :cc:subject:date:message-id:reply-to; bh=KClhTOqDOwoXsxjWEe6HrMOuSUlH/1z9xO++Haw/BMs=; b=M+dRhPypeMDfa29yxaN+X6hxAU9CR2pIZH32CDomjgOss0r0nwKSh7CLqskhowngLj tpDJngGWDtMDFYFNlsS2HQ0ndpmduI2RbP7kfcssH1i11bzeQXDhQk6ECDLs/yKiwMhB XrH+aAvkgnZTw72G8whssj9OZ1m6vwuzkn0a0= X-Google-DKIM-Signature: v=1; a=rsa-sha256; c=relaxed/relaxed; d=1e100.net; s=20230601; t=1758526607; x=1759131407; h=references:in-reply-to:cc:to:from:subject:message-id:date :x-gm-message-state:from:to:cc:subject:date:message-id:reply-to; bh=KClhTOqDOwoXsxjWEe6HrMOuSUlH/1z9xO++Haw/BMs=; b=SEJgRQj8vpzS6fBBx7fGgEDq0VgGsIiqznbLQDbM/+TaRNjD5LwXgXhyYv8gO4ZYMj +8w4UOqhqXgh27Y1/2qXrQIgEVbJBxtl1cEa6z/GqbzMtLx78rbqXYjzC0TSFFOoPtXq UaW/tzJOFMxSMd9/m6vaL490UM2tbR3nT3EC4fxwy+oPXoLVzVjtx8IXv/zWv0F/AAoy 95HUxQjVFDHN9vOHNUzQEN9TEqXBPKtA5LBa0Fk6+zPTKR3mP6AvId+sWpSOQcmN2n8u 0SGxixdyEBp6yjQum7JmxjfjJ7+YBCtbA+9C4Ao1RH7VUjF5gkzmTZ6QirM00aJO6Row XKhw== X-Gm-Message-State: AOJu0YwM7OZBj0rH1XX+neynzi2AeBUvQVPa/etxSuiXgQxSU4aOeiqp WhLQDSdpE6CHmNv7k9vZMU4gGy/OBOirM8CklFihNiRu6CvYVxcBxBTap82H4YmELvsj9K9yeyt yJO2Uk7xJ20fd53QwpreZqegDk6TE3ppjyPmdYRZImHTk0WZck37WglVwXLkE X-Gm-Gg: ASbGnctgqAB3yPf10MrrMpO3SDbE3eu14htWgKkyaMR8dts8d5iWUHQ/GG6xPnn7SeH Ch4Ps7N39qxdc+KGTesLX2SIDhd/zDNFvA6Zo9LV9TUobrig5qCzvngciz4GHyYk8opkw2C8kXZ tVyU98gv63BEfp+Ab5yELPK57FZHND704Z4VHSCc2ngdhQhtj7SHHHvE3PzXM5uOG3ZFDZgL52A a95sbSlRyLgp9ujBiB5PXUn/E+NAcjljvIHiHe56DYppXHUC2DmyAU3IkuslFSStt/82uVZ8DUX 4lQMUdawO4KSobbdOUbL8RD2sSjVaKuKZ0EBoNG3WEYMBx/Esw== X-Google-Smtp-Source: AGHT+IE5RqnvZ4KSX7R2DPUitQoTOkNYWcam77YGpjCm6DGhEokC1POv/AWzLrZ4ZSC+OKexQlw3LYfs2DNk X-Received: by 2002:a05:6e02:178e:b0:41f:bff3:d65e with SMTP id e9e14a558f8ab-42481923213mr163064855ab.7.1758526606784; Mon, 22 Sep 2025 00:36:46 -0700 (PDT) Received: from postal.iol.unh.edu (postal.iol.unh.edu. [2606:4100:3880:1234::84]) by smtp-relay.gmail.com with ESMTPS id 8926c6da1cb9f-53d39a17a51sm732681173.10.2025.09.22.00.36.46 (version=TLS1_2 cipher=ECDHE-ECDSA-AES128-GCM-SHA256 bits=128/128); Mon, 22 Sep 2025 00:36:46 -0700 (PDT) X-Relaying-Domain: iol.unh.edu Date: Mon, 22 Sep 2025 00:36:46 -0700 (PDT) Message-ID: <68d0fc8e.050a0220.381231.fed0SMTPIN_ADDED_MISSING@mx.google.com> Received: from [172.21.0.2] (unknown [172.18.0.240]) by postal.iol.unh.edu (Postfix) with ESMTP id 5CE486051830; Mon, 22 Sep 2025 03:36:46 -0400 (EDT) Subject: |FAILURE| pw156798-156801 [PATCH] [4/4] net/cpfl: add cpchnl get vpo From: dpdklab@iol.unh.edu To: Test Report Cc: dpdk-test-reports@iol.unh.edu, Bruce Richardson , "Shetty, Praveen" In-Reply-To: <20250922094819.1350709-5-praveen.shetty@intel.com> References: <20250922094819.1350709-5-praveen.shetty@intel.com> Content-Type: text/plain X-BeenThere: test-report@dpdk.org X-Mailman-Version: 2.1.29 Precedence: list List-Id: automatic DPDK test reports List-Unsubscribe: , List-Archive: List-Post: List-Help: List-Subscribe: , Errors-To: test-report-bounces@dpdk.org Test-Label: iol-unit-amd64-testing Test-Status: FAILURE http://dpdk.org/patch/156801 _Testing issues_ Submitter: Shetty, Praveen Date: Monday, September 22 2025 09:48:19 DPDK git baseline: Repo:dpdk-next-net-intel Branch: master CommitID:4159ea62922ce41566c7bab44655ad78bee85458 156798-156801 --> testing issues Upstream job id: Generic-Unit-Test-DPDK#373755 Test environment and result as below: +-------------------------------+----------------+ | Environment | dpdk_unit_test | +===============================+================+ | Debian GNU/Linux 12 | WARN | +-------------------------------+----------------+ | Fedora Linux 40 | WARN | +-------------------------------+----------------+ | CentOS Stream 9 | WARN | +-------------------------------+----------------+ | Fedora Linux 42 | WARN | +-------------------------------+----------------+ | Fedora Linux 41 | WARN | +-------------------------------+----------------+ | CentOS Stream 10 | WARN | +-------------------------------+----------------+ | Ubuntu 20.04 | FAIL | +-------------------------------+----------------+ | Red Hat Enterprise Linux 8.10 | WARN | +-------------------------------+----------------+ | Red Hat Enterprise Linux 9.5 | WARN | +-------------------------------+----------------+ | Ubuntu 24.04 | WARN | +-------------------------------+----------------+ | Ubuntu 22.04 | PEND | +-------------------------------+----------------+ | Windows Server 2022 | PASS | +-------------------------------+----------------+ ==== 20 line log output for Ubuntu 24.04 (dpdk_unit_test): ==== from ../drivers/net/intel/cpfl/cpfl_flow_parser.c:7: ../drivers/net/intel/cpfl/cpfl_ethdev.h:333:13: note: 'vsi_id' was declared here 333 | u16 vsi_id; | ^~~~~~ ../drivers/net/intel/cpfl/cpfl_flow_parser.c: In function 'cpfl_metadata_write_sourcevsi': ../drivers/net/intel/cpfl/cpfl_flow_parser.c:2065:12: error: 'vsi_id' may be used uninitialized [-Werror=maybe-uninitialized] 2065 | if (dev_id == CPFL_INVALID_HW_ID) { | ^ ../drivers/net/intel/cpfl/cpfl_ethdev.h:333:13: note: 'vsi_id' was declared here 333 | u16 vsi_id; | ^~~~~~ ../drivers/net/intel/cpfl/cpfl_flow_parser.c: In function 'cpfl_metadata_write_vsi': ../drivers/net/intel/cpfl/cpfl_flow_parser.c:2081:12: error: 'vsi_id' may be used uninitialized [-Werror=maybe-uninitialized] 2081 | if (dev_id == CPFL_INVALID_HW_ID) { | ^ ../drivers/net/intel/cpfl/cpfl_ethdev.h:333:13: note: 'vsi_id' was declared here 333 | u16 vsi_id; | ^~~~~~ cc1: all warnings being treated as errors ninja: build stopped: subcommand failed. ==== End log output ==== Debian GNU/Linux 12 Kernel: 5.15 Compiler: gcc gcc (Debian 12.2.0-14+deb12u1) 12.2.0 Fedora Linux 40 Kernel: 5.15 Compiler: gcc gcc (GCC) 14.2.1 20240912 (Red Hat 14.2.1-3) CentOS Stream 9 Kernel: 5.15 Compiler: gcc gcc (GCC) 11.5.0 20240719 (Red Hat 11.5.0-11) Fedora Linux 42 Kernel: 5.15 Compiler: clang gcc (GCC) 15.2.1 20250808 (Red Hat 15.2.1-1) Fedora Linux 41 Kernel: 5.15 Compiler: gcc gcc (GCC) 14.3.1 20250523 (Red Hat 14.3.1-1) CentOS Stream 10 Kernel: 5.15 Compiler: gcc gcc (GCC) 14.2.1 20250110 (Red Hat 14.2.1-8) Ubuntu 20.04 Kernel: 5.15 Compiler: gcc gcc (Ubuntu 9.4.0-1ubuntu1~20.04.2) 9.4.0 Red Hat Enterprise Linux 8.10 Kernel: 5.15 Compiler: gcc gcc (GCC) 8.5.0 20210514 (Red Hat 8.5.0-22) Red Hat Enterprise Linux 9.5 Kernel: 5.15 Compiler: gcc gcc (GCC) 11.5.0 20240719 (Red Hat 11.5.0-2) Ubuntu 24.04 Kernel: 5.15 Compiler: gcc gcc (Ubuntu 13.3.0-6ubuntu2~24.04) 13.3.0 Ubuntu 22.04 Kernel: 5.15 Compiler: gcc gcc (Ubuntu 11.4.0-1ubuntu1~22.04) 11.4.0 Windows Server 2022 Kernel: 10.0.20348.2031 Compiler: clang 15.0.7, gcc 14.1.0 (MinGW), and MSVC VS 19.39.33521 To view detailed results, visit: https://lab.dpdk.org/results/dashboard/patchsets/34117/ UNH-IOL DPDK Community Lab To manage your email subscriptions, visit: https://lab.dpdk.org/results/dashboard/preferences/subscriptions/