From mboxrd@z Thu Jan 1 00:00:00 1970 Return-Path: Received: from mails.dpdk.org (mails.dpdk.org [217.70.189.124]) by inbox.dpdk.org (Postfix) with ESMTP id B491846F4A for ; Mon, 22 Sep 2025 09:37:03 +0200 (CEST) Received: from mails.dpdk.org (localhost [127.0.0.1]) by mails.dpdk.org (Postfix) with ESMTP id AF5714060A; Mon, 22 Sep 2025 09:37:03 +0200 (CEST) Received: from mail-pg1-f227.google.com (mail-pg1-f227.google.com [209.85.215.227]) by mails.dpdk.org (Postfix) with ESMTP id D49724060A for ; Mon, 22 Sep 2025 09:37:02 +0200 (CEST) Received: by mail-pg1-f227.google.com with SMTP id 41be03b00d2f7-b5241e51764so3206072a12.1 for ; Mon, 22 Sep 2025 00:37:02 -0700 (PDT) DKIM-Signature: v=1; a=rsa-sha256; c=relaxed/relaxed; d=iol.unh.edu; s=unh-iol; t=1758526622; x=1759131422; darn=dpdk.org; h=references:in-reply-to:cc:to:from:subject:message-id:date:from:to :cc:subject:date:message-id:reply-to; bh=kABjTTVrU4TGJCOnwP438N75nhvKyJGmAMwUUjgl1bw=; b=TkAkE36lLf8ebqvVERpKc2Mf64wAsY9NaiH6Ytwfcy9dXgcxa2HeSx0+dvvICQ51sX cHXp6r28QVYG++MG/6ritx9t8YC9DeYa5qS5g5f6Z3+dB8yu/lcYa/Q9xXngsCsEjZZL imLUg+SUgqvl3EE6vLUC9ebom6FXbCTAMBX08= X-Google-DKIM-Signature: v=1; a=rsa-sha256; c=relaxed/relaxed; d=1e100.net; s=20230601; t=1758526622; x=1759131422; h=references:in-reply-to:cc:to:from:subject:message-id:date :x-gm-message-state:from:to:cc:subject:date:message-id:reply-to; bh=kABjTTVrU4TGJCOnwP438N75nhvKyJGmAMwUUjgl1bw=; b=JX4QNce6NqG7/FN5VUGpgaOkLOfRneRMCl2EqxsxomdtRfpcYZfAFSdPjhb2+QWIFp ZDxSLdmb6l4HeMdScEheDDGpwzWUJoTH+UqO466kasDBDNAn4+Dxl9LZvYZHEX6tz+Cx 6X929ne/saqkkIA0+7oOLSwF3Sdt/6tGl+h/roMg37XLcTRz3mR0pJFsigHC15gbHmte dnmd18I6E9R00UPlEchzW37hXL8TOBqE7SCrNt0jCe78tTfFPUv5hvDS/J+bsfFCxhqI cUBveAy5YD3ewYa7+3pkVOFaDaOMF2cN3PeRJ00oJwU3xq5JAE4+249ObsflJ2JykmuJ pHxg== X-Gm-Message-State: AOJu0YzNKDDAWtV7g6pToMeF96ojNnbzolt9VCWWV9GkCHWgwv1k0uQQ Sdkyh9fDC/R1GQHQmyg8YKp6QhqOZ3eY1lmFlaqhAIxn/CwILhEBBgr7Yl+cgfngAWXx3jKbGP/ 5T7mLOGxkhu/6BNiqV7oaUJSm76twBBFF5LYUJxxSSbCH X-Gm-Gg: ASbGncvb06N9oiqY6Yhi/9uaGNbZLAvfrI4ovrro05KlrqkDHSWuxhGTI6ojB3y9Rva j7BGv1k52+9sqRf9xuQMp1rJyzI6p8tX/+SBAwGaUtop2sSXY5ix2s05u89ln++HOKGi4M+u6X8 8tFHsIXOrvObU32t/9oCIvCd0T2VHnDjKTjY2LtGcYHDQvglotYanHoGhz5OzOoc1eDPx8SsnFQ A6Jp5YOP18HzlsR9W+PeHGqlq62ZCD9PjQP/K02kz+Do1cEk8YdNVPZPW+TphbQGTOIWTtCdT71 2FPXm+QkXQ1SfhtJZq2TOXc6jffgAvcZ1vpQc/V+v48ge9+yWWVIyqQBkXCgUMpnmj4/PVpG X-Google-Smtp-Source: AGHT+IHtE9s0Z2iGCD29dfg+G5509PvitbgdTgcDaswp6yjZ3sRnOebrv4wVj0nS8fyqQpYYvvIz0NHrkqgU X-Received: by 2002:a17:902:e84c:b0:24c:af64:ae11 with SMTP id d9443c01a7336-269ba5340dfmr161137425ad.44.1758526621924; Mon, 22 Sep 2025 00:37:01 -0700 (PDT) Received: from postal.iol.unh.edu (postal.iol.unh.edu. [132.177.123.84]) by smtp-relay.gmail.com with ESMTPS id d9443c01a7336-2698029d4b4sm7280835ad.51.2025.09.22.00.37.01 (version=TLS1_2 cipher=ECDHE-ECDSA-AES128-GCM-SHA256 bits=128/128); Mon, 22 Sep 2025 00:37:01 -0700 (PDT) X-Relaying-Domain: iol.unh.edu Date: Mon, 22 Sep 2025 00:37:01 -0700 (PDT) Message-ID: <68d0fc9d.170a0220.fbe96.e8fbSMTPIN_ADDED_MISSING@mx.google.com> Received: from [172.21.0.2] (unknown [172.18.0.240]) by postal.iol.unh.edu (Postfix) with ESMTP id 1E6BF6051830; Mon, 22 Sep 2025 03:37:01 -0400 (EDT) Subject: |FAILURE| pw156798-156801 [PATCH] [4/4] net/cpfl: add cpchnl get vpo From: dpdklab@iol.unh.edu To: Test Report Cc: dpdk-test-reports@iol.unh.edu, Bruce Richardson , "Shetty, Praveen" In-Reply-To: <20250922094819.1350709-5-praveen.shetty@intel.com> References: <20250922094819.1350709-5-praveen.shetty@intel.com> Content-Type: text/plain X-BeenThere: test-report@dpdk.org X-Mailman-Version: 2.1.29 Precedence: list List-Id: automatic DPDK test reports List-Unsubscribe: , List-Archive: List-Post: List-Help: List-Subscribe: , Errors-To: test-report-bounces@dpdk.org Test-Label: iol-unit-arm64-testing Test-Status: FAILURE http://dpdk.org/patch/156801 _Testing issues_ Submitter: Shetty, Praveen Date: Monday, September 22 2025 09:48:19 DPDK git baseline: Repo:dpdk-next-net-intel Branch: master CommitID:4159ea62922ce41566c7bab44655ad78bee85458 156798-156801 --> testing issues Upstream job id: Generic-Unit-Test-DPDK#373751 Test environment and result as below: +------------------------------+----------------+---------------------------+--------------+------------------------------+ | Environment | dpdk_unit_test | cryptodev_sw_zuc_autotest | lpm_autotest | cryptodev_sw_snow3g_autotest | +==============================+================+===========================+==============+==============================+ | Fedora Linux 42 | PEND | SKIPPED | SKIPPED | SKIPPED | +------------------------------+----------------+---------------------------+--------------+------------------------------+ | Fedora Linux 41 | WARN | SKIPPED | SKIPPED | SKIPPED | +------------------------------+----------------+---------------------------+--------------+------------------------------+ | CentOS Stream 10 | WARN | SKIPPED | SKIPPED | SKIPPED | +------------------------------+----------------+---------------------------+--------------+------------------------------+ | Fedora Linux 40 | WARN | SKIPPED | SKIPPED | SKIPPED | +------------------------------+----------------+---------------------------+--------------+------------------------------+ | Ubuntu 22.04 | WARN | SKIPPED | SKIPPED | SKIPPED | +------------------------------+----------------+---------------------------+--------------+------------------------------+ | Ubuntu 24.04 | WARN | SKIPPED | SKIPPED | SKIPPED | +------------------------------+----------------+---------------------------+--------------+------------------------------+ | Debian GNU/Linux 12 | WARN | SKIPPED | SKIPPED | SKIPPED | +------------------------------+----------------+---------------------------+--------------+------------------------------+ | CentOS Stream 9 | WARN | SKIPPED | SKIPPED | SKIPPED | +------------------------------+----------------+---------------------------+--------------+------------------------------+ | Ubuntu 20.04 | WARN | SKIPPED | PEND | SKIPPED | +------------------------------+----------------+---------------------------+--------------+------------------------------+ | Red Hat Enterprise Linux 9.5 | PEND | SKIPPED | SKIPPED | SKIPPED | +------------------------------+----------------+---------------------------+--------------+------------------------------+ | Debian 12 (arm) | SKIPPED | WARN | SKIPPED | PEND | +------------------------------+----------------+---------------------------+--------------+------------------------------+ ==== 20 line log output for Debian 12 (arm) (cryptodev_sw_zuc_autotest): ==== In function 'cpfl_metadata_write16', inlined from 'cpfl_metadata_write_sourcevsi' at ../drivers/net/intel/cpfl/cpfl_flow_parser.c:2069:2: ../drivers/net/intel/cpfl/cpfl_flow_parser.h:303:9: error: 'vsi_id' may be used uninitialized [-Werror=maybe-uninitialized] 303 | memcpy(&meta->chunks[type].data[offset], &data, sizeof(uint16_t)); | ^~~~~~~~~~~~~~~~~~~~~~~~~~~~~~~~~~~~~~~~~~~~~~~~~~~~~~~~~~~~~~~~~ ../drivers/net/intel/cpfl/cpfl_ethdev.h: In function 'cpfl_metadata_write_sourcevsi': ../drivers/net/intel/cpfl/cpfl_ethdev.h:333:13: note: 'vsi_id' was declared here 333 | u16 vsi_id; | ^~~~~~ In function 'cpfl_metadata_write16', inlined from 'cpfl_metadata_write_vsi' at ../drivers/net/intel/cpfl/cpfl_flow_parser.c:2085:2: ../drivers/net/intel/cpfl/cpfl_flow_parser.h:303:9: error: 'vsi_id' may be used uninitialized [-Werror=maybe-uninitialized] 303 | memcpy(&meta->chunks[type].data[offset], &data, sizeof(uint16_t)); | ^~~~~~~~~~~~~~~~~~~~~~~~~~~~~~~~~~~~~~~~~~~~~~~~~~~~~~~~~~~~~~~~~ ../drivers/net/intel/cpfl/cpfl_ethdev.h: In function 'cpfl_metadata_write_vsi': ../drivers/net/intel/cpfl/cpfl_ethdev.h:333:13: note: 'vsi_id' was declared here 333 | u16 vsi_id; | ^~~~~~ cc1: all warnings being treated as errors ninja: build stopped: subcommand failed. ==== End log output ==== Fedora Linux 42 Kernel: 5.4 Compiler: gcc gcc (GCC) 15.2.1 20250808 (Red Hat 15.2.1-1) Fedora Linux 41 Kernel: 5.4 Compiler: gcc gcc (GCC) 14.3.1 20250523 (Red Hat 14.3.1-1) CentOS Stream 10 Kernel: 5.4 Compiler: gcc gcc (GCC) 14.2.1 20250110 (Red Hat 14.2.1-8) Fedora Linux 40 Kernel: 5.4 Compiler: clang gcc (GCC) 14.2.1 20240912 (Red Hat 14.2.1-3) Ubuntu 22.04 Kernel: 5.15 Compiler: gcc gcc (Ubuntu 11.4.0-1ubuntu1~22.04.2) 11.4.0 Ubuntu 24.04 Kernel: 5.4 Compiler: gcc gcc (Ubuntu 13.3.0-6ubuntu2~24.04) 13.3.0 Debian GNU/Linux 12 Kernel: 5.4 Compiler: gcc gcc (Debian 12.2.0-14+deb12u1) 12.2.0 CentOS Stream 9 Kernel: 5.4 Compiler: gcc gcc (GCC) 11.5.0 20240719 (Red Hat 11.5.0-11) Ubuntu 20.04 Kernel: 5.4 Compiler: gcc gcc (Ubuntu 9.4.0-1ubuntu1~20.04.2) 9.4.0 Red Hat Enterprise Linux 9.5 Kernel: 5.4 Compiler: gcc gcc (GCC) 11.5.0 20240719 (Red Hat 11.5.0-2) Debian 12 (arm) Kernel: Depends on container host Compiler: gcc (Debian 12.2.0-14) 12.2.0 To view detailed results, visit: https://lab.dpdk.org/results/dashboard/patchsets/34117/ UNH-IOL DPDK Community Lab To manage your email subscriptions, visit: https://lab.dpdk.org/results/dashboard/preferences/subscriptions/