automatic DPDK test reports
 help / color / mirror / Atom feed
From: dpdklab@iol.unh.edu
To: Test Report <test-report@dpdk.org>
Cc: dpdk-test-reports@iol.unh.edu,
	Bruce Richardson <bruce.richardson@intel.com>,
	"Shetty, Praveen" <praveen.shetty@intel.com>
Subject: |FAILURE| pw156798-156801 [PATCH] [4/4] net/cpfl: add cpchnl get vpo
Date: Mon, 22 Sep 2025 00:54:11 -0700 (PDT)	[thread overview]
Message-ID: <68d100a3.050a0220.36039b.2b8bSMTPIN_ADDED_MISSING@mx.google.com> (raw)
In-Reply-To: <20250922094819.1350709-5-praveen.shetty@intel.com>

Test-Label: iol-compile-arm64-testing
Test-Status: FAILURE
http://dpdk.org/patch/156801

_Testing issues_

Submitter: Shetty, Praveen <praveen.shetty@intel.com>
Date: Monday, September 22 2025 09:48:19 
DPDK git baseline: Repo:dpdk-next-net-intel
  Branch: master
  CommitID:4159ea62922ce41566c7bab44655ad78bee85458

156798-156801 --> testing issues

Upstream job id: Generic-DPDK-Compile-Meson#427447

Test environment and result as below:

+------------------------------+--------------------+
|         Environment          | dpdk_meson_compile |
+==============================+====================+
| Red Hat Enterprise Linux 9.5 | FAIL               |
+------------------------------+--------------------+
| Ubuntu 20.04                 | PASS               |
+------------------------------+--------------------+
| Debian GNU/Linux 12          | FAIL               |
+------------------------------+--------------------+
| Fedora Linux 42              | FAIL               |
+------------------------------+--------------------+
| Ubuntu 22.04                 | FAIL               |
+------------------------------+--------------------+
| Ubuntu 24.04                 | FAIL               |
+------------------------------+--------------------+
| CentOS Stream 9              | FAIL               |
+------------------------------+--------------------+
| CentOS Stream 10             | FAIL               |
+------------------------------+--------------------+

==== 20 line log output for CentOS Stream 10 (dpdk_meson_compile): ====
[2051/3782] Compiling C object drivers/libtmp_rte_net_cpfl.a.p/net_intel_cpfl_cpfl_vchnl.c.o
[2052/3782] Compiling C object drivers/libtmp_rte_net_cpfl.a.p/net_intel_cpfl_cpfl_representor.c.o
[2053/3782] Compiling C object drivers/libtmp_rte_net_cpfl.a.p/net_intel_cpfl_cpfl_controlq.c.o
[2054/3782] Compiling C object drivers/libtmp_rte_net_cpfl.a.p/net_intel_cpfl_cpfl_rules.c.o
[2055/3782] Compiling C object drivers/libtmp_rte_net_cpfl.a.p/net_intel_cpfl_cpfl_flow.c.o
[2056/3782] Compiling C object drivers/libtmp_rte_net_cpfl.a.p/net_intel_cpfl_cpfl_flow_engine_fxp.c.o
FAILED: drivers/libtmp_rte_net_cpfl.a.p/net_intel_cpfl_cpfl_flow_engine_fxp.c.o
ccache cc -Idrivers/libtmp_rte_net_cpfl.a.p -Idrivers -I../drivers -Idrivers/net/intel/cpfl -I../drivers/net/intel/cpfl -Ilib/ethdev -I../lib/ethdev -Ilib/eal/common -I../lib/eal/common -I. -I.. -Iconfig -I../config -Ilib/eal/include -I../lib/eal/include -Ilib/eal/linux/include -I../lib/eal/linux/include -Ilib/eal/arm/include -I../lib/eal/arm/include -I../kernel/linux -Ilib/eal -I../lib/eal -Ilib/kvargs -I../lib/kvargs -Ilib/log -I../lib/log -Ilib/metrics -I../lib/metrics -Ilib/telemetry -I../lib/telemetry -Ilib/net -I../lib/net -Ilib/mbuf -I../lib/mbuf -Ilib/mempool -I../lib/mempool -Ilib/ring -I../lib/ring -Ilib/meter -I../lib/meter -Idrivers/bus/pci -I../drivers/bus/pci -I../drivers/bus/pci/linux -Ilib/pci -I../lib/pci -Idrivers/bus/vdev -I../drivers/bus/vdev -Ilib/hash -I../lib/hash -Ilib/rcu -I../lib/rcu -Idrivers/net/intel/idpf -I../drivers/net/intel/idpf -Idrivers/net/intel/idpf/base -I../drivers/net/intel/idpf/base -I../drivers/net/intel/iavf/base -fdiagnostics-color=always -
 pipe -D_FILE_OFFSET_BITS=64 -Wall -Winvalid-pch -Wextra -Werror -std=c11 -O3 -include rte_config.h -Wvla -Wcast-qual -Wdeprecated -Wformat -Wformat-nonliteral -Wformat-security -Wmissing-declarations -Wmissing-prototypes -Wnested-externs -Wold-style-definition -Wpointer-arith -Wsign-compare -Wstrict-prototypes -Wundef -Wwrite-strings -Wno-packed-not-aligned -Wno-missing-field-initializers -D_GNU_SOURCE -fPIC -march=armv8.1-a+crc+crypto -DALLOW_EXPERIMENTAL_API -DALLOW_INTERNAL_API -Wno-format-truncation -Wno-address-of-packed-member -DRTE_LOG_DEFAULT_LOGTYPE=pmd.net.cpfl -MD -MQ drivers/libtmp_rte_net_cpfl.a.p/net_intel_cpfl_cpfl_flow_engine_fxp.c.o -MF drivers/libtmp_rte_net_cpfl.a.p/net_intel_cpfl_cpfl_flow_engine_fxp.c.o.d -o drivers/libtmp_rte_net_cpfl.a.p/net_intel_cpfl_cpfl_flow_engine_fxp.c.o -c ../drivers/net/intel/cpfl/cpfl_flow_engine_fxp.c
In function 'cpfl_fxp_parse_action',
inlined from 'cpfl_fxp_parse_pattern_action' at ../drivers/net/intel/cpfl/cpfl_flow_engine_fxp.c:555:6:
../drivers/net/intel/cpfl/cpfl_flow_engine_fxp.c:309:28: error: 'vsi_id' may be used uninitialized [-Werror=maybe-uninitialized]
309 |                         if (dev_id == CPFL_INVALID_HW_ID)
|                            ^
In file included from ../drivers/net/intel/cpfl/cpfl_flow_engine_fxp.c:28:
../drivers/net/intel/cpfl/cpfl_ethdev.h: In function 'cpfl_fxp_parse_pattern_action':
../drivers/net/intel/cpfl/cpfl_ethdev.h:333:13: note: 'vsi_id' was declared here
333 |         u16 vsi_id;
|             ^~~~~~
cc1: all warnings being treated as errors
ninja: build stopped: subcommand failed.
==== End log output ====

Red Hat Enterprise Linux 9.5
	Kernel: 5.4
	Compiler: gcc gcc (GCC) 11.5.0 20240719 (Red Hat 11.5.0-2)

Ubuntu 20.04
	Kernel: 5.15
	Compiler: aarch64-linux-gnu-gcc gcc (Ubuntu 9.4.0-1ubuntu1~20.04.2) 9.4.0

Debian GNU/Linux 12
	Kernel: 5.4
	Compiler: gcc gcc (Debian 12.2.0-14+deb12u1) 12.2.0

Fedora Linux 42
	Kernel: 5.4
	Compiler: gcc gcc (GCC) 15.2.1 20250808 (Red Hat 15.2.1-1)

Ubuntu 22.04
	Kernel: 5.4
	Compiler: gcc gcc (Ubuntu 11.4.0-1ubuntu1~22.04) 11.4.0

Ubuntu 24.04
	Kernel: 5.4
	Compiler: gcc gcc (Ubuntu 13.3.0-6ubuntu2~24.04) 13.3.0

CentOS Stream 9
	Kernel: 5.4
	Compiler: gcc gcc (GCC) 11.5.0 20240719 (Red Hat 11.5.0-11)

CentOS Stream 10
	Kernel: 5.4
	Compiler: gcc gcc (GCC) 14.2.1 20250110 (Red Hat 14.2.1-8)

To view detailed results, visit:
https://lab.dpdk.org/results/dashboard/patchsets/34117/

UNH-IOL DPDK Community Lab

To manage your email subscriptions, visit: 
https://lab.dpdk.org/results/dashboard/preferences/subscriptions/

  parent reply	other threads:[~2025-09-22  7:54 UTC|newest]

Thread overview: 55+ messages / expand[flat|nested]  mbox.gz  Atom feed  top
     [not found] <20250922094819.1350709-5-praveen.shetty@intel.com>
2025-09-22  5:53 ` |SUCCESS| pw156798-156801 [PATCH 4/4] net/cpfl: add cpchnl get vport info support qemudev
2025-09-22  6:01 ` |FAILURE| " qemudev
2025-09-22  6:18 ` |SUCCESS| pw156801 " checkpatch
2025-09-22  6:42 ` |FAILURE| pw156798-156801 [PATCH] [4/4] net/cpfl: add cpchnl get vpo dpdklab
2025-09-22  6:44 ` |SUCCESS| " dpdklab
2025-09-22  6:46 ` |FAILURE| " dpdklab
2025-09-22  6:47 ` dpdklab
2025-09-22  6:48 ` |SUCCESS| " dpdklab
2025-09-22  6:49 ` |FAILURE| " dpdklab
2025-09-22  6:53 ` |SUCCESS| " dpdklab
2025-09-22  6:54 ` |FAILURE| " dpdklab
2025-09-22  6:55 ` |FAILURE| pw156801 [PATCH 4/4] net/cpfl: add cpchnl get vport info support 0-day Robot
2025-09-22  6:56 ` |FAILURE| pw156798-156801 [PATCH] [4/4] net/cpfl: add cpchnl get vpo dpdklab
2025-09-22  6:59 ` dpdklab
2025-09-22  6:59 ` dpdklab
2025-09-22  7:02 ` |SUCCESS| " dpdklab
2025-09-22  7:03 ` |PENDING| " dpdklab
2025-09-22  7:04 ` |SUCCESS| " dpdklab
2025-09-22  7:05 ` |FAILURE| " dpdklab
2025-09-22  7:06 ` |SUCCESS| " dpdklab
2025-09-22  7:06 ` dpdklab
2025-09-22  7:07 ` |FAILURE| " dpdklab
2025-09-22  7:09 ` dpdklab
2025-09-22  7:10 ` |SUCCESS| " dpdklab
2025-09-22  7:23 ` |PENDING| " dpdklab
2025-09-22  7:24 ` |FAILURE| " dpdklab
2025-09-22  7:24 ` dpdklab
2025-09-22  7:24 ` |SUCCESS| " dpdklab
2025-09-22  7:26 ` |FAILURE| " dpdklab
2025-09-22  7:26 ` dpdklab
2025-09-22  7:27 ` dpdklab
2025-09-22  7:27 ` dpdklab
2025-09-22  7:27 ` dpdklab
2025-09-22  7:29 ` |SUCCESS| " dpdklab
2025-09-22  7:29 ` |FAILURE| " dpdklab
2025-09-22  7:29 ` dpdklab
2025-09-22  7:29 ` dpdklab
2025-09-22  7:30 ` dpdklab
2025-09-22  7:30 ` dpdklab
2025-09-22  7:30 ` dpdklab
2025-09-22  7:32 ` dpdklab
2025-09-22  7:32 ` dpdklab
2025-09-22  7:32 ` dpdklab
2025-09-22  7:33 ` dpdklab
2025-09-22  7:34 ` dpdklab
2025-09-22  7:35 ` dpdklab
2025-09-22  7:36 ` dpdklab
2025-09-22  7:36 ` dpdklab
2025-09-22  7:36 ` dpdklab
2025-09-22  7:36 ` dpdklab
2025-09-22  7:37 ` dpdklab
2025-09-22  7:37 ` dpdklab
2025-09-22  7:47 ` |WARNING| " dpdklab
2025-09-22  7:54 ` dpdklab [this message]
2025-09-22  8:20 ` dpdklab

Reply instructions:

You may reply publicly to this message via plain-text email
using any one of the following methods:

* Save the following mbox file, import it into your mail client,
  and reply-to-all from there: mbox

  Avoid top-posting and favor interleaved quoting:
  https://en.wikipedia.org/wiki/Posting_style#Interleaved_style

* Reply using the --to, --cc, and --in-reply-to
  switches of git-send-email(1):

  git send-email \
    --in-reply-to=68d100a3.050a0220.36039b.2b8bSMTPIN_ADDED_MISSING@mx.google.com \
    --to=dpdklab@iol.unh.edu \
    --cc=bruce.richardson@intel.com \
    --cc=dpdk-test-reports@iol.unh.edu \
    --cc=praveen.shetty@intel.com \
    --cc=test-report@dpdk.org \
    /path/to/YOUR_REPLY

  https://kernel.org/pub/software/scm/git/docs/git-send-email.html

* If your mail client supports setting the In-Reply-To header
  via mailto: links, try the mailto: link
Be sure your reply has a Subject: header at the top and a blank line before the message body.
This is a public inbox, see mirroring instructions
for how to clone and mirror all data and code used for this inbox;
as well as URLs for NNTP newsgroup(s).