From mboxrd@z Thu Jan 1 00:00:00 1970 Return-Path: Received: from mails.dpdk.org (mails.dpdk.org [217.70.189.124]) by inbox.dpdk.org (Postfix) with ESMTP id C548146F4A for ; Mon, 22 Sep 2025 09:54:13 +0200 (CEST) Received: from mails.dpdk.org (localhost [127.0.0.1]) by mails.dpdk.org (Postfix) with ESMTP id 9A4C34060A; Mon, 22 Sep 2025 09:54:13 +0200 (CEST) Received: from mail-oa1-f97.google.com (mail-oa1-f97.google.com [209.85.160.97]) by mails.dpdk.org (Postfix) with ESMTP id 99A874060A for ; Mon, 22 Sep 2025 09:54:12 +0200 (CEST) Received: by mail-oa1-f97.google.com with SMTP id 586e51a60fabf-31d8778ce02so4005576fac.1 for ; Mon, 22 Sep 2025 00:54:12 -0700 (PDT) DKIM-Signature: v=1; a=rsa-sha256; c=relaxed/relaxed; d=iol.unh.edu; s=unh-iol; t=1758527652; x=1759132452; darn=dpdk.org; h=references:in-reply-to:cc:to:from:subject:message-id:date:from:to :cc:subject:date:message-id:reply-to; bh=dUMzNLORYthlxE+RHqJsNgTDuk9aM0ZR1vFFPyBf+l0=; b=joJFACKDRoA/teoR2d5D/pxS0uWrfhbR6xkYc6fPww+t8L/KbJ+b5fn9EIsp1ALK8Y wtE3BnV8yr4qyfofG7Bcq519hTt+T5E9CxZi30Xx+rHmy5kzPl2TM2v9Ta68XnHPYnk8 pmxRXX0XpZlmxIKgh6Nnv1rYc0dTDGdDESOc8= X-Google-DKIM-Signature: v=1; a=rsa-sha256; c=relaxed/relaxed; d=1e100.net; s=20230601; t=1758527652; x=1759132452; h=references:in-reply-to:cc:to:from:subject:message-id:date :x-gm-message-state:from:to:cc:subject:date:message-id:reply-to; bh=dUMzNLORYthlxE+RHqJsNgTDuk9aM0ZR1vFFPyBf+l0=; b=J1Vorvt0sfgq/iWHZUNtD24VyGplAWTvHkMst7qUSj5q+tdPlTd6B7547liC57LyJF M1qAsbO/gPRKR49welGZQRuMgtms9hUUKISd3AooNL2NM4e4YlRU5eeC/pKBABGA30SM 4xdUcdromDQhrydL7gO3IZyjeAXq/EknaYoqnnQP2URHRSsem/Wll/EE3maX86/Jyr2y l83pRhlOLHtwHm9ER8jxMBI+UEUeVWd1rVwAKLL5QAGO1SBFiGvrbp3O0tC/NzTvjMRM 0NNA0qohy9nwjoN7HA8DqIzDQG32H54vN8sJ6Gbmesn+4R7aI4fGgCNGp4XaKzUJfA1U zH8g== X-Gm-Message-State: AOJu0YyvE875W5DqQzXbnjgVJcSsoTkBZpBHqnMw29NZ/GhTNgTNw6n/ hmTUGMp6Jl/P6/RVLEjokGbGZGSbuPZOZWqAArGEtNDvtlXeVmNHsCwLdlT7kmyEc9DRo6fQZi6 VIonzIzFTXEmyyhurkMj1h/7fyvkMIJnrutPa7SWvJLBE X-Gm-Gg: ASbGncvyvbyeTpecrcjgHAH3NCPuVzYL7UlV72fxblk1xCx/1T4djHTTylTge/f14/m mzt+Nl8LO4zs0yPqTB9PdrP8s1Qofb8KvP/pqZRBvdeTFwfEl4FbbBB43VXYrD/W0bb2IPkV+q3 4ol1u2XV15p9MTtArEGTRaaF1567gM1lT4FpBEwc00ykhlUiMWe4fJkShZLmfroSGmEN89r4kLw HujtaMJh1Egj6HgtyfJQ/yiN7e315a1Sxk0FJc/Eo/MJocjGHypJ+PpjOGK1aw/xTeIzARvpwML 2tAf6RISzcHk3TxLGUgtkCHi6n6Sz81yIAQuKNSk0rHVNVERKv+PQCCRPvxofbZd6uJserXP X-Google-Smtp-Source: AGHT+IGXsD7zNCirXLmqQmObs9HfD/xe6oeq3qB9L6gtULieB9JW3/ndnHl8ruF2xG5coTJ3AolSYCKiVfKN X-Received: by 2002:a05:6870:4155:b0:2eb:ace9:197a with SMTP id 586e51a60fabf-336d0f3818fmr5738761fac.5.1758527651805; Mon, 22 Sep 2025 00:54:11 -0700 (PDT) Received: from postal.iol.unh.edu (postal.iol.unh.edu. [132.177.123.84]) by smtp-relay.gmail.com with ESMTPS id 586e51a60fabf-336e4550426sm1035698fac.6.2025.09.22.00.54.11 (version=TLS1_2 cipher=ECDHE-ECDSA-AES128-GCM-SHA256 bits=128/128); Mon, 22 Sep 2025 00:54:11 -0700 (PDT) X-Relaying-Domain: iol.unh.edu Date: Mon, 22 Sep 2025 00:54:11 -0700 (PDT) Message-ID: <68d100a3.050a0220.36039b.2b8bSMTPIN_ADDED_MISSING@mx.google.com> Received: from [172.21.0.2] (unknown [172.18.0.240]) by postal.iol.unh.edu (Postfix) with ESMTP id 521146051830; Mon, 22 Sep 2025 03:54:11 -0400 (EDT) Subject: |FAILURE| pw156798-156801 [PATCH] [4/4] net/cpfl: add cpchnl get vpo From: dpdklab@iol.unh.edu To: Test Report Cc: dpdk-test-reports@iol.unh.edu, Bruce Richardson , "Shetty, Praveen" In-Reply-To: <20250922094819.1350709-5-praveen.shetty@intel.com> References: <20250922094819.1350709-5-praveen.shetty@intel.com> Content-Type: text/plain X-BeenThere: test-report@dpdk.org X-Mailman-Version: 2.1.29 Precedence: list List-Id: automatic DPDK test reports List-Unsubscribe: , List-Archive: List-Post: List-Help: List-Subscribe: , Errors-To: test-report-bounces@dpdk.org Test-Label: iol-compile-arm64-testing Test-Status: FAILURE http://dpdk.org/patch/156801 _Testing issues_ Submitter: Shetty, Praveen Date: Monday, September 22 2025 09:48:19 DPDK git baseline: Repo:dpdk-next-net-intel Branch: master CommitID:4159ea62922ce41566c7bab44655ad78bee85458 156798-156801 --> testing issues Upstream job id: Generic-DPDK-Compile-Meson#427447 Test environment and result as below: +------------------------------+--------------------+ | Environment | dpdk_meson_compile | +==============================+====================+ | Red Hat Enterprise Linux 9.5 | FAIL | +------------------------------+--------------------+ | Ubuntu 20.04 | PASS | +------------------------------+--------------------+ | Debian GNU/Linux 12 | FAIL | +------------------------------+--------------------+ | Fedora Linux 42 | FAIL | +------------------------------+--------------------+ | Ubuntu 22.04 | FAIL | +------------------------------+--------------------+ | Ubuntu 24.04 | FAIL | +------------------------------+--------------------+ | CentOS Stream 9 | FAIL | +------------------------------+--------------------+ | CentOS Stream 10 | FAIL | +------------------------------+--------------------+ ==== 20 line log output for CentOS Stream 10 (dpdk_meson_compile): ==== [2051/3782] Compiling C object drivers/libtmp_rte_net_cpfl.a.p/net_intel_cpfl_cpfl_vchnl.c.o [2052/3782] Compiling C object drivers/libtmp_rte_net_cpfl.a.p/net_intel_cpfl_cpfl_representor.c.o [2053/3782] Compiling C object drivers/libtmp_rte_net_cpfl.a.p/net_intel_cpfl_cpfl_controlq.c.o [2054/3782] Compiling C object drivers/libtmp_rte_net_cpfl.a.p/net_intel_cpfl_cpfl_rules.c.o [2055/3782] Compiling C object drivers/libtmp_rte_net_cpfl.a.p/net_intel_cpfl_cpfl_flow.c.o [2056/3782] Compiling C object drivers/libtmp_rte_net_cpfl.a.p/net_intel_cpfl_cpfl_flow_engine_fxp.c.o FAILED: drivers/libtmp_rte_net_cpfl.a.p/net_intel_cpfl_cpfl_flow_engine_fxp.c.o ccache cc -Idrivers/libtmp_rte_net_cpfl.a.p -Idrivers -I../drivers -Idrivers/net/intel/cpfl -I../drivers/net/intel/cpfl -Ilib/ethdev -I../lib/ethdev -Ilib/eal/common -I../lib/eal/common -I. -I.. -Iconfig -I../config -Ilib/eal/include -I../lib/eal/include -Ilib/eal/linux/include -I../lib/eal/linux/include -Ilib/eal/arm/include -I../lib/eal/arm/include -I../kernel/linux -Ilib/eal -I../lib/eal -Ilib/kvargs -I../lib/kvargs -Ilib/log -I../lib/log -Ilib/metrics -I../lib/metrics -Ilib/telemetry -I../lib/telemetry -Ilib/net -I../lib/net -Ilib/mbuf -I../lib/mbuf -Ilib/mempool -I../lib/mempool -Ilib/ring -I../lib/ring -Ilib/meter -I../lib/meter -Idrivers/bus/pci -I../drivers/bus/pci -I../drivers/bus/pci/linux -Ilib/pci -I../lib/pci -Idrivers/bus/vdev -I../drivers/bus/vdev -Ilib/hash -I../lib/hash -Ilib/rcu -I../lib/rcu -Idrivers/net/intel/idpf -I../drivers/net/intel/idpf -Idrivers/net/intel/idpf/base -I../drivers/net/intel/idpf/base -I../drivers/net/intel/iavf/base -fdiagnostics-color=always - pipe -D_FILE_OFFSET_BITS=64 -Wall -Winvalid-pch -Wextra -Werror -std=c11 -O3 -include rte_config.h -Wvla -Wcast-qual -Wdeprecated -Wformat -Wformat-nonliteral -Wformat-security -Wmissing-declarations -Wmissing-prototypes -Wnested-externs -Wold-style-definition -Wpointer-arith -Wsign-compare -Wstrict-prototypes -Wundef -Wwrite-strings -Wno-packed-not-aligned -Wno-missing-field-initializers -D_GNU_SOURCE -fPIC -march=armv8.1-a+crc+crypto -DALLOW_EXPERIMENTAL_API -DALLOW_INTERNAL_API -Wno-format-truncation -Wno-address-of-packed-member -DRTE_LOG_DEFAULT_LOGTYPE=pmd.net.cpfl -MD -MQ drivers/libtmp_rte_net_cpfl.a.p/net_intel_cpfl_cpfl_flow_engine_fxp.c.o -MF drivers/libtmp_rte_net_cpfl.a.p/net_intel_cpfl_cpfl_flow_engine_fxp.c.o.d -o drivers/libtmp_rte_net_cpfl.a.p/net_intel_cpfl_cpfl_flow_engine_fxp.c.o -c ../drivers/net/intel/cpfl/cpfl_flow_engine_fxp.c In function 'cpfl_fxp_parse_action', inlined from 'cpfl_fxp_parse_pattern_action' at ../drivers/net/intel/cpfl/cpfl_flow_engine_fxp.c:555:6: ../drivers/net/intel/cpfl/cpfl_flow_engine_fxp.c:309:28: error: 'vsi_id' may be used uninitialized [-Werror=maybe-uninitialized] 309 | if (dev_id == CPFL_INVALID_HW_ID) | ^ In file included from ../drivers/net/intel/cpfl/cpfl_flow_engine_fxp.c:28: ../drivers/net/intel/cpfl/cpfl_ethdev.h: In function 'cpfl_fxp_parse_pattern_action': ../drivers/net/intel/cpfl/cpfl_ethdev.h:333:13: note: 'vsi_id' was declared here 333 | u16 vsi_id; | ^~~~~~ cc1: all warnings being treated as errors ninja: build stopped: subcommand failed. ==== End log output ==== Red Hat Enterprise Linux 9.5 Kernel: 5.4 Compiler: gcc gcc (GCC) 11.5.0 20240719 (Red Hat 11.5.0-2) Ubuntu 20.04 Kernel: 5.15 Compiler: aarch64-linux-gnu-gcc gcc (Ubuntu 9.4.0-1ubuntu1~20.04.2) 9.4.0 Debian GNU/Linux 12 Kernel: 5.4 Compiler: gcc gcc (Debian 12.2.0-14+deb12u1) 12.2.0 Fedora Linux 42 Kernel: 5.4 Compiler: gcc gcc (GCC) 15.2.1 20250808 (Red Hat 15.2.1-1) Ubuntu 22.04 Kernel: 5.4 Compiler: gcc gcc (Ubuntu 11.4.0-1ubuntu1~22.04) 11.4.0 Ubuntu 24.04 Kernel: 5.4 Compiler: gcc gcc (Ubuntu 13.3.0-6ubuntu2~24.04) 13.3.0 CentOS Stream 9 Kernel: 5.4 Compiler: gcc gcc (GCC) 11.5.0 20240719 (Red Hat 11.5.0-11) CentOS Stream 10 Kernel: 5.4 Compiler: gcc gcc (GCC) 14.2.1 20250110 (Red Hat 14.2.1-8) To view detailed results, visit: https://lab.dpdk.org/results/dashboard/patchsets/34117/ UNH-IOL DPDK Community Lab To manage your email subscriptions, visit: https://lab.dpdk.org/results/dashboard/preferences/subscriptions/