From mboxrd@z Thu Jan 1 00:00:00 1970 Return-Path: Received: from mails.dpdk.org (mails.dpdk.org [217.70.189.124]) by inbox.dpdk.org (Postfix) with ESMTP id 5D6E646F0A for ; Tue, 23 Sep 2025 06:57:54 +0200 (CEST) Received: from mails.dpdk.org (localhost [127.0.0.1]) by mails.dpdk.org (Postfix) with ESMTP id 5962040144; Tue, 23 Sep 2025 06:57:54 +0200 (CEST) Received: from mail-qt1-f227.google.com (mail-qt1-f227.google.com [209.85.160.227]) by mails.dpdk.org (Postfix) with ESMTP id 9E02440144 for ; Tue, 23 Sep 2025 06:57:52 +0200 (CEST) Received: by mail-qt1-f227.google.com with SMTP id d75a77b69052e-4b7a967a990so57430571cf.2 for ; Mon, 22 Sep 2025 21:57:52 -0700 (PDT) DKIM-Signature: v=1; a=rsa-sha256; c=relaxed/relaxed; d=iol.unh.edu; s=unh-iol; t=1758603472; x=1759208272; darn=dpdk.org; h=cc:to:from:subject:message-id:date:from:to:cc:subject:date :message-id:reply-to; bh=B8LLipEMexqIyrkFdTnu8J6fSPv+mQaUsIOnPdnk2jQ=; b=ZajCNJVSy0rmU5kp3LPgmtqrwqLoCaPOU2UYP2rx7125xmnwrTkOZ1I1Dd44gDeuCo QSoxzIm1cD1fwBRFYV09bHwjqu5uldCZy91v/OYV7DXcFjLJ9YBTqh38+gGP7Rcx1GM7 RShZYavzH1uYhnQ5vP5kareNUx5qJtKjB2osQ= X-Google-DKIM-Signature: v=1; a=rsa-sha256; c=relaxed/relaxed; d=1e100.net; s=20230601; t=1758603472; x=1759208272; h=cc:to:from:subject:message-id:date:x-gm-message-state:from:to:cc :subject:date:message-id:reply-to; bh=B8LLipEMexqIyrkFdTnu8J6fSPv+mQaUsIOnPdnk2jQ=; b=PrsLyoI2+iBrCNbh49MMHQ3h1LWwieRtYwl5WlaTr2huK1I0W0+OwjXW5W2NhXhALh cfSYgN8A4ajH29x4h1BhTV7HJUDjhxrH+BDpuuxWP4A2VsVXEDaOOwUQKQl1X/JySCDy ViAOrXzYNnk7pG5aCslG6YKlkEM8giq1YZy0nLRfoDI6TbUD0vlODpbIEPdB7nV6jl73 0L0YvxBwJVPiQ9DdtYUvWvIT1naR3rdyN2Ssos4d3gx8m+ITSM1rB4waVCML23yaGEBB bbAoLm4dulTCOeyhyoKTDlDESQJcjlGzWxJBSAo6J4nKDxgEoAz27xnAAVwhw9yI3y8P EpgA== X-Gm-Message-State: AOJu0Yyq1AsbmAhtofdoaQdmU1dUOc+0iqTIEvy/jPu4x6tXB52Og4or qwa02ZP4H/HvulvxJFN6guQ4U54YNV759Wh5gBWpKnMsu0oNOvDmpEMYIHX2uZo2yCpj9QYBCkv UI+VKaP87qcJrrCHvaBh/SOxkP3vzFaQ6fzPv X-Gm-Gg: ASbGncvvFtfiZnc2hxxAxTllHCXy96LITuRDtcMXBgdghSD7MHtZeBzcy2MzYt0WgKG 6VcmsMA1q9u92LeIq64xqmzDfpYj5NInbdQE8VdOpOcusXLUTFGF86KBHqV4mI6MosCo9GuQlOw AY8hv/sNLYVvgmGVFQ7nU+uQ6alOZMYdKrN3znxX1ztcuk/tyPAs9vr5E3z/gngT/58oggn7H1R pAMu28DrwV18c3aNdob05lYPsiGcbH3CeOSL0NQJBCmf3S+bCTm4BzFeVrpv8ap/Oc9d2C9FaTS rmeiNZTXInFlWWD5fBifNiK7JD0EhKYWhMloCpFGWaIhGb4wmPF5pRYuoHJIvBAQLv0N9lmE X-Google-Smtp-Source: AGHT+IHuMcAQqNE5B/BMGVs4cw/hfc4Qv86ZEP+oFcdl1GeqZa5J55AQ3PZdJciVqi02+8zlka/u03K7SjD1 X-Received: by 2002:a05:622a:1ba4:b0:4d0:63f2:7f49 with SMTP id d75a77b69052e-4d36a659b89mr12580331cf.33.1758603471947; Mon, 22 Sep 2025 21:57:51 -0700 (PDT) Received: from postal.iol.unh.edu (postal.iol.unh.edu. [132.177.123.84]) by smtp-relay.gmail.com with ESMTPS id d75a77b69052e-4bda65acf03sm3046531cf.14.2025.09.22.21.57.51 (version=TLS1_2 cipher=ECDHE-ECDSA-AES128-GCM-SHA256 bits=128/128); Mon, 22 Sep 2025 21:57:51 -0700 (PDT) X-Relaying-Domain: iol.unh.edu Date: Mon, 22 Sep 2025 21:57:51 -0700 (PDT) Message-ID: <68d228cf.c80a0220.11ce82.3892SMTPIN_ADDED_MISSING@mx.google.com> Received: from [172.21.0.5] (unknown [172.18.0.240]) by postal.iol.unh.edu (Postfix) with ESMTP id 7CDA96051830; Tue, 23 Sep 2025 00:57:51 -0400 (EDT) Subject: |FAILURE| [GIT MASTER] 62f583c49bf67dd4d6733ece14e55fe6839e66d1 From: dpdklab@iol.unh.edu To: Test Report Cc: dpdk-test-reports@iol.unh.edu, Xueming Li , Christian Ehrhardt , Kevin Traynor , Luca Boccassi Content-Type: text/plain X-BeenThere: test-report@dpdk.org X-Mailman-Version: 2.1.29 Precedence: list List-Id: automatic DPDK test reports List-Unsubscribe: , List-Archive: List-Post: List-Help: List-Subscribe: , Errors-To: test-report-bounces@dpdk.org _Testing issues_ Branch: tags/v23.11 62f583c49bf67dd4d6733ece14e55fe6839e66d1 --> testing issues Upstream job id: Generic-Unit-Test-DPDK#373825 Test environment and result as below: +-------------------------------+----------------+ | Environment | dpdk_unit_test | +===============================+================+ | CentOS Stream 10 | PASS | +-------------------------------+----------------+ | Red Hat Enterprise Linux 8.10 | PASS | +-------------------------------+----------------+ | Fedora Linux 40 | PASS | +-------------------------------+----------------+ | Fedora Linux 41 | PASS | +-------------------------------+----------------+ | Ubuntu 24.04 | PASS | +-------------------------------+----------------+ | Fedora Linux 42 | WARN | +-------------------------------+----------------+ | Debian GNU/Linux 12 | PASS | +-------------------------------+----------------+ | Ubuntu 22.04 | PASS | +-------------------------------+----------------+ | Red Hat Enterprise Linux 9.5 | PASS | +-------------------------------+----------------+ | Ubuntu 20.04 | PASS | +-------------------------------+----------------+ | CentOS Stream 9 | PASS | +-------------------------------+----------------+ | Windows Server 2022 | FAIL | +-------------------------------+----------------+ ==== Unit test summary for Windows Server 2022 (dpdk_unit_test): ==== Failed to get the unit test results. Displaying the unit test results is not supported for some environments, such as our aarch32 testing, where meson is not used to run the tests. Download the logs available on our CI site. ==== End log output ==== CentOS Stream 10 Kernel: 5.15 Compiler: gcc gcc (GCC) 14.2.1 20250110 (Red Hat 14.2.1-8) Red Hat Enterprise Linux 8.10 Kernel: 5.15 Compiler: gcc gcc (GCC) 8.5.0 20210514 (Red Hat 8.5.0-22) Fedora Linux 40 Kernel: 5.15 Compiler: clang gcc (GCC) 14.2.1 20240912 (Red Hat 14.2.1-3) Fedora Linux 41 Kernel: 5.15 Compiler: gcc gcc (GCC) 14.3.1 20250523 (Red Hat 14.3.1-1) Ubuntu 24.04 Kernel: 5.15 Compiler: gcc gcc (Ubuntu 13.3.0-6ubuntu2~24.04) 13.3.0 Fedora Linux 42 Kernel: 5.15 Compiler: clang gcc (GCC) 15.2.1 20250808 (Red Hat 15.2.1-1) Debian GNU/Linux 12 Kernel: 5.15 Compiler: gcc gcc (Debian 12.2.0-14+deb12u1) 12.2.0 Ubuntu 22.04 Kernel: 5.15 Compiler: gcc gcc (Ubuntu 11.4.0-1ubuntu1~22.04) 11.4.0 Red Hat Enterprise Linux 9.5 Kernel: 5.15 Compiler: gcc gcc (GCC) 11.5.0 20240719 (Red Hat 11.5.0-2) Ubuntu 20.04 Kernel: 5.15 Compiler: gcc gcc (Ubuntu 9.4.0-1ubuntu1~20.04.2) 9.4.0 CentOS Stream 9 Kernel: 5.15 Compiler: gcc gcc (GCC) 11.5.0 20240719 (Red Hat 11.5.0-11) Windows Server 2022 Kernel: 10.0.20348.2031 Compiler: clang 15.0.7, gcc 14.1.0 (MinGW), and MSVC VS 19.39.33521 To view detailed results, visit: https://lab.dpdk.org/results/dashboard/tarballs/34962/ UNH-IOL DPDK Community Lab To manage your email subscriptions, visit: https://lab.dpdk.org/results/dashboard/preferences/subscriptions/