From mboxrd@z Thu Jan 1 00:00:00 1970 Return-Path: Received: from mails.dpdk.org (mails.dpdk.org [217.70.189.124]) by inbox.dpdk.org (Postfix) with ESMTP id 8984246F0A for ; Tue, 23 Sep 2025 06:58:43 +0200 (CEST) Received: from mails.dpdk.org (localhost [127.0.0.1]) by mails.dpdk.org (Postfix) with ESMTP id 8593740144; Tue, 23 Sep 2025 06:58:43 +0200 (CEST) Received: from mail-il1-f226.google.com (mail-il1-f226.google.com [209.85.166.226]) by mails.dpdk.org (Postfix) with ESMTP id 0E26D40144 for ; Tue, 23 Sep 2025 06:58:42 +0200 (CEST) Received: by mail-il1-f226.google.com with SMTP id e9e14a558f8ab-42576a07eeeso16596425ab.0 for ; Mon, 22 Sep 2025 21:58:42 -0700 (PDT) DKIM-Signature: v=1; a=rsa-sha256; c=relaxed/relaxed; d=iol.unh.edu; s=unh-iol; t=1758603521; x=1759208321; darn=dpdk.org; h=cc:to:from:subject:message-id:date:from:to:cc:subject:date :message-id:reply-to; bh=chAQGCLp489Sj/HVAqpWrI4DCu8dIkPXlzdaRL5qE7Y=; b=i812AYhhUHfBWCSoI8IjSAQX0svDFmQGmpdwFpZyfCJcwS+JrJwg0LwzojpWIs9owO m7UqxFFGSl7sJLAqE+zoBZxNnZOPzs6VB88R1o98pF1kWLDuRHDZC/JRPA4/UCiO7UdV JIzWVk+oTJ3mXX4ef971PCzhSodAIJ/wl38H8= X-Google-DKIM-Signature: v=1; a=rsa-sha256; c=relaxed/relaxed; d=1e100.net; s=20230601; t=1758603521; x=1759208321; h=cc:to:from:subject:message-id:date:x-gm-message-state:from:to:cc :subject:date:message-id:reply-to; bh=chAQGCLp489Sj/HVAqpWrI4DCu8dIkPXlzdaRL5qE7Y=; b=K66PBhOPeh8hdLrQ2OgEmXchL5Uk2B/4Ow2y9hwi6UGhYF5KzNGU8r4XgnhGWz4B26 wfkkTz9g6d+VVqMQPNxXytt53bdicWN9edkZi1D5o1V/7fL2fMMvSK9siwt8lx10Yc7D I88HEEKnDzBnfpDotwNsJ2s0JSe2m7z9bRvGdF9RPaxsy+Ie8+0m1f1opuB4Y2Um0gQW RgSEVvJWYXVQNHtSW0SGQYgtQH+1mAueyrn/VRJUS94b5/akmduF4ZW/MTK2ET5/Xi14 K2e3d1R0Y8Zc1Tunsuj5s8/6iy/ksZ/ock5aq4XXdRy7/YLI8JVLj3knYhSZSLZbwnnr zTXA== X-Gm-Message-State: AOJu0YzKPXEcnbm19mhPCe0Y80D2LAtYY7TfPD1sbpiFaeXsEUreOvgi 7J3ZSsjQcT8vK4kN11NfDqkLO0oj1xK6xFWLKHNMA3LpPjnNgAxwcuo9cdgvJYMr+wBrgvoiGKb XL04OOyDCiLufMCTYJtmP2LaGLkKb4qJMnSRvpMogVRmm/PvcxCpW X-Gm-Gg: ASbGncs4EWttvmIrmyogPrb+nav8GKbAV62nWiVhHb3fvXXCYBeM7LxoP/zIwJfKY+C UQkvbuR00ktf8dKfdmDlOe9pd2w6VbSxHdAyeoyZcjxOuzx0rVwPz2wXfjhI1uLRzb8f9yjb3yM KTth2qK1rlqPMKP8CQPviZM3IiTxNn99DiOu3X2wVZoHZpH4RBEl5NSEMXSL/MrygaFRNO787df R2y3GbCIQx7DBjEt3kIXTcaw8TsAIA9QUN7XI7DEdCoUImK97xGt09pWrXMsuXdv8avfvWMZgSF WT1lrRcnS67815ILVvHVkuPynDg/Fzp/gWasfBxUxa7lR1C4bA== X-Google-Smtp-Source: AGHT+IEayPC7ePqhSQ1myJBcEdHSaBfvkDevdm8axj++TteBPayDm+CrUCI6pFmTzfBK6A4xByTlf5nUuy07 X-Received: by 2002:a05:6e02:218b:b0:425:7539:bc39 with SMTP id e9e14a558f8ab-42581e0fb60mr21161125ab.10.1758603521342; Mon, 22 Sep 2025 21:58:41 -0700 (PDT) Received: from postal.iol.unh.edu (postal.iol.unh.edu. [2606:4100:3880:1234::84]) by smtp-relay.gmail.com with ESMTPS id 8926c6da1cb9f-53d39a17db4sm803075173.8.2025.09.22.21.58.41 (version=TLS1_2 cipher=ECDHE-ECDSA-AES128-GCM-SHA256 bits=128/128); Mon, 22 Sep 2025 21:58:41 -0700 (PDT) X-Relaying-Domain: iol.unh.edu Date: Mon, 22 Sep 2025 21:58:41 -0700 (PDT) Message-ID: <68d22901.050a0220.30a7e6.3c1aSMTPIN_ADDED_MISSING@mx.google.com> Received: from [172.21.0.4] (unknown [172.18.0.240]) by postal.iol.unh.edu (Postfix) with ESMTP id E1C516051830; Tue, 23 Sep 2025 00:58:40 -0400 (EDT) Subject: |FAILURE| [GIT MASTER] 62f583c49bf67dd4d6733ece14e55fe6839e66d1 From: dpdklab@iol.unh.edu To: Test Report Cc: dpdk-test-reports@iol.unh.edu, Xueming Li , Christian Ehrhardt , Kevin Traynor , Luca Boccassi Content-Type: text/plain X-BeenThere: test-report@dpdk.org X-Mailman-Version: 2.1.29 Precedence: list List-Id: automatic DPDK test reports List-Unsubscribe: , List-Archive: List-Post: List-Help: List-Subscribe: , Errors-To: test-report-bounces@dpdk.org _Testing issues_ Branch: tags/v23.11 62f583c49bf67dd4d6733ece14e55fe6839e66d1 --> testing issues Upstream job id: Generic-DPDK-Compile-Meson#427519 Test environment and result as below: +-------------------------------+-------------------------+--------------------+-------------------+-------------------+------------------+----------------------+ | Environment | dpdk_llvm_clang_compile | dpdk_meson_compile | dpdk_msvc_compile | dpdk_compile_spdk | dpdk_compile_ovs | dpdk_mingw64_compile | +===============================+=========================+====================+===================+===================+==================+======================+ | Windows Server 2022 | FAIL | SKIPPED | PASS | SKIPPED | SKIPPED | PASS | +-------------------------------+-------------------------+--------------------+-------------------+-------------------+------------------+----------------------+ | Ubuntu 20.04 | SKIPPED | PASS | SKIPPED | SKIPPED | SKIPPED | SKIPPED | +-------------------------------+-------------------------+--------------------+-------------------+-------------------+------------------+----------------------+ | FreeBSD 14.2 | SKIPPED | PASS | SKIPPED | SKIPPED | SKIPPED | SKIPPED | +-------------------------------+-------------------------+--------------------+-------------------+-------------------+------------------+----------------------+ | CentOS Stream 10 | SKIPPED | PASS | SKIPPED | SKIPPED | SKIPPED | SKIPPED | +-------------------------------+-------------------------+--------------------+-------------------+-------------------+------------------+----------------------+ | CentOS Stream 9 | SKIPPED | PASS | SKIPPED | PASS | SKIPPED | SKIPPED | +-------------------------------+-------------------------+--------------------+-------------------+-------------------+------------------+----------------------+ | Fedora Linux 42 | SKIPPED | PASS | SKIPPED | PASS | PASS | SKIPPED | +-------------------------------+-------------------------+--------------------+-------------------+-------------------+------------------+----------------------+ | openSUSE Leap 15.6 | SKIPPED | PASS | SKIPPED | SKIPPED | SKIPPED | SKIPPED | +-------------------------------+-------------------------+--------------------+-------------------+-------------------+------------------+----------------------+ | Red Hat Enterprise Linux 8.10 | SKIPPED | PASS | SKIPPED | SKIPPED | SKIPPED | SKIPPED | +-------------------------------+-------------------------+--------------------+-------------------+-------------------+------------------+----------------------+ | Red Hat Enterprise Linux 9.5 | SKIPPED | PASS | SKIPPED | SKIPPED | SKIPPED | SKIPPED | +-------------------------------+-------------------------+--------------------+-------------------+-------------------+------------------+----------------------+ | Debian GNU/Linux 12 | SKIPPED | PASS | SKIPPED | PASS | SKIPPED | SKIPPED | +-------------------------------+-------------------------+--------------------+-------------------+-------------------+------------------+----------------------+ | Ubuntu 24.04 | SKIPPED | PASS | SKIPPED | PASS | PASS | SKIPPED | +-------------------------------+-------------------------+--------------------+-------------------+-------------------+------------------+----------------------+ | Ubuntu 22.04 | SKIPPED | PASS | SKIPPED | PASS | SKIPPED | SKIPPED | +-------------------------------+-------------------------+--------------------+-------------------+-------------------+------------------+----------------------+ | Alpine Linux 3.22.0 | SKIPPED | PASS | SKIPPED | SKIPPED | SKIPPED | SKIPPED | +-------------------------------+-------------------------+--------------------+-------------------+-------------------+------------------+----------------------+ ==== 20 line log output for Windows Server 2022 (dpdk_llvm_clang_compile): ==== Compiler for C supports arguments -mavx512f: YES (cached) Compiler for C supports arguments -mavx512bw: YES (cached) Compiler for C supports arguments -mavx512dq: YES (cached) Compiler for C supports arguments -march=skylake-avx512: YES Message: drivers/common/idpf: Defining dependency "common_idpf" Message: drivers/bus/auxiliary: Defining dependency "bus_auxiliary" Compiler for C supports arguments -Wno-cast-qual: YES (cached) Compiler for C supports arguments -Wno-pointer-arith: YES (cached) Message: drivers/bus/pci: Defining dependency "bus_pci" Message: drivers/bus/vdev: Defining dependency "bus_vdev" Compiler for C supports arguments -std=c11: YES Compiler for C supports arguments -Wno-strict-prototypes: YES Compiler for C supports arguments -D_BSD_SOURCE: YES Compiler for C supports arguments -D_DEFAULT_SOURCE: YES Compiler for C supports arguments -D_XOPEN_SOURCE=600: YES Has header "mlx5devx.h" : YES drivers\common\mlx5\windows\meson.build:10:13: ERROR: C shared or static library 'mlx5devx' not found A full log can be found at C:\Users\builder\jenkins\workspace\Windows-Compile-DPDK-Native\dpdk\build\meson-logs\meson-log.txt ==== End log output ==== Windows Server 2022 Kernel: 10.0.20348.2031 Compiler: clang 15.0.7, gcc 14.1.0 (MinGW), and MSVC VS 19.39.33521 Ubuntu 20.04 Kernel: 4.19 Compiler: gcc gcc (Ubuntu 9.4.0-1ubuntu1~20.04.2) 9.4.0 FreeBSD 14.2 Kernel: 14.2-RELEASE Compiler: clang 18.1.6 CentOS Stream 10 Kernel: 5.15 Compiler: gcc gcc (GCC) 14.2.1 20250110 (Red Hat 14.2.1-8) CentOS Stream 9 Kernel: 5.15 Compiler: gcc gcc (GCC) 11.5.0 20240719 (Red Hat 11.5.0-11) Fedora Linux 42 Kernel: 5.15 Compiler: gcc gcc (GCC) 15.2.1 20250808 (Red Hat 15.2.1-1) openSUSE Leap 15.6 Kernel: 5.15 Compiler: gcc gcc (SUSE Linux) 7.5.0 Red Hat Enterprise Linux 8.10 Kernel: 5.15 Compiler: gcc gcc (GCC) 8.5.0 20210514 (Red Hat 8.5.0-22) Red Hat Enterprise Linux 9.5 Kernel: 5.15 Compiler: gcc gcc (GCC) 11.5.0 20240719 (Red Hat 11.5.0-2) Debian GNU/Linux 12 Kernel: 5.15 Compiler: gcc gcc (Debian 12.2.0-14+deb12u1) 12.2.0 Ubuntu 24.04 Kernel: 5.15 Compiler: gcc gcc (Ubuntu 13.3.0-6ubuntu2~24.04) 13.3.0 Ubuntu 22.04 Kernel: 5.15 Compiler: gcc gcc (Ubuntu 11.4.0-1ubuntu1~22.04) 11.4.0 Alpine Linux 3.22.0 Kernel: 5.15 Compiler: gcc gcc (Alpine 14.2.0) 14.2.0 To view detailed results, visit: https://lab.dpdk.org/results/dashboard/tarballs/34962/ UNH-IOL DPDK Community Lab To manage your email subscriptions, visit: https://lab.dpdk.org/results/dashboard/preferences/subscriptions/