From mboxrd@z Thu Jan 1 00:00:00 1970 Return-Path: Received: from mails.dpdk.org (mails.dpdk.org [217.70.189.124]) by inbox.dpdk.org (Postfix) with ESMTP id 7D93F46F0A for ; Tue, 23 Sep 2025 07:37:09 +0200 (CEST) Received: from mails.dpdk.org (localhost [127.0.0.1]) by mails.dpdk.org (Postfix) with ESMTP id 7827B40144; Tue, 23 Sep 2025 07:37:09 +0200 (CEST) Received: from mail-pj1-f99.google.com (mail-pj1-f99.google.com [209.85.216.99]) by mails.dpdk.org (Postfix) with ESMTP id 228B340144 for ; Tue, 23 Sep 2025 07:37:08 +0200 (CEST) Received: by mail-pj1-f99.google.com with SMTP id 98e67ed59e1d1-330a4d4359bso2978160a91.2 for ; Mon, 22 Sep 2025 22:37:08 -0700 (PDT) DKIM-Signature: v=1; a=rsa-sha256; c=relaxed/relaxed; d=iol.unh.edu; s=unh-iol; t=1758605827; x=1759210627; darn=dpdk.org; h=cc:to:from:subject:message-id:date:from:to:cc:subject:date :message-id:reply-to; bh=dhtlxTAx7Vf9/TeawDwfsMq49+nGLj0NgWyJb17ipb4=; b=V1rbKlBlYFTFfF7ngF09IFMR0EisCbyv4gpmkivns0wCcx9+3zbB8QQwLhLhhH2+Fw 6udKA6sdanEDH4nYuWj6J3aRo7fPUQZe6Gpo4FLJPSxR1Jk8WZ90g8JmygoZmP2YscFb e7sU1SKu/G5kASrpKS4kFP8HljspaSQiecTps= X-Google-DKIM-Signature: v=1; a=rsa-sha256; c=relaxed/relaxed; d=1e100.net; s=20230601; t=1758605827; x=1759210627; h=cc:to:from:subject:message-id:date:x-gm-message-state:from:to:cc :subject:date:message-id:reply-to; bh=dhtlxTAx7Vf9/TeawDwfsMq49+nGLj0NgWyJb17ipb4=; b=vWzbI/efz+2tqjtJ/kjwkrRbZZPAXUMqUqXD9PGewP+13Ak0+BpywlF1sH1nC3PLQB Jo27/iKRoZIr74kdtJEetsCSkzqpTHJhok5QUlDfaLXdyxDsPMEW1MDLghLcc4QBk2jK M5UH+Xih6irwHnXdEZCuaecf89RZ+BJFrUWyazlX0jsctjyIT4VAL+nk1Xz4745MYQl9 flrFcepP3/wb/UuDLkCTnNUxRTCa2j6OBMa6OuFU67NITVLMR7sRG/uIFpdz/Z9JOFpX C+PI3uPKLEekbtrTXCCW9sERMusXTJPJT3ryu+8JIfHBSHbv2wEiKczpE5zl7fO9DyzU ZprQ== X-Gm-Message-State: AOJu0Yxl7kSlIF7CQL/cVHPem7eIxjXJhSzVRDlhM48q9ytCDK1xX2oV dE5K9+XSI7APlRYZ1FyvkW+oYIjxa7UOUyrNtLR7IgHsxx19Ci27qVDUJzCHIJIGf1G1b9vm0pL o2D2wDMdoVbKroFGnxgek2CC6mZstAQorNIwm X-Gm-Gg: ASbGnctG/UmQ2AmojXAv4SYsQkW8qUW1TjlaSeyXU9x5sRm+LHk8AFVZMBLAhwDwJNr ZbtYJs6LH++KNvaG9Cn0caxV7XI3hiQ1bKkfabYN3y1wjTQG5Bodsak5WrYv/Nf625gCpHMU4+I kO4yQiu8hRVcnzTtii5JoBLzuZ/+wu2BWVdYWK8FgB/NY+mpb2m0+BKXVefaK72iTGLvm9TRBNH kjKNofeyie7iYJBVRGfFRgWk/iUykwysDjoxJOrOR92FT9l9CSVGvfK/QQKTm3ajKdzsos5xLnm gG8vkon11CBBSezUK687gSpgW9iQ8urAzltgwoxhgCgUjoA+BtPT9tAwucchc+B5abFCugL2 X-Google-Smtp-Source: AGHT+IFsttUEo2FmA6oF2pPP0nbymvyABNxwP9GamZ6G4FJvmdXpwzFG5kHPMFojd+Wpxt647QrrbxmF+wRv X-Received: by 2002:a17:90a:e7ca:b0:32e:ae12:9d32 with SMTP id 98e67ed59e1d1-332a95146f7mr1622561a91.11.1758605826704; Mon, 22 Sep 2025 22:37:06 -0700 (PDT) Received: from postal.iol.unh.edu (postal.iol.unh.edu. [132.177.123.84]) by smtp-relay.gmail.com with ESMTPS id 98e67ed59e1d1-33060759f05sm877077a91.4.2025.09.22.22.37.06 (version=TLS1_2 cipher=ECDHE-ECDSA-AES128-GCM-SHA256 bits=128/128); Mon, 22 Sep 2025 22:37:06 -0700 (PDT) X-Relaying-Domain: iol.unh.edu Date: Mon, 22 Sep 2025 22:37:06 -0700 (PDT) Message-ID: <68d23202.170a0220.22d1b6.76e4SMTPIN_ADDED_MISSING@mx.google.com> Received: from [172.21.0.2] (unknown [172.18.0.240]) by postal.iol.unh.edu (Postfix) with ESMTP id 807B66051830; Tue, 23 Sep 2025 01:37:05 -0400 (EDT) Subject: |WARNING| [GIT MASTER] 62f583c49bf67dd4d6733ece14e55fe6839e66d1 From: dpdklab@iol.unh.edu To: Test Report Cc: dpdk-test-reports@iol.unh.edu, Xueming Li , Christian Ehrhardt , Kevin Traynor , Luca Boccassi Content-Type: text/plain X-BeenThere: test-report@dpdk.org X-Mailman-Version: 2.1.29 Precedence: list List-Id: automatic DPDK test reports List-Unsubscribe: , List-Archive: List-Post: List-Help: List-Subscribe: , Errors-To: test-report-bounces@dpdk.org _Testing issues_ Branch: tags/v23.11 62f583c49bf67dd4d6733ece14e55fe6839e66d1 --> testing issues Upstream job id: Generic-Unit-Test-DPDK#373822 Test environment and result as below: +------------------------------+------------------------------+--------------+---------------------------+----------------+ | Environment | cryptodev_sw_snow3g_autotest | lpm_autotest | cryptodev_sw_zuc_autotest | dpdk_unit_test | +==============================+==============================+==============+===========================+================+ | Debian 12 (arm) | PASS | SKIPPED | PASS | SKIPPED | +------------------------------+------------------------------+--------------+---------------------------+----------------+ | Ubuntu 20.04 | SKIPPED | PASS | SKIPPED | PASS | +------------------------------+------------------------------+--------------+---------------------------+----------------+ | Red Hat Enterprise Linux 9.5 | SKIPPED | SKIPPED | SKIPPED | PASS | +------------------------------+------------------------------+--------------+---------------------------+----------------+ | Debian GNU/Linux 12 | SKIPPED | SKIPPED | SKIPPED | PASS | +------------------------------+------------------------------+--------------+---------------------------+----------------+ | CentOS Stream 9 | SKIPPED | SKIPPED | SKIPPED | PASS | +------------------------------+------------------------------+--------------+---------------------------+----------------+ | Ubuntu 24.04 | SKIPPED | SKIPPED | SKIPPED | PASS | +------------------------------+------------------------------+--------------+---------------------------+----------------+ | Fedora Linux 42 | SKIPPED | SKIPPED | SKIPPED | WARN | +------------------------------+------------------------------+--------------+---------------------------+----------------+ | Fedora Linux 40 | SKIPPED | SKIPPED | SKIPPED | PASS | +------------------------------+------------------------------+--------------+---------------------------+----------------+ | Fedora Linux 41 | SKIPPED | SKIPPED | SKIPPED | PASS | +------------------------------+------------------------------+--------------+---------------------------+----------------+ | CentOS Stream 10 | SKIPPED | SKIPPED | SKIPPED | PASS | +------------------------------+------------------------------+--------------+---------------------------+----------------+ | Ubuntu 22.04 | SKIPPED | SKIPPED | SKIPPED | PASS | +------------------------------+------------------------------+--------------+---------------------------+----------------+ ==== 20 line log output for Fedora Linux 42 (dpdk_unit_test): ==== [668/3086] Compiling C object 'drivers/a715181@@tmp_rte_net_dpaa2@sta/net_dpaa2_dpaa2_flow.c.o'. FAILED: [code=1] drivers/a715181@@tmp_rte_net_dpaa2@sta/net_dpaa2_dpaa2_flow.c.o ccache cc -Idrivers/a715181@@tmp_rte_net_dpaa2@sta -Idrivers -I../drivers -Idrivers/net/dpaa2 -I../drivers/net/dpaa2 -I../drivers/net/dpaa2/base -I../drivers/net/dpaa2/mc -Ilib/ethdev -I../lib/ethdev -I. -I../ -Iconfig -I../config -Ilib/eal/include -I../lib/eal/include -Ilib/eal/linux/include -I../lib/eal/linux/include -Ilib/eal/arm/include -I../lib/eal/arm/include -Ilib/eal/common -I../lib/eal/common -Ilib/eal -I../lib/eal -Ilib/kvargs -I../lib/kvargs -Ilib/log -I../lib/log -Ilib/telemetry/../metrics -I../lib/telemetry/../metrics -Ilib/telemetry -I../lib/telemetry -Ilib/net -I../lib/net -Ilib/mbuf -I../lib/mbuf -Ilib/mempool -I../lib/mempool -Ilib/ring -I../lib/ring -Ilib/meter -I../lib/meter -Idrivers/bus/pci -I../drivers/bus/pci -I../drivers/bus/pci/linux -Ilib/pci -I../lib/pci -Idrivers/bus/vdev -I../drivers/bus/vdev -Idrivers/mempool/dpaa2 -I../drivers/mempool/dpaa2 -Idrivers/bus/fslmc -I../drivers/bus/fslmc -I../drivers/bus/fslmc/mc -I../drivers/bus/fslmc/qbman/include -I../dri vers/bus/fslmc/portal -Idrivers/common/dpaax -I../drivers/common/dpaax -I../drivers/common/dpaax/caamflib -Ilib/eventdev -I../lib/eventdev -Ilib/hash -I../lib/hash -Ilib/rcu -I../lib/rcu -Ilib/timer -I../lib/timer -Ilib/cryptodev -I../lib/cryptodev -Ilib/dmadev -I../lib/dmadev -fdiagnostics-color=always -pipe -D_FILE_OFFSET_BITS=64 -Wall -Winvalid-pch -Wextra -Werror -std=c11 -O3 -include rte_config.h -Wcast-qual -Wdeprecated -Wformat -Wformat-nonliteral -Wformat-security -Wmissing-declarations -Wmissing-prototypes -Wnested-externs -Wold-style-definition -Wpointer-arith -Wsign-compare -Wstrict-prototypes -Wundef -Wwrite-strings -Wno-address-of-packed-member -Wno-packed-not-aligned -Wno-missing-field-initializers -fzero-init-padding-bits=all -Wno-zero-length-bounds -D_GNU_SOURCE -fPIC -march=armv8.1-a+crc+crypto -mcpu=thunderx2t99 -DALLOW_EXPERIMENTAL_API -DALLOW_INTERNAL_API -Wno-format-truncation -DRTE_LOG_DEFAULT_LOGTYPE=pmd.net.dpaa2 -MD -MQ 'drivers/a715181@@tmp_rte_net_dpaa2@st a/net_dpaa2_dpaa2_flow.c.o' -MF 'drivers/a715181@@tmp_rte_net_dpaa2@sta/net_dpaa2_dpaa2_flow.c.o.d' -o 'drivers/a715181@@tmp_rte_net_dpaa2@sta/net_dpaa2_dpaa2_flow.c.o' -c ../drivers/net/dpaa2/dpaa2_flow.c ../drivers/net/dpaa2/dpaa2_flow.c:103:36: error: initializer-string for array of 'unsigned char' truncates NUL terminator but destination lacks 'nonstring' attribute (7 chars into 6 available) [-Werror=unterminated-string-initialization] 103 | .hdr.dst_addr.addr_bytes = "\xff\xff\xff\xff\xff\xff", | ^~~~~~~~~~~~~~~~~~~~~~~~~~ ../drivers/net/dpaa2/dpaa2_flow.c:104:36: error: initializer-string for array of 'unsigned char' truncates NUL terminator but destination lacks 'nonstring' attribute (7 chars into 6 available) [-Werror=unterminated-string-initialization] 104 | .hdr.src_addr.addr_bytes = "\xff\xff\xff\xff\xff\xff", | ^~~~~~~~~~~~~~~~~~~~~~~~~~ ../drivers/net/dpaa2/dpaa2_flow.c:121:25: error: initializer-string for array of 'unsigned char' truncates NUL terminator but destination lacks 'nonstring' attribute (17 chars into 16 available) [-Werror=unterminated-string-initialization] 121 | "\xff\xff\xff\xff\xff\xff\xff\xff" | ^~~~~~~~~~~~~~~~~~~~~~~~~~~~~~~~~~ ../drivers/net/dpaa2/dpaa2_flow.c:124:25: error: initializer-string for array of 'unsigned char' truncates NUL terminator but destination lacks 'nonstring' attribute (17 chars into 16 available) [-Werror=unterminated-string-initialization] 124 | "\xff\xff\xff\xff\xff\xff\xff\xff" | ^~~~~~~~~~~~~~~~~~~~~~~~~~~~~~~~~~ cc1: all warnings being treated as errors [669/3086] Generating rte_bus_dpaa.sym_chk with a meson_exe.py custom command. [670/3086] Generating rte_bus_fslmc.sym_chk with a meson_exe.py custom command. [671/3086] Generating rte_common_cnxk.sym_chk with a meson_exe.py custom command. ninja: build stopped: subcommand failed. ==== End log output ==== Debian 12 (arm) Kernel: Depends on container host Compiler: gcc (Debian 12.2.0-14) 12.2.0 Ubuntu 20.04 Kernel: 5.4 Compiler: gcc gcc (Ubuntu 9.4.0-1ubuntu1~20.04.2) 9.4.0 Red Hat Enterprise Linux 9.5 Kernel: 5.4 Compiler: gcc gcc (GCC) 11.5.0 20240719 (Red Hat 11.5.0-2) Debian GNU/Linux 12 Kernel: 5.4 Compiler: gcc gcc (Debian 12.2.0-14+deb12u1) 12.2.0 CentOS Stream 9 Kernel: 5.4 Compiler: gcc gcc (GCC) 11.5.0 20240719 (Red Hat 11.5.0-11) Ubuntu 24.04 Kernel: 5.4 Compiler: gcc gcc (Ubuntu 13.3.0-6ubuntu2~24.04) 13.3.0 Fedora Linux 42 Kernel: 5.4 Compiler: clang gcc (GCC) 15.2.1 20250808 (Red Hat 15.2.1-1) Fedora Linux 40 Kernel: 5.4 Compiler: clang gcc (GCC) 14.2.1 20240912 (Red Hat 14.2.1-3) Fedora Linux 41 Kernel: 5.4 Compiler: clang gcc (GCC) 14.3.1 20250523 (Red Hat 14.3.1-1) CentOS Stream 10 Kernel: 5.4 Compiler: gcc gcc (GCC) 14.2.1 20250110 (Red Hat 14.2.1-8) Ubuntu 22.04 Kernel: 5.4 Compiler: gcc gcc (Ubuntu 11.4.0-1ubuntu1~22.04) 11.4.0 To view detailed results, visit: https://lab.dpdk.org/results/dashboard/tarballs/34962/ UNH-IOL DPDK Community Lab To manage your email subscriptions, visit: https://lab.dpdk.org/results/dashboard/preferences/subscriptions/