From mboxrd@z Thu Jan 1 00:00:00 1970 Return-Path: Received: from mails.dpdk.org (mails.dpdk.org [217.70.189.124]) by inbox.dpdk.org (Postfix) with ESMTP id 1899A46F55 for ; Tue, 23 Sep 2025 09:03:13 +0200 (CEST) Received: from mails.dpdk.org (localhost [127.0.0.1]) by mails.dpdk.org (Postfix) with ESMTP id 1387B40144; Tue, 23 Sep 2025 09:03:13 +0200 (CEST) Received: from mail-qk1-f228.google.com (mail-qk1-f228.google.com [209.85.222.228]) by mails.dpdk.org (Postfix) with ESMTP id 8E95F40144 for ; Tue, 23 Sep 2025 09:03:11 +0200 (CEST) Received: by mail-qk1-f228.google.com with SMTP id af79cd13be357-826311c1774so559631085a.2 for ; Tue, 23 Sep 2025 00:03:11 -0700 (PDT) DKIM-Signature: v=1; a=rsa-sha256; c=relaxed/relaxed; d=iol.unh.edu; s=unh-iol; t=1758610991; x=1759215791; darn=dpdk.org; h=cc:to:from:subject:message-id:date:from:to:cc:subject:date :message-id:reply-to; bh=EGDmhWMSec4cTRFjf17V6znTICn9kwNsbv+ypuV/aHw=; b=NiL5F7UXjrYogg99BZQqVCsQM5P7bl4j7+rYLKjXGxhlUtzZZuuOn9N/N4b5ZuQ/AA Zkb024/VHKhcWXrfJ0Wog0l0skFYWhFGE6/rAOT+tbYpxNRJ+/zxlHtIHSz0MAGLrjq+ dtjHxw9smTFy6oQqaEgtbgPRmPcCf41dXZ0wY= X-Google-DKIM-Signature: v=1; a=rsa-sha256; c=relaxed/relaxed; d=1e100.net; s=20230601; t=1758610991; x=1759215791; h=cc:to:from:subject:message-id:date:x-gm-message-state:from:to:cc :subject:date:message-id:reply-to; bh=EGDmhWMSec4cTRFjf17V6znTICn9kwNsbv+ypuV/aHw=; b=gPClj+nUzXlPrUecouni8iajKC2lyKkfeEOYLwCMtmfsbPEZMJL3dlgMcGTBCvjZ86 6g/BVenltbWVfQcGLRpF7hOf5IcIcDg8+wkJ13DleP1WBxoi/twrVc2zrhPwb3z18y8B Srd2Li+qJujB0vtrDRzLyAKGMT2nX0QjuVoNiwDVALsVGGmnp3M0/pkUp7e9C+O3Viry U/u4aTIrSUXZpJsqIGf8fQ2mmo9aCiWWvpCTTI89rboSUxeYwwkrdlNE37tq9FFMIHKQ WsOL/ULXsvEEijs1Vo70FfruviRBiU1b8250tiBp/ANMc2V5AvoiA9iPnNKyBJK4FDKZ Lw2A== X-Gm-Message-State: AOJu0YyWJWqF42oZGIMb32UntDWn/tdF/M9mG381wa17ZNFssVLICa+L oHZstVf6LqFHMr40BhmTlgH6QaMcs+dvGQ5D+PysB0Rm2vPZkcKYk0dhWTiW37VYoDpiLoJkyFa B7bHbkL5IgasyPuF3LyGR3jR/dt+1xJ98+zC5 X-Gm-Gg: ASbGncs5qt8xtp3iO9uWHNRJqdvWOG2h0UUOfRsh5LvEJZd2lB7wIhNwQIjQcBD5P0W X488S5EpV8HSkkOgP+qQ3vHV+woZsRLYCIShLwjsMJKVUxpCXjNGwPYguuh/85mxu6gVMrERFp7 88kub4LqOPdLuViqWKbVcB6tA97MjhFR1WqtsFzVxxqn3DlLX79V6n2WQFUCH5zoPT6eGUEmgwZ vOy/c0/FvhKG2Qw2DhyKbC3yV4/CjiPjgmB53MhtijKaz+QPcwFS8NI0TIHVQKe1+7Y9QzoP/AG Kj7oUblOMBRvQb+XicbpIxOnFifskIo+eHGM8gI4C5Ozuxx/GqniNyV2LFPbtUK6CE56y6RD X-Google-Smtp-Source: AGHT+IFstsnUXH2QDlcUtlmjvKDW7BiZA61YRJ44HxYTV8Nxd2dhmQuByZKBGWU+qn5BfdErNKVFPHR/72Xc X-Received: by 2002:a05:620a:2605:b0:852:9e8:4a00 with SMTP id af79cd13be357-85209e84b9fmr123120885a.61.1758610990815; Tue, 23 Sep 2025 00:03:10 -0700 (PDT) Received: from postal.iol.unh.edu (postal.iol.unh.edu. [132.177.123.84]) by smtp-relay.gmail.com with ESMTPS id af79cd13be357-845cde90a7dsm31604185a.6.2025.09.23.00.03.10 (version=TLS1_2 cipher=ECDHE-ECDSA-AES128-GCM-SHA256 bits=128/128); Tue, 23 Sep 2025 00:03:10 -0700 (PDT) X-Relaying-Domain: iol.unh.edu Date: Tue, 23 Sep 2025 00:03:10 -0700 (PDT) Message-ID: <68d2462e.050a0220.2f52d8.5e03SMTPIN_ADDED_MISSING@mx.google.com> Received: from [172.21.0.2] (unknown [172.18.0.240]) by postal.iol.unh.edu (Postfix) with ESMTP id 880416051830; Tue, 23 Sep 2025 03:03:10 -0400 (EDT) Subject: |FAILURE| [GIT MASTER] 62f583c49bf67dd4d6733ece14e55fe6839e66d1 From: dpdklab@iol.unh.edu To: Test Report Cc: dpdk-test-reports@iol.unh.edu, Xueming Li , Christian Ehrhardt , Kevin Traynor , Luca Boccassi Content-Type: text/plain X-BeenThere: test-report@dpdk.org X-Mailman-Version: 2.1.29 Precedence: list List-Id: automatic DPDK test reports List-Unsubscribe: , List-Archive: List-Post: List-Help: List-Subscribe: , Errors-To: test-report-bounces@dpdk.org _Testing issues_ Branch: tags/v23.11 62f583c49bf67dd4d6733ece14e55fe6839e66d1 --> testing issues Upstream job id: Generic-DPDK-Compile-Meson#427529 Test environment and result as below: +------------------------------+--------------------+ | Environment | dpdk_meson_compile | +==============================+====================+ | Red Hat Enterprise Linux 9.5 | PASS | +------------------------------+--------------------+ | Ubuntu 20.04 | PASS | +------------------------------+--------------------+ | Fedora Linux 42 | PASS | +------------------------------+--------------------+ | CentOS Stream 9 | PASS | +------------------------------+--------------------+ | Debian GNU/Linux 12 | PASS | +------------------------------+--------------------+ | Ubuntu 22.04 | PASS | +------------------------------+--------------------+ | Ubuntu 24.04 | PASS | +------------------------------+--------------------+ | CentOS Stream 10 | PASS | +------------------------------+--------------------+ Red Hat Enterprise Linux 9.5 Kernel: 5.4 Compiler: gcc gcc (GCC) 11.5.0 20240719 (Red Hat 11.5.0-2) Ubuntu 20.04 Kernel: 5.4 Compiler: gcc gcc (Ubuntu 9.4.0-1ubuntu1~20.04.2) 9.4.0 Fedora Linux 42 Kernel: 5.4 Compiler: gcc gcc (GCC) 15.2.1 20250808 (Red Hat 15.2.1-1) CentOS Stream 9 Kernel: 5.4 Compiler: gcc gcc (GCC) 11.5.0 20240719 (Red Hat 11.5.0-11) Debian GNU/Linux 12 Kernel: 5.4 Compiler: gcc gcc (Debian 12.2.0-14+deb12u1) 12.2.0 Ubuntu 22.04 Kernel: 5.4 Compiler: gcc gcc (Ubuntu 11.4.0-1ubuntu1~22.04) 11.4.0 Ubuntu 24.04 Kernel: 5.4 Compiler: gcc gcc (Ubuntu 13.3.0-6ubuntu2~24.04) 13.3.0 CentOS Stream 10 Kernel: 5.4 Compiler: gcc gcc (GCC) 14.2.1 20250110 (Red Hat 14.2.1-8) To view detailed results, visit: https://lab.dpdk.org/results/dashboard/tarballs/34962/ UNH-IOL DPDK Community Lab To manage your email subscriptions, visit: https://lab.dpdk.org/results/dashboard/preferences/subscriptions/