From: dpdklab@iol.unh.edu
To: Test Report <test-report@dpdk.org>
Cc: dpdk-test-reports@iol.unh.edu, Akhil Goyal <gakhil@marvell.com>
Subject: |SUCCESS| pw156843 [PATCH] test/crypto: fix for mbuf sanity check fa
Date: Tue, 23 Sep 2025 09:19:37 -0700 (PDT) [thread overview]
Message-ID: <68d2c899.050a0220.2e54a9.8118SMTPIN_ADDED_MISSING@mx.google.com> (raw)
In-Reply-To: <20250923142254.1904208-1-nkaithakadan@marvell.com>
Test-Label: iol-sample-apps-testing
Test-Status: SUCCESS
http://dpdk.org/patch/156843
_Testing PASS_
Submitter: Nithinsen Kaithakadan <nkaithakadan@marvell.com>
Date: Tuesday, September 23 2025 14:22:54
DPDK git baseline: Repo:dpdk-next-crypto
Branch: master
CommitID:4159ea62922ce41566c7bab44655ad78bee85458
156843 --> testing pass
Upstream job id: ACVP-FIPS-testing#11185
Test environment and result as below:
+--------------+----------------------+----------------------+
| Environment | dpdk_fips_validation | compressdev_zlib_pmd |
+==============+======================+======================+
| Ubuntu 20.04 | PASS | SKIPPED |
+--------------+----------------------+----------------------+
| Ubuntu 22.04 | SKIPPED | PASS |
+--------------+----------------------+----------------------+
Ubuntu 20.04
Kernel: 5.15
Compiler: gcc gcc (Ubuntu 9.4.0-1ubuntu1~20.04.2) 9.4.0
Ubuntu 22.04
Kernel: 5.15
Compiler: gcc gcc (Ubuntu 11.4.0-1ubuntu1~22.04.2) 11.4.0
To view detailed results, visit:
https://lab.dpdk.org/results/dashboard/patchsets/34122/
UNH-IOL DPDK Community Lab
To manage your email subscriptions, visit:
https://lab.dpdk.org/results/dashboard/preferences/subscriptions/
next prev parent reply other threads:[~2025-09-23 16:19 UTC|newest]
Thread overview: 22+ messages / expand[flat|nested] mbox.gz Atom feed top
[not found] <20250923142254.1904208-1-nkaithakadan@marvell.com>
2025-09-23 13:49 ` |SUCCESS| pw156843 [PATCH] test/crypto: fix for mbuf sanity check failure qemudev
2025-09-23 13:54 ` qemudev
2025-09-23 14:21 ` checkpatch
2025-09-23 14:50 ` |PENDING| pw156843 [PATCH] test/crypto: fix for mbuf sanity check fa dpdklab
2025-09-23 14:51 ` dpdklab
2025-09-23 14:53 ` |SUCCESS| " dpdklab
2025-09-23 14:57 ` dpdklab
2025-09-23 15:01 ` |PENDING| " dpdklab
2025-09-23 15:10 ` |SUCCESS| " dpdklab
2025-09-23 15:13 ` dpdklab
2025-09-23 15:14 ` |FAILURE| " dpdklab
2025-09-23 15:15 ` |SUCCESS| " dpdklab
2025-09-23 15:22 ` |SUCCESS| pw156843 [PATCH] test/crypto: fix for mbuf sanity check failure 0-day Robot
2025-09-23 15:22 ` 0-day Robot
2025-09-23 15:42 ` |SUCCESS| pw156843 [PATCH] test/crypto: fix for mbuf sanity check fa dpdklab
2025-09-23 15:43 ` dpdklab
2025-09-23 15:54 ` dpdklab
2025-09-23 16:19 ` dpdklab [this message]
2025-09-23 16:20 ` dpdklab
2025-09-23 16:43 ` dpdklab
2025-09-23 21:18 ` dpdklab
2025-09-27 2:42 ` dpdklab
Reply instructions:
You may reply publicly to this message via plain-text email
using any one of the following methods:
* Save the following mbox file, import it into your mail client,
and reply-to-all from there: mbox
Avoid top-posting and favor interleaved quoting:
https://en.wikipedia.org/wiki/Posting_style#Interleaved_style
* Reply using the --to, --cc, and --in-reply-to
switches of git-send-email(1):
git send-email \
--in-reply-to=68d2c899.050a0220.2e54a9.8118SMTPIN_ADDED_MISSING@mx.google.com \
--to=dpdklab@iol.unh.edu \
--cc=dpdk-test-reports@iol.unh.edu \
--cc=gakhil@marvell.com \
--cc=test-report@dpdk.org \
/path/to/YOUR_REPLY
https://kernel.org/pub/software/scm/git/docs/git-send-email.html
* If your mail client supports setting the In-Reply-To header
via mailto: links, try the mailto: link
Be sure your reply has a Subject: header at the top and a blank line
before the message body.
This is a public inbox, see mirroring instructions
for how to clone and mirror all data and code used for this inbox;
as well as URLs for NNTP newsgroup(s).