From: dpdklab@iol.unh.edu
To: Test Report <test-report@dpdk.org>
Cc: dpdk-test-reports@iol.unh.edu, Akhil Goyal <gakhil@marvell.com>
Subject: |SUCCESS| pw156847-156849 [PATCH] [3/3] app/compress-perf: support f
Date: Tue, 23 Sep 2025 18:29:52 -0700 (PDT) [thread overview]
Message-ID: <68d34990.050a0220.fbcc9.b153SMTPIN_ADDED_MISSING@mx.google.com> (raw)
In-Reply-To: <20250923163115.1397923-3-svaze@qti.qualcomm.com>
Test-Label: iol-unit-arm64-testing
Test-Status: SUCCESS
http://dpdk.org/patch/156849
_Testing PASS_
Submitter: Sameer Vaze <svaze@qti.qualcomm.com>
Date: Tuesday, September 23 2025 16:31:15
DPDK git baseline: Repo:dpdk-next-crypto
Branch: master
CommitID:4159ea62922ce41566c7bab44655ad78bee85458
156847-156849 --> testing pass
Upstream job id: Generic-Unit-Test-DPDK#374126
Test environment and result as below:
+------------------------------+--------------+---------------------------+------------------------------+----------------+
| Environment | lpm_autotest | cryptodev_sw_zuc_autotest | cryptodev_sw_snow3g_autotest | dpdk_unit_test |
+==============================+==============+===========================+==============================+================+
| Ubuntu 20.04 | PASS | SKIPPED | SKIPPED | PASS |
+------------------------------+--------------+---------------------------+------------------------------+----------------+
| Debian 12 (arm) | SKIPPED | PASS | PASS | SKIPPED |
+------------------------------+--------------+---------------------------+------------------------------+----------------+
| Debian GNU/Linux 12 | SKIPPED | SKIPPED | SKIPPED | PASS |
+------------------------------+--------------+---------------------------+------------------------------+----------------+
| CentOS Stream 10 | SKIPPED | SKIPPED | SKIPPED | PASS |
+------------------------------+--------------+---------------------------+------------------------------+----------------+
| Fedora Linux 41 | SKIPPED | SKIPPED | SKIPPED | PASS |
+------------------------------+--------------+---------------------------+------------------------------+----------------+
| Fedora Linux 40 | SKIPPED | SKIPPED | SKIPPED | PASS |
+------------------------------+--------------+---------------------------+------------------------------+----------------+
| CentOS Stream 9 | SKIPPED | SKIPPED | SKIPPED | PASS |
+------------------------------+--------------+---------------------------+------------------------------+----------------+
| Fedora Linux 42 | SKIPPED | SKIPPED | SKIPPED | PASS |
+------------------------------+--------------+---------------------------+------------------------------+----------------+
| Ubuntu 24.04 | SKIPPED | SKIPPED | SKIPPED | PASS |
+------------------------------+--------------+---------------------------+------------------------------+----------------+
| Ubuntu 22.04 | SKIPPED | SKIPPED | SKIPPED | PASS |
+------------------------------+--------------+---------------------------+------------------------------+----------------+
| Red Hat Enterprise Linux 9.5 | SKIPPED | SKIPPED | SKIPPED | PASS |
+------------------------------+--------------+---------------------------+------------------------------+----------------+
Ubuntu 20.04
Kernel: 5.4
Compiler: gcc gcc (Ubuntu 9.4.0-1ubuntu1~20.04.2) 9.4.0
Debian 12 (arm)
Kernel: Depends on container host
Compiler: gcc (Debian 12.2.0-14) 12.2.0
Debian GNU/Linux 12
Kernel: 5.4
Compiler: gcc gcc (Debian 12.2.0-14+deb12u1) 12.2.0
CentOS Stream 10
Kernel: 5.4
Compiler: gcc gcc (GCC) 14.2.1 20250110 (Red Hat 14.2.1-8)
Fedora Linux 41
Kernel: 5.4
Compiler: gcc gcc (GCC) 14.3.1 20250523 (Red Hat 14.3.1-1)
Fedora Linux 40
Kernel: 5.4
Compiler: gcc gcc (GCC) 14.2.1 20240912 (Red Hat 14.2.1-3)
CentOS Stream 9
Kernel: 5.4
Compiler: gcc gcc (GCC) 11.5.0 20240719 (Red Hat 11.5.0-11)
Fedora Linux 42
Kernel: 5.4
Compiler: gcc gcc (GCC) 15.2.1 20250808 (Red Hat 15.2.1-1)
Ubuntu 24.04
Kernel: 5.4
Compiler: gcc gcc (Ubuntu 13.3.0-6ubuntu2~24.04) 13.3.0
Ubuntu 22.04
Kernel: 5.4
Compiler: gcc gcc (Ubuntu 11.4.0-1ubuntu1~22.04) 11.4.0
Red Hat Enterprise Linux 9.5
Kernel: 5.4
Compiler: gcc gcc (GCC) 11.5.0 20240719 (Red Hat 11.5.0-2)
To view detailed results, visit:
https://lab.dpdk.org/results/dashboard/patchsets/34126/
UNH-IOL DPDK Community Lab
To manage your email subscriptions, visit:
https://lab.dpdk.org/results/dashboard/preferences/subscriptions/
prev parent reply other threads:[~2025-09-24 1:29 UTC|newest]
Thread overview: 22+ messages / expand[flat|nested] mbox.gz Atom feed top
[not found] <20250923163115.1397923-3-svaze@qti.qualcomm.com>
2025-09-23 15:57 ` |SUCCESS| pw156847-156849 [PATCH 3/3] app/compress-perf: support for dictionaries and PDCP checksum qemudev
2025-09-23 16:02 ` qemudev
2025-09-23 16:30 ` |SUCCESS| pw156849 " checkpatch
2025-09-23 17:02 ` |PENDING| pw156847-156849 [PATCH] [3/3] app/compress-perf: support f dpdklab
2025-09-23 17:03 ` dpdklab
2025-09-23 17:04 ` |SUCCESS| " dpdklab
2025-09-23 17:09 ` dpdklab
2025-09-23 17:16 ` |PENDING| " dpdklab
2025-09-23 17:21 ` |SUCCESS| " dpdklab
2025-09-23 17:25 ` dpdklab
2025-09-23 17:26 ` dpdklab
2025-09-23 17:31 ` |FAILURE| " dpdklab
2025-09-23 17:46 ` |SUCCESS| " dpdklab
2025-09-23 17:54 ` |FAILURE| " dpdklab
2025-09-23 18:06 ` dpdklab
2025-09-23 18:06 ` |SUCCESS| " dpdklab
2025-09-23 18:06 ` dpdklab
2025-09-23 18:24 ` dpdklab
2025-09-23 18:39 ` |SUCCESS| pw156849 [PATCH 3/3] app/compress-perf: support for dictionaries and PDCP checksum 0-day Robot
2025-09-23 18:39 ` 0-day Robot
2025-09-23 23:52 ` |SUCCESS| pw156847-156849 [PATCH] [3/3] app/compress-perf: support f dpdklab
2025-09-24 1:29 ` dpdklab [this message]
Reply instructions:
You may reply publicly to this message via plain-text email
using any one of the following methods:
* Save the following mbox file, import it into your mail client,
and reply-to-all from there: mbox
Avoid top-posting and favor interleaved quoting:
https://en.wikipedia.org/wiki/Posting_style#Interleaved_style
* Reply using the --to, --cc, and --in-reply-to
switches of git-send-email(1):
git send-email \
--in-reply-to=68d34990.050a0220.fbcc9.b153SMTPIN_ADDED_MISSING@mx.google.com \
--to=dpdklab@iol.unh.edu \
--cc=dpdk-test-reports@iol.unh.edu \
--cc=gakhil@marvell.com \
--cc=test-report@dpdk.org \
/path/to/YOUR_REPLY
https://kernel.org/pub/software/scm/git/docs/git-send-email.html
* If your mail client supports setting the In-Reply-To header
via mailto: links, try the mailto: link
Be sure your reply has a Subject: header at the top and a blank line
before the message body.
This is a public inbox, see mirroring instructions
for how to clone and mirror all data and code used for this inbox;
as well as URLs for NNTP newsgroup(s).