From mboxrd@z Thu Jan 1 00:00:00 1970 Return-Path: Received: from mails.dpdk.org (mails.dpdk.org [217.70.189.124]) by inbox.dpdk.org (Postfix) with ESMTP id 6850746F3D for ; Wed, 24 Sep 2025 08:03:42 +0200 (CEST) Received: from mails.dpdk.org (localhost [127.0.0.1]) by mails.dpdk.org (Postfix) with ESMTP id 9B2BF4027C; Wed, 24 Sep 2025 08:03:41 +0200 (CEST) Received: from mail-yb1-f228.google.com (mail-yb1-f228.google.com [209.85.219.228]) by mails.dpdk.org (Postfix) with ESMTP id 863AD4027C for ; Wed, 24 Sep 2025 08:03:39 +0200 (CEST) Received: by mail-yb1-f228.google.com with SMTP id 3f1490d57ef6-eaf8e473ddcso652574276.0 for ; Tue, 23 Sep 2025 23:03:39 -0700 (PDT) DKIM-Signature: v=1; a=rsa-sha256; c=relaxed/relaxed; d=iol.unh.edu; s=unh-iol; t=1758693819; x=1759298619; darn=dpdk.org; h=cc:to:from:subject:message-id:date:from:to:cc:subject:date :message-id:reply-to; bh=Z0sYdqoW60CSghoefbTS1D3EFX3Unzl7ko0zCPZa5KU=; b=Y26LnxyCPK+/elLvJWiwd4jVf5nuY/8iiug2KsdcXEiQ+UYYes/ATf051jZImQXl6r h3jQ1EpDhvLW3idyhQ/qsOfHjATXbArJAN1YZdWbzzZ8Hq700uLjbLSPAHRXVukU/dOz D3Q6//4owu6BJSr1IvF7TvGiv7feUkiKcFo4w= X-Google-DKIM-Signature: v=1; a=rsa-sha256; c=relaxed/relaxed; d=1e100.net; s=20230601; t=1758693819; x=1759298619; h=cc:to:from:subject:message-id:date:x-gm-message-state:from:to:cc :subject:date:message-id:reply-to; bh=Z0sYdqoW60CSghoefbTS1D3EFX3Unzl7ko0zCPZa5KU=; b=q0HpRSUYYj+hmJM0FQ2iRXIklsYGd50GHTTFDi5cr3Txej6E4xjydDfZehfvriO1OD GhANXyGOBFnM4NB1IEOiUP1Ij0wq0koee3XflYXH+duePSzzZi7Q7svXi+d+9jKHv0VC UF7RbksT0peZ2X81/OCmsBpAwx/EP7Exh1URux03qGpIVy8vzu2sbYEsQRf4eDAAdX3W vTiQqaOsITFCZmdWY9RXgkHryiarKHH+86aIBX9ebUwfThTGS7iC34jzYCq1RtVWYDTY mklziI1CLbGYGyV8KmQLZ3o/fRJK69w3ojL199rALoYItGgqYZlRSdQo4ipjqLJtqXzh FsCA== X-Gm-Message-State: AOJu0Yzj1Z898/FLgVlDfTTTbV5SEeUUgPLU9Wlj8jUpUSjE2y0b1q6T MmwJFzMLjj8BBJ4MONj/UmwvGVCbbA+tAAywD91JFUJsEzCJSpwG8jPwURE3wUWChocsotOvZib OYf/jmiB872a7+u/IahSDqxDDFalgIUXL8rI7 X-Gm-Gg: ASbGncsiKDPlmSz6NGUE1NzrFuZUChP9n+U2dhsvDld2wGPMZKBB1jfjrrO14/w5pRz OcJiqKf18vlOKfOJpjk+pi4oLXjAuN9Hn2EWeSHUmp5gh3wJqCjaoHD4OhBtN4qbrXxOVNt9SYu CCjD1T7XmB4SnhlrI7E90YyYC029r3ijEOrs+/K67mWosmVPV1E7SEddyMf7lyqnhz70zQa927J zwYTUeLriTwGpxZcC8ALXwp242MBN8PAIc3xTfaptN9r/KXXczI1saEtCyGanIiaBBmgXMZXEXY 2PaOswAsx2XS0xI+GJth073yyf/NacXpbUn24S9ctZd0mVXom0m6MLwC7v+5xNm20oCiBnMX X-Google-Smtp-Source: AGHT+IFozHj7pMucdocvm/U//bZWgneH8QNgEWLxHeeRT9ngAjUskmtQL8In/e2NPWCi3DFgz/4XID6vqcDl X-Received: by 2002:a05:690e:4302:b0:630:8dab:64f7 with SMTP id 956f58d0204a3-63610310b76mr557844d50.2.1758693818670; Tue, 23 Sep 2025 23:03:38 -0700 (PDT) Received: from postal.iol.unh.edu (postal.iol.unh.edu. [132.177.123.84]) by smtp-relay.gmail.com with ESMTPS id 00721157ae682-7397179f229sm6859467b3.13.2025.09.23.23.03.38 (version=TLS1_2 cipher=ECDHE-ECDSA-AES128-GCM-SHA256 bits=128/128); Tue, 23 Sep 2025 23:03:38 -0700 (PDT) X-Relaying-Domain: iol.unh.edu Date: Tue, 23 Sep 2025 23:03:38 -0700 (PDT) Message-ID: <68d389ba.050a0220.3c7010.c49bSMTPIN_ADDED_MISSING@mx.google.com> Received: from [172.21.0.2] (unknown [172.18.0.240]) by postal.iol.unh.edu (Postfix) with ESMTP id 59E5A6051830; Wed, 24 Sep 2025 02:03:38 -0400 (EDT) Subject: |FAILURE| [GIT MASTER] 62f583c49bf67dd4d6733ece14e55fe6839e66d1 From: dpdklab@iol.unh.edu To: Test Report Cc: dpdk-test-reports@iol.unh.edu, Xueming Li , Christian Ehrhardt , Kevin Traynor , Luca Boccassi Content-Type: text/plain X-BeenThere: test-report@dpdk.org X-Mailman-Version: 2.1.29 Precedence: list List-Id: automatic DPDK test reports List-Unsubscribe: , List-Archive: List-Post: List-Help: List-Subscribe: , Errors-To: test-report-bounces@dpdk.org _Testing issues_ Branch: tags/v23.11 62f583c49bf67dd4d6733ece14e55fe6839e66d1 --> testing issues Upstream job id: Generic-Unit-Test-DPDK#374256 Test environment and result as below: +-------------------------------+----------------+ | Environment | dpdk_unit_test | +===============================+================+ | Fedora Linux 40 | PASS | +-------------------------------+----------------+ | Red Hat Enterprise Linux 9.5 | PASS | +-------------------------------+----------------+ | CentOS Stream 9 | PASS | +-------------------------------+----------------+ | Debian GNU/Linux 12 | PASS | +-------------------------------+----------------+ | Fedora Linux 41 | PASS | +-------------------------------+----------------+ | Fedora Linux 42 | WARN | +-------------------------------+----------------+ | Ubuntu 20.04 | PASS | +-------------------------------+----------------+ | CentOS Stream 10 | PASS | +-------------------------------+----------------+ | Ubuntu 22.04 | PASS | +-------------------------------+----------------+ | Red Hat Enterprise Linux 8.10 | PASS | +-------------------------------+----------------+ | Ubuntu 24.04 | PASS | +-------------------------------+----------------+ | Windows Server 2022 | FAIL | +-------------------------------+----------------+ ==== Unit test summary for Windows Server 2022 (dpdk_unit_test): ==== Failed to get the unit test results. Displaying the unit test results is not supported for some environments, such as our aarch32 testing, where meson is not used to run the tests. Download the logs available on our CI site. ==== End log output ==== Fedora Linux 40 Kernel: 5.15 Compiler: clang gcc (GCC) 14.2.1 20240912 (Red Hat 14.2.1-3) Red Hat Enterprise Linux 9.5 Kernel: 5.15 Compiler: gcc gcc (GCC) 11.5.0 20240719 (Red Hat 11.5.0-2) CentOS Stream 9 Kernel: 5.15 Compiler: gcc gcc (GCC) 11.5.0 20240719 (Red Hat 11.5.0-11) Debian GNU/Linux 12 Kernel: 5.15 Compiler: gcc gcc (Debian 12.2.0-14+deb12u1) 12.2.0 Fedora Linux 41 Kernel: 5.15 Compiler: gcc gcc (GCC) 14.3.1 20250523 (Red Hat 14.3.1-1) Fedora Linux 42 Kernel: 5.15 Compiler: clang gcc (GCC) 15.2.1 20250808 (Red Hat 15.2.1-1) Ubuntu 20.04 Kernel: 5.15 Compiler: gcc gcc (Ubuntu 9.4.0-1ubuntu1~20.04.2) 9.4.0 CentOS Stream 10 Kernel: 5.15 Compiler: gcc gcc (GCC) 14.2.1 20250110 (Red Hat 14.2.1-8) Ubuntu 22.04 Kernel: 5.15 Compiler: gcc gcc (Ubuntu 11.4.0-1ubuntu1~22.04) 11.4.0 Red Hat Enterprise Linux 8.10 Kernel: 5.15 Compiler: gcc gcc (GCC) 8.5.0 20210514 (Red Hat 8.5.0-22) Ubuntu 24.04 Kernel: 5.15 Compiler: gcc gcc (Ubuntu 13.3.0-6ubuntu2~24.04) 13.3.0 Windows Server 2022 Kernel: 10.0.20348.2031 Compiler: clang 15.0.7, gcc 14.1.0 (MinGW), and MSVC VS 19.39.33521 To view detailed results, visit: https://lab.dpdk.org/results/dashboard/tarballs/34976/ UNH-IOL DPDK Community Lab To manage your email subscriptions, visit: https://lab.dpdk.org/results/dashboard/preferences/subscriptions/