From mboxrd@z Thu Jan 1 00:00:00 1970 Return-Path: Received: from mails.dpdk.org (mails.dpdk.org [217.70.189.124]) by inbox.dpdk.org (Postfix) with ESMTP id 59ACB46F64 for ; Wed, 24 Sep 2025 09:14:23 +0200 (CEST) Received: from mails.dpdk.org (localhost [127.0.0.1]) by mails.dpdk.org (Postfix) with ESMTP id 52B7E4027C; Wed, 24 Sep 2025 09:14:23 +0200 (CEST) Received: from mail-pj1-f97.google.com (mail-pj1-f97.google.com [209.85.216.97]) by mails.dpdk.org (Postfix) with ESMTP id A0EC74027C for ; Wed, 24 Sep 2025 09:14:22 +0200 (CEST) Received: by mail-pj1-f97.google.com with SMTP id 98e67ed59e1d1-32eb76b9039so6918499a91.1 for ; Wed, 24 Sep 2025 00:14:22 -0700 (PDT) DKIM-Signature: v=1; a=rsa-sha256; c=relaxed/relaxed; d=iol.unh.edu; s=unh-iol; t=1758698062; x=1759302862; darn=dpdk.org; h=cc:to:from:subject:message-id:date:from:to:cc:subject:date :message-id:reply-to; bh=w+/5ukLNjimSvxL8q0qkgWrUffdOeFVZYhKzLLXFcBA=; b=VNipupi6JBMXBI4+vtdMCz4n7v7pykr8RMvnJ9/er1jSWDpA6M+aqmJztmSLfjiw29 UGgrImBsJ83sv9gksLbV07EGSIy8MswYl2A2Hg+zp3MFbVIchAZSNFf0k9/6qcfInr/x XU4V0t2k22n+ZwTdikV5jOyCnh6B9orwovCG8= X-Google-DKIM-Signature: v=1; a=rsa-sha256; c=relaxed/relaxed; d=1e100.net; s=20230601; t=1758698062; x=1759302862; h=cc:to:from:subject:message-id:date:x-gm-message-state:from:to:cc :subject:date:message-id:reply-to; bh=w+/5ukLNjimSvxL8q0qkgWrUffdOeFVZYhKzLLXFcBA=; b=dlOcPAMPvGYpmj1lXdLflyy2HmjR9WDL4L4TejasPXDnhXTNT5OLKgbUnkANd7K3ns LIb09S5VcsS7uyRbSOyLTz4cIk6mac97gMHJhCVTXx2eav6Z14GfTbHSb3vQK1QIJoDx pgLRParXKIS5dD8gUyzNpiNKAa3bAxPo/2FlnEMKVeLNK0TYRpRycFnZpZ0D3F5JL920 +9j/IK8Ll63PZsh/b4MrQKonzc5Ib+fbbxuArfHTjfgZ9MmIO8ZWr+dZStnYwdyFXjaq y26HAJpdtljt72RlGkBtg7vd8z5DS9vLRoz1RpiWVroEgyNuXjlNogEPUZQGPjd90S3j z95g== X-Gm-Message-State: AOJu0YyY+GKhw4LlIc6OApqh51l0JWz8iA9neNzGmTNol8UhNNOqPxd5 imKXJoAcyTI4FkS7SCIOI6d9uKGRVruXklbU4mOSmlChsycUxL0Gqx8+mMIrqkrrSVP23+IOP5q 8iaMXAol5WkSRdwvBeoFnU9+9XxRWDN1MN0df X-Gm-Gg: ASbGnct9vT1naZvJFfUoroxqsJSKSMetwKQPiJqtwUsn5P0C+16yeWXsHTk1OrrF8zP RVgd+WsKy+a5WMSp5c32zGlEDLKmzOUuqvglTDtR1T1+5AKU+4W4HKgvzPp3DEXbEwIKo26vXpR vevu8N+JyuI2JO6DFgpBV7BjwJQ1uaYnapML6mtMPPKnTQL5JMJcoftL5XM99Xh97oBjq8vPAJ2 iT9FKcG1UvMwpNXJ14GAg9VYcrypD0IrO+M20l1Q1SnbGwxGQ3DCiLmupDJJgisutL+u9lE1TTx imrzr0+Io6R5c7KlsfLnmIxFFaC2UzSf98Tp7dU3zyv2QQHwvheEoxbKGc8T/c2pQTDrrgHF X-Google-Smtp-Source: AGHT+IFCAMsteM9H0QNKG6A+RHnAKF2pHahOKxr1aq5o8vewZEGzj6wBgkT9k90cKdXLk0/cgecQxTdW0BmQ X-Received: by 2002:a17:90b:5448:b0:32b:b514:3928 with SMTP id 98e67ed59e1d1-332a96fb7cfmr5876848a91.33.1758698061712; Wed, 24 Sep 2025 00:14:21 -0700 (PDT) Received: from postal.iol.unh.edu (postal.iol.unh.edu. [132.177.123.84]) by smtp-relay.gmail.com with ESMTPS id 41be03b00d2f7-b553123e855sm672016a12.3.2025.09.24.00.14.21 (version=TLS1_2 cipher=ECDHE-ECDSA-AES128-GCM-SHA256 bits=128/128); Wed, 24 Sep 2025 00:14:21 -0700 (PDT) X-Relaying-Domain: iol.unh.edu Date: Wed, 24 Sep 2025 00:14:21 -0700 (PDT) Message-ID: <68d39a4d.050a0220.2e54a9.e38aSMTPIN_ADDED_MISSING@mx.google.com> Received: from [172.21.0.2] (unknown [172.18.0.240]) by postal.iol.unh.edu (Postfix) with ESMTP id 003E06050A61; Wed, 24 Sep 2025 03:14:21 -0400 (EDT) Subject: |FAILURE| [GIT MASTER] 62f583c49bf67dd4d6733ece14e55fe6839e66d1 From: dpdklab@iol.unh.edu To: Test Report Cc: dpdk-test-reports@iol.unh.edu, Xueming Li , Christian Ehrhardt , Kevin Traynor , Luca Boccassi Content-Type: text/plain X-BeenThere: test-report@dpdk.org X-Mailman-Version: 2.1.29 Precedence: list List-Id: automatic DPDK test reports List-Unsubscribe: , List-Archive: List-Post: List-Help: List-Subscribe: , Errors-To: test-report-bounces@dpdk.org _Testing issues_ Branch: tags/v23.11 62f583c49bf67dd4d6733ece14e55fe6839e66d1 --> testing issues Upstream job id: Generic-DPDK-Compile-Meson#427920 Test environment and result as below: +------------------------------+--------------------+ | Environment | dpdk_meson_compile | +==============================+====================+ | Ubuntu 20.04 | PASS | +------------------------------+--------------------+ | Red Hat Enterprise Linux 9.5 | PASS | +------------------------------+--------------------+ | Debian GNU/Linux 12 | PASS | +------------------------------+--------------------+ | Fedora Linux 42 | PASS | +------------------------------+--------------------+ | Ubuntu 24.04 | PASS | +------------------------------+--------------------+ | Ubuntu 22.04 | PASS | +------------------------------+--------------------+ | CentOS Stream 9 | PASS | +------------------------------+--------------------+ | CentOS Stream 10 | PASS | +------------------------------+--------------------+ Ubuntu 20.04 Kernel: 5.15 Compiler: aarch64-linux-gnu-gcc gcc (Ubuntu 9.4.0-1ubuntu1~20.04.2) 9.4.0 Red Hat Enterprise Linux 9.5 Kernel: 5.4 Compiler: gcc gcc (GCC) 11.5.0 20240719 (Red Hat 11.5.0-2) Debian GNU/Linux 12 Kernel: 5.4 Compiler: gcc gcc (Debian 12.2.0-14+deb12u1) 12.2.0 Fedora Linux 42 Kernel: 5.4 Compiler: gcc gcc (GCC) 15.2.1 20250808 (Red Hat 15.2.1-1) Ubuntu 24.04 Kernel: 5.4 Compiler: gcc gcc (Ubuntu 13.3.0-6ubuntu2~24.04) 13.3.0 Ubuntu 22.04 Kernel: 5.4 Compiler: gcc gcc (Ubuntu 11.4.0-1ubuntu1~22.04) 11.4.0 CentOS Stream 9 Kernel: 5.4 Compiler: gcc gcc (GCC) 11.5.0 20240719 (Red Hat 11.5.0-11) CentOS Stream 10 Kernel: 5.4 Compiler: gcc gcc (GCC) 14.2.1 20250110 (Red Hat 14.2.1-8) To view detailed results, visit: https://lab.dpdk.org/results/dashboard/tarballs/34976/ UNH-IOL DPDK Community Lab To manage your email subscriptions, visit: https://lab.dpdk.org/results/dashboard/preferences/subscriptions/