From: dpdklab@iol.unh.edu
To: Test Report <test-report@dpdk.org>
Cc: dpdk-test-reports@iol.unh.edu
Subject: |SUCCESS| pw156907-156909 [PATCH] [v4,3/3] dts: update tx_offload te
Date: Wed, 24 Sep 2025 10:31:27 -0700 (PDT) [thread overview]
Message-ID: <68d42aef.050a0220.101657.c9f2SMTPIN_ADDED_MISSING@mx.google.com> (raw)
In-Reply-To: <20250924164725.168773-4-abailey@iol.unh.edu>
Test-Label: iol-sample-apps-testing
Test-Status: SUCCESS
http://dpdk.org/patch/156909
_Testing PASS_
Submitter: Andrew Bailey <abailey@iol.unh.edu>
Date: Wednesday, September 24 2025 16:47:25
DPDK git baseline: Repo:dpdk
Branch: master
CommitID:441861b4a30e6b6b6aca07367dd487657b1f50e8
156907-156909 --> testing pass
Upstream job id: Template-DTS-Pipeline#246138
Test environment and result as below:
+--------------+----------------------+
| Environment | compressdev_zlib_pmd |
+==============+======================+
| Ubuntu 22.04 | PASS |
+--------------+----------------------+
Ubuntu 22.04
Kernel: 5.15
Compiler: gcc gcc (Ubuntu 11.4.0-1ubuntu1~22.04.2) 11.4.0
To view detailed results, visit:
https://lab.dpdk.org/results/dashboard/patchsets/34140/
UNH-IOL DPDK Community Lab
To manage your email subscriptions, visit:
https://lab.dpdk.org/results/dashboard/preferences/subscriptions/
next prev parent reply other threads:[~2025-09-24 17:31 UTC|newest]
Thread overview: 22+ messages / expand[flat|nested] mbox.gz Atom feed top
[not found] <20250924164725.168773-4-abailey@iol.unh.edu>
2025-09-24 16:45 ` |SUCCESS| pw156909 [PATCH v4 3/3] dts: update tx_offload test from old dts checkpatch
2025-09-24 17:15 ` |FAILURE| pw156907-156909 [PATCH] [v4,3/3] dts: update tx_offload te dpdklab
2025-09-24 17:18 ` |PENDING| " dpdklab
2025-09-24 17:21 ` |SUCCESS| " dpdklab
2025-09-24 17:26 ` dpdklab
2025-09-24 17:31 ` dpdklab
2025-09-24 17:31 ` dpdklab [this message]
2025-09-24 17:39 ` dpdklab
2025-09-24 17:40 ` dpdklab
2025-09-24 18:24 ` |PENDING| " dpdklab
2025-09-24 18:31 ` |SUCCESS| " dpdklab
2025-09-24 18:31 ` dpdklab
2025-09-24 18:36 ` |PENDING| " dpdklab
2025-09-24 19:14 ` |SUCCESS| " dpdklab
2025-09-24 20:00 ` dpdklab
2025-09-24 20:00 ` dpdklab
2025-09-24 20:03 ` dpdklab
2025-09-24 20:17 ` dpdklab
2025-09-24 20:26 ` dpdklab
2025-09-24 21:33 ` |WARNING| " dpdklab
2025-09-25 1:52 ` |SUCCESS| " dpdklab
2025-09-25 2:59 ` dpdklab
Reply instructions:
You may reply publicly to this message via plain-text email
using any one of the following methods:
* Save the following mbox file, import it into your mail client,
and reply-to-all from there: mbox
Avoid top-posting and favor interleaved quoting:
https://en.wikipedia.org/wiki/Posting_style#Interleaved_style
* Reply using the --to, --cc, and --in-reply-to
switches of git-send-email(1):
git send-email \
--in-reply-to=68d42aef.050a0220.101657.c9f2SMTPIN_ADDED_MISSING@mx.google.com \
--to=dpdklab@iol.unh.edu \
--cc=dpdk-test-reports@iol.unh.edu \
--cc=test-report@dpdk.org \
/path/to/YOUR_REPLY
https://kernel.org/pub/software/scm/git/docs/git-send-email.html
* If your mail client supports setting the In-Reply-To header
via mailto: links, try the mailto: link
Be sure your reply has a Subject: header at the top and a blank line
before the message body.
This is a public inbox, see mirroring instructions
for how to clone and mirror all data and code used for this inbox;
as well as URLs for NNTP newsgroup(s).