From: dpdklab@iol.unh.edu
To: Test Report <test-report@dpdk.org>
Cc: dpdk-test-reports@iol.unh.edu
Subject: |SUCCESS| pw156916-156922 [PATCH] [v3,7/7] power: separate public an
Date: Wed, 24 Sep 2025 11:15:13 -0700 (PDT) [thread overview]
Message-ID: <68d43531.050a0220.2b4e8b.3b6eSMTPIN_ADDED_MISSING@mx.google.com> (raw)
In-Reply-To: <20250924172536.2447183-8-david.marchand@redhat.com>
Test-Label: iol-compile-amd64-testing
Test-Status: SUCCESS
http://dpdk.org/patch/156922
_Testing PASS_
Submitter: David Marchand <david.marchand@redhat.com>
Date: Wednesday, September 24 2025 17:25:35
DPDK git baseline: Repo:dpdk
Branch: master
CommitID:441861b4a30e6b6b6aca07367dd487657b1f50e8
156916-156922 --> testing pass
Upstream job id: Generic-VM-DPDK-Compile-Meson#38553
Test environment and result as below:
+--------------+--------------------+
| Environment | dpdk_meson_compile |
+==============+====================+
| FreeBSD 14.2 | PASS |
+--------------+--------------------+
FreeBSD 14.2
Kernel: 14.2-RELEASE
Compiler: clang 18.1.6
To view detailed results, visit:
https://lab.dpdk.org/results/dashboard/patchsets/34142/
UNH-IOL DPDK Community Lab
To manage your email subscriptions, visit:
https://lab.dpdk.org/results/dashboard/preferences/subscriptions/
next prev parent reply other threads:[~2025-09-24 18:15 UTC|newest]
Thread overview: 25+ messages / expand[flat|nested] mbox.gz Atom feed top
[not found] <20250924172536.2447183-8-david.marchand@redhat.com>
2025-09-24 16:57 ` |SUCCESS| pw156916-156922 [PATCH v3 7/7] power: separate public and driver headers qemudev
2025-09-24 17:02 ` qemudev
2025-09-24 17:24 ` |SUCCESS| pw156922 " checkpatch
2025-09-24 18:11 ` |SUCCESS| pw156916-156922 [PATCH] [v3,7/7] power: separate public an dpdklab
2025-09-24 18:15 ` dpdklab [this message]
2025-09-24 18:16 ` dpdklab
2025-09-24 18:22 ` dpdklab
2025-09-24 18:30 ` dpdklab
2025-09-24 18:49 ` dpdklab
2025-09-24 18:58 ` dpdklab
2025-09-24 18:58 ` dpdklab
2025-09-24 18:58 ` |FAILURE| pw156922 [PATCH v3 7/7] power: separate public and driver headers 0-day Robot
2025-09-24 19:04 ` |PENDING| pw156916-156922 [PATCH] [v3,7/7] power: separate public an dpdklab
2025-09-24 19:20 ` |FAILURE| " dpdklab
2025-09-24 19:30 ` dpdklab
2025-09-24 19:42 ` dpdklab
2025-09-24 20:29 ` |PENDING| " dpdklab
2025-09-24 20:39 ` |FAILURE| " dpdklab
2025-09-24 21:21 ` |SUCCESS| " dpdklab
2025-09-24 21:46 ` dpdklab
2025-09-24 22:12 ` |FAILURE| " dpdklab
2025-09-24 22:36 ` |SUCCESS| " dpdklab
2025-09-25 5:37 ` dpdklab
2025-09-25 11:17 ` dpdklab
2025-09-27 0:04 ` dpdklab
Reply instructions:
You may reply publicly to this message via plain-text email
using any one of the following methods:
* Save the following mbox file, import it into your mail client,
and reply-to-all from there: mbox
Avoid top-posting and favor interleaved quoting:
https://en.wikipedia.org/wiki/Posting_style#Interleaved_style
* Reply using the --to, --cc, and --in-reply-to
switches of git-send-email(1):
git send-email \
--in-reply-to=68d43531.050a0220.2b4e8b.3b6eSMTPIN_ADDED_MISSING@mx.google.com \
--to=dpdklab@iol.unh.edu \
--cc=dpdk-test-reports@iol.unh.edu \
--cc=test-report@dpdk.org \
/path/to/YOUR_REPLY
https://kernel.org/pub/software/scm/git/docs/git-send-email.html
* If your mail client supports setting the In-Reply-To header
via mailto: links, try the mailto: link
Be sure your reply has a Subject: header at the top and a blank line
before the message body.
This is a public inbox, see mirroring instructions
for how to clone and mirror all data and code used for this inbox;
as well as URLs for NNTP newsgroup(s).