automatic DPDK test reports
 help / color / mirror / Atom feed
From: dpdklab@iol.unh.edu
To: Test Report <test-report@dpdk.org>
Cc: dpdk-test-reports@iol.unh.edu,
	David Marchand <david.marchand@redhat.com>
Subject: |FAILURE| pw156916-156922 [PATCH] [v3,7/7] power: separate public an
Date: Wed, 24 Sep 2025 13:39:22 -0700 (PDT)	[thread overview]
Message-ID: <68d456fa.050a0220.3a6776.0cb6SMTPIN_ADDED_MISSING@mx.google.com> (raw)
In-Reply-To: <20250924172536.2447183-8-david.marchand@redhat.com>

Test-Label: iol-compile-amd64-testing
Test-Status: FAILURE
http://dpdk.org/patch/156922

_Testing issues_

Submitter: David Marchand <david.marchand@redhat.com>
Date: Wednesday, September 24 2025 17:25:35 
DPDK git baseline: Repo:dpdk
  Branch: master
  CommitID:441861b4a30e6b6b6aca07367dd487657b1f50e8

156916-156922 --> testing issues

Upstream job id: Generic-DPDK-Compile-Meson#428289

Test environment and result as below:

+-------------------------------+--------------------+-------------------+------------------+-------------------+-------------------------+----------------------+
|          Environment          | dpdk_meson_compile | dpdk_compile_spdk | dpdk_compile_ovs | dpdk_msvc_compile | dpdk_llvm_clang_compile | dpdk_mingw64_compile |
+===============================+====================+===================+==================+===================+=========================+======================+
| FreeBSD 14.2                  | PASS               | SKIPPED           | SKIPPED          | SKIPPED           | SKIPPED                 | SKIPPED              |
+-------------------------------+--------------------+-------------------+------------------+-------------------+-------------------------+----------------------+
| Ubuntu 20.04                  | PASS               | SKIPPED           | SKIPPED          | SKIPPED           | SKIPPED                 | SKIPPED              |
+-------------------------------+--------------------+-------------------+------------------+-------------------+-------------------------+----------------------+
| CentOS Stream 9               | PASS               | PASS              | SKIPPED          | SKIPPED           | SKIPPED                 | SKIPPED              |
+-------------------------------+--------------------+-------------------+------------------+-------------------+-------------------------+----------------------+
| Debian GNU/Linux 12           | PASS               | PASS              | SKIPPED          | SKIPPED           | SKIPPED                 | SKIPPED              |
+-------------------------------+--------------------+-------------------+------------------+-------------------+-------------------------+----------------------+
| CentOS Stream 10              | PASS               | SKIPPED           | SKIPPED          | SKIPPED           | SKIPPED                 | SKIPPED              |
+-------------------------------+--------------------+-------------------+------------------+-------------------+-------------------------+----------------------+
| Fedora Linux 42               | PASS               | PASS              | PASS             | SKIPPED           | SKIPPED                 | SKIPPED              |
+-------------------------------+--------------------+-------------------+------------------+-------------------+-------------------------+----------------------+
| openSUSE Leap 15.6            | PASS               | SKIPPED           | SKIPPED          | SKIPPED           | SKIPPED                 | SKIPPED              |
+-------------------------------+--------------------+-------------------+------------------+-------------------+-------------------------+----------------------+
| Red Hat Enterprise Linux 8.10 | PASS               | SKIPPED           | SKIPPED          | SKIPPED           | SKIPPED                 | SKIPPED              |
+-------------------------------+--------------------+-------------------+------------------+-------------------+-------------------------+----------------------+
| Red Hat Enterprise Linux 9.5  | PASS               | SKIPPED           | SKIPPED          | SKIPPED           | SKIPPED                 | SKIPPED              |
+-------------------------------+--------------------+-------------------+------------------+-------------------+-------------------------+----------------------+
| Ubuntu 22.04                  | PASS               | PASS              | SKIPPED          | SKIPPED           | SKIPPED                 | SKIPPED              |
+-------------------------------+--------------------+-------------------+------------------+-------------------+-------------------------+----------------------+
| Alpine Linux 3.22.0           | PASS               | SKIPPED           | SKIPPED          | SKIPPED           | SKIPPED                 | SKIPPED              |
+-------------------------------+--------------------+-------------------+------------------+-------------------+-------------------------+----------------------+
| Ubuntu 24.04                  | PASS               | PASS              | PASS             | SKIPPED           | SKIPPED                 | SKIPPED              |
+-------------------------------+--------------------+-------------------+------------------+-------------------+-------------------------+----------------------+
| Windows Server 2022           | SKIPPED            | SKIPPED           | SKIPPED          | PASS              | FAIL                    | PASS                 |
+-------------------------------+--------------------+-------------------+------------------+-------------------+-------------------------+----------------------+

==== 20 line log output for Windows Server 2022 (dpdk_llvm_clang_compile): ====
In file included from staging\rte_ip.h:9:
In file included from staging\rte_ip4.h:32:
In file included from staging\rte_cksum.h:22:
In file included from staging\rte_mbuf.h:38:
In file included from staging\rte_mempool.h:50:
In file included from ..\lib\eal\x86\include\rte_memcpy.h:17:
..\lib\eal\x86\include\rte_vect.h:18:10: error: #include resolved using non-portable Microsoft search rules as: staging/generic/rte_vect.h [-Werror,-Wmicrosoft-include]
#include "generic/rte_vect.h"
^
In file included from ../lib/cmdline/cmdline_parse_ipaddr.c:16:
In file included from ..\lib\cmdline/cmdline_parse_ipaddr.h:11:
In file included from staging\rte_ip.h:9:
In file included from staging\rte_ip4.h:32:
In file included from staging\rte_cksum.h:22:
In file included from staging\rte_mbuf.h:39:
..\lib\eal\x86\include\rte_prefetch.h:14:10: error: #include resolved using non-portable Microsoft search rules as: staging/generic/rte_prefetch.h [-Werror,-Wmicrosoft-include]
#include "generic/rte_prefetch.h"
^
9 errors generated.
ninja: build stopped: subcommand failed.
==== End log output ====

FreeBSD 14.2
	Kernel: 14.2-RELEASE
	Compiler: clang 18.1.6

Ubuntu 20.04
	Kernel: 4.19
	Compiler: gcc gcc (Ubuntu 9.4.0-1ubuntu1~20.04.2) 9.4.0

CentOS Stream 9
	Kernel: 5.15
	Compiler: gcc gcc (GCC) 11.5.0 20240719 (Red Hat 11.5.0-11)

Debian GNU/Linux 12
	Kernel: 5.15
	Compiler: gcc gcc (Debian 12.2.0-14+deb12u1) 12.2.0

CentOS Stream 10
	Kernel: 5.15
	Compiler: gcc gcc (GCC) 14.2.1 20250110 (Red Hat 14.2.1-8)

Fedora Linux 42
	Kernel: 5.15
	Compiler: gcc gcc (GCC) 15.2.1 20250808 (Red Hat 15.2.1-1)

openSUSE Leap 15.6
	Kernel: 5.15
	Compiler: gcc gcc (SUSE Linux) 7.5.0

Red Hat Enterprise Linux 8.10
	Kernel: 5.15
	Compiler: gcc gcc (GCC) 8.5.0 20210514 (Red Hat 8.5.0-22)

Red Hat Enterprise Linux 9.5
	Kernel: 5.15
	Compiler: gcc gcc (GCC) 11.5.0 20240719 (Red Hat 11.5.0-2)

Ubuntu 22.04
	Kernel: 5.15
	Compiler: gcc gcc (Ubuntu 11.4.0-1ubuntu1~22.04) 11.4.0

Alpine Linux 3.22.0
	Kernel: 5.15
	Compiler: gcc gcc (Alpine 14.2.0) 14.2.0

Ubuntu 24.04
	Kernel: 5.15
	Compiler: gcc gcc (Ubuntu 13.3.0-6ubuntu2~24.04) 13.3.0

Windows Server 2022
	Kernel: 10.0.20348.2031
	Compiler: clang 15.0.7, gcc 14.1.0 (MinGW), and MSVC VS 19.39.33521

To view detailed results, visit:
https://lab.dpdk.org/results/dashboard/patchsets/34142/

UNH-IOL DPDK Community Lab

To manage your email subscriptions, visit: 
https://lab.dpdk.org/results/dashboard/preferences/subscriptions/

  parent reply	other threads:[~2025-09-24 20:39 UTC|newest]

Thread overview: 25+ messages / expand[flat|nested]  mbox.gz  Atom feed  top
     [not found] <20250924172536.2447183-8-david.marchand@redhat.com>
2025-09-24 16:57 ` |SUCCESS| pw156916-156922 [PATCH v3 7/7] power: separate public and driver headers qemudev
2025-09-24 17:02 ` qemudev
2025-09-24 17:24 ` |SUCCESS| pw156922 " checkpatch
2025-09-24 18:11 ` |SUCCESS| pw156916-156922 [PATCH] [v3,7/7] power: separate public an dpdklab
2025-09-24 18:15 ` dpdklab
2025-09-24 18:16 ` dpdklab
2025-09-24 18:22 ` dpdklab
2025-09-24 18:30 ` dpdklab
2025-09-24 18:49 ` dpdklab
2025-09-24 18:58 ` dpdklab
2025-09-24 18:58 ` dpdklab
2025-09-24 18:58 ` |FAILURE| pw156922 [PATCH v3 7/7] power: separate public and driver headers 0-day Robot
2025-09-24 19:04 ` |PENDING| pw156916-156922 [PATCH] [v3,7/7] power: separate public an dpdklab
2025-09-24 19:20 ` |FAILURE| " dpdklab
2025-09-24 19:30 ` dpdklab
2025-09-24 19:42 ` dpdklab
2025-09-24 20:29 ` |PENDING| " dpdklab
2025-09-24 20:39 ` dpdklab [this message]
2025-09-24 21:21 ` |SUCCESS| " dpdklab
2025-09-24 21:46 ` dpdklab
2025-09-24 22:12 ` |FAILURE| " dpdklab
2025-09-24 22:36 ` |SUCCESS| " dpdklab
2025-09-25  5:37 ` dpdklab
2025-09-25 11:17 ` dpdklab
2025-09-27  0:04 ` dpdklab

Reply instructions:

You may reply publicly to this message via plain-text email
using any one of the following methods:

* Save the following mbox file, import it into your mail client,
  and reply-to-all from there: mbox

  Avoid top-posting and favor interleaved quoting:
  https://en.wikipedia.org/wiki/Posting_style#Interleaved_style

* Reply using the --to, --cc, and --in-reply-to
  switches of git-send-email(1):

  git send-email \
    --in-reply-to=68d456fa.050a0220.3a6776.0cb6SMTPIN_ADDED_MISSING@mx.google.com \
    --to=dpdklab@iol.unh.edu \
    --cc=david.marchand@redhat.com \
    --cc=dpdk-test-reports@iol.unh.edu \
    --cc=test-report@dpdk.org \
    /path/to/YOUR_REPLY

  https://kernel.org/pub/software/scm/git/docs/git-send-email.html

* If your mail client supports setting the In-Reply-To header
  via mailto: links, try the mailto: link
Be sure your reply has a Subject: header at the top and a blank line before the message body.
This is a public inbox, see mirroring instructions
for how to clone and mirror all data and code used for this inbox;
as well as URLs for NNTP newsgroup(s).