From mboxrd@z Thu Jan 1 00:00:00 1970 Return-Path: Received: from mails.dpdk.org (mails.dpdk.org [217.70.189.124]) by inbox.dpdk.org (Postfix) with ESMTP id 4860646F6A for ; Wed, 24 Sep 2025 22:39:24 +0200 (CEST) Received: from mails.dpdk.org (localhost [127.0.0.1]) by mails.dpdk.org (Postfix) with ESMTP id 3A3E740658; Wed, 24 Sep 2025 22:39:24 +0200 (CEST) Received: from mail-il1-f227.google.com (mail-il1-f227.google.com [209.85.166.227]) by mails.dpdk.org (Postfix) with ESMTP id 37CBA40658 for ; Wed, 24 Sep 2025 22:39:23 +0200 (CEST) Received: by mail-il1-f227.google.com with SMTP id e9e14a558f8ab-4256f0fac67so1774895ab.2 for ; Wed, 24 Sep 2025 13:39:23 -0700 (PDT) DKIM-Signature: v=1; a=rsa-sha256; c=relaxed/relaxed; d=iol.unh.edu; s=unh-iol; t=1758746362; x=1759351162; darn=dpdk.org; h=references:in-reply-to:cc:to:from:subject:message-id:date:from:to :cc:subject:date:message-id:reply-to; bh=1Igh9k0DfsHdqtuMzz8gTslHMsKdFfM/IzLUlcwON+o=; b=GOrbqykk+YP5TnhdBpJff034EQ61RYknnyQD4RNyUwjrf2PhJCMuIore4feFcXv3GQ YcPIn3T0GXIIi9FX2djYAk5ouxySZthrxJG2x+frnTpeahMQkPG6MGpB7N+1ETjib0d1 Uchg2QTeF7fpRuNlm5lwrk5OeVH8mU7vLT0aY= X-Google-DKIM-Signature: v=1; a=rsa-sha256; c=relaxed/relaxed; d=1e100.net; s=20230601; t=1758746362; x=1759351162; h=references:in-reply-to:cc:to:from:subject:message-id:date :x-gm-message-state:from:to:cc:subject:date:message-id:reply-to; bh=1Igh9k0DfsHdqtuMzz8gTslHMsKdFfM/IzLUlcwON+o=; b=p7dEeOIskC8FFRqkIpEEX9mwax+XxAtGsWkVKV0bkZgclnofTClHTZcbm0lLIiKHKh bmJuSBG8C4BbjBQ07ZnSGPoygB27BGbIpMee9EXL/4QmT6b1WQE4iw1PZZt3U34UKeb4 T3SYejLoBZWXsGmLfUbkrrPkf5o6lnSaE3hvNNrW6jFs8LvUxJqgGaWewAoZZZcFr9Qm PKQSdVLWuu32xfoeSi/jTxVPeibGBe+fT3lQ+GjZFHf/YqsDvku80eIGHeupaEBEE/Tc tDEgWzja91x1HqySXc5BisotMkWEtKUK0Rp/8Cr/Zr9rW05fgTrWL2f3hSSNvBYJaxO+ hAEw== X-Gm-Message-State: AOJu0Yys+HZ55CQ0tFd49RkTRUIYLmjpuF1Kn+daTLoyIRaE8+rWBN1V xMQneJUWSyuYtZLa1RTQw8KR5+3r1kYp1D+gO1nbcKoUWEiHOpMUn9UQNEbvsdL1HbSklJwJqWl A9KOb2dKldXC7w/U4NeieuFk8JO4suzuVWM0zhVH87jvY X-Gm-Gg: ASbGncvMvPLvYm3GAFS6MzDchyISIa9YUWCBoYTvhyFthganrFy19TsYqZil6B/TpOp UwdRkdE4msnBalhzWxZ9O10u6ZhIL7gEr3dVJ2kgXi68DchW+HDb8M7irfrTLmRJUGz1iUP6f+A z+Jpaskai9IhfwyIS0/1NnImtF+cKsA0v72jcLN0URkB+zMYggONr4AgslXbf8j/ocg9YfIPklQ TEfmGrqHohh4FCXKHVvow73wGquc7l1eutfoYr5nowvjxlAB73E6mWF9CwIeLWKikmDzQSyvIxp O546qxN5E2/zSsN9a+/PDx/eZ73AE42stm+O7+o988ou00W+BvVh6ca0Co1P5+Q6S+Y4jPQv X-Google-Smtp-Source: AGHT+IFHUyAaP1mSvGjo5ta1PcEYbKulE5pVn6muZAlyZRzbAO7ZkH/HXZaU3e389X6AJpS2LJ8XueD/oFna X-Received: by 2002:a05:6e02:4c0a:b0:425:8c47:13fb with SMTP id e9e14a558f8ab-4259563c2femr15855585ab.17.1758746362394; Wed, 24 Sep 2025 13:39:22 -0700 (PDT) Received: from postal.iol.unh.edu (postal.iol.unh.edu. [132.177.123.84]) by smtp-relay.gmail.com with ESMTPS id e9e14a558f8ab-425bbacfe09sm132745ab.7.2025.09.24.13.39.22 (version=TLS1_2 cipher=ECDHE-ECDSA-AES128-GCM-SHA256 bits=128/128); Wed, 24 Sep 2025 13:39:22 -0700 (PDT) X-Relaying-Domain: iol.unh.edu Date: Wed, 24 Sep 2025 13:39:22 -0700 (PDT) Message-ID: <68d456fa.050a0220.3a6776.0cb6SMTPIN_ADDED_MISSING@mx.google.com> Received: from [172.21.0.2] (unknown [172.18.0.240]) by postal.iol.unh.edu (Postfix) with ESMTP id EB3766051830; Wed, 24 Sep 2025 16:39:21 -0400 (EDT) Subject: |FAILURE| pw156916-156922 [PATCH] [v3,7/7] power: separate public an From: dpdklab@iol.unh.edu To: Test Report Cc: dpdk-test-reports@iol.unh.edu, David Marchand In-Reply-To: <20250924172536.2447183-8-david.marchand@redhat.com> References: <20250924172536.2447183-8-david.marchand@redhat.com> Content-Type: text/plain X-BeenThere: test-report@dpdk.org X-Mailman-Version: 2.1.29 Precedence: list List-Id: automatic DPDK test reports List-Unsubscribe: , List-Archive: List-Post: List-Help: List-Subscribe: , Errors-To: test-report-bounces@dpdk.org Test-Label: iol-compile-amd64-testing Test-Status: FAILURE http://dpdk.org/patch/156922 _Testing issues_ Submitter: David Marchand Date: Wednesday, September 24 2025 17:25:35 DPDK git baseline: Repo:dpdk Branch: master CommitID:441861b4a30e6b6b6aca07367dd487657b1f50e8 156916-156922 --> testing issues Upstream job id: Generic-DPDK-Compile-Meson#428289 Test environment and result as below: +-------------------------------+--------------------+-------------------+------------------+-------------------+-------------------------+----------------------+ | Environment | dpdk_meson_compile | dpdk_compile_spdk | dpdk_compile_ovs | dpdk_msvc_compile | dpdk_llvm_clang_compile | dpdk_mingw64_compile | +===============================+====================+===================+==================+===================+=========================+======================+ | FreeBSD 14.2 | PASS | SKIPPED | SKIPPED | SKIPPED | SKIPPED | SKIPPED | +-------------------------------+--------------------+-------------------+------------------+-------------------+-------------------------+----------------------+ | Ubuntu 20.04 | PASS | SKIPPED | SKIPPED | SKIPPED | SKIPPED | SKIPPED | +-------------------------------+--------------------+-------------------+------------------+-------------------+-------------------------+----------------------+ | CentOS Stream 9 | PASS | PASS | SKIPPED | SKIPPED | SKIPPED | SKIPPED | +-------------------------------+--------------------+-------------------+------------------+-------------------+-------------------------+----------------------+ | Debian GNU/Linux 12 | PASS | PASS | SKIPPED | SKIPPED | SKIPPED | SKIPPED | +-------------------------------+--------------------+-------------------+------------------+-------------------+-------------------------+----------------------+ | CentOS Stream 10 | PASS | SKIPPED | SKIPPED | SKIPPED | SKIPPED | SKIPPED | +-------------------------------+--------------------+-------------------+------------------+-------------------+-------------------------+----------------------+ | Fedora Linux 42 | PASS | PASS | PASS | SKIPPED | SKIPPED | SKIPPED | +-------------------------------+--------------------+-------------------+------------------+-------------------+-------------------------+----------------------+ | openSUSE Leap 15.6 | PASS | SKIPPED | SKIPPED | SKIPPED | SKIPPED | SKIPPED | +-------------------------------+--------------------+-------------------+------------------+-------------------+-------------------------+----------------------+ | Red Hat Enterprise Linux 8.10 | PASS | SKIPPED | SKIPPED | SKIPPED | SKIPPED | SKIPPED | +-------------------------------+--------------------+-------------------+------------------+-------------------+-------------------------+----------------------+ | Red Hat Enterprise Linux 9.5 | PASS | SKIPPED | SKIPPED | SKIPPED | SKIPPED | SKIPPED | +-------------------------------+--------------------+-------------------+------------------+-------------------+-------------------------+----------------------+ | Ubuntu 22.04 | PASS | PASS | SKIPPED | SKIPPED | SKIPPED | SKIPPED | +-------------------------------+--------------------+-------------------+------------------+-------------------+-------------------------+----------------------+ | Alpine Linux 3.22.0 | PASS | SKIPPED | SKIPPED | SKIPPED | SKIPPED | SKIPPED | +-------------------------------+--------------------+-------------------+------------------+-------------------+-------------------------+----------------------+ | Ubuntu 24.04 | PASS | PASS | PASS | SKIPPED | SKIPPED | SKIPPED | +-------------------------------+--------------------+-------------------+------------------+-------------------+-------------------------+----------------------+ | Windows Server 2022 | SKIPPED | SKIPPED | SKIPPED | PASS | FAIL | PASS | +-------------------------------+--------------------+-------------------+------------------+-------------------+-------------------------+----------------------+ ==== 20 line log output for Windows Server 2022 (dpdk_llvm_clang_compile): ==== In file included from staging\rte_ip.h:9: In file included from staging\rte_ip4.h:32: In file included from staging\rte_cksum.h:22: In file included from staging\rte_mbuf.h:38: In file included from staging\rte_mempool.h:50: In file included from ..\lib\eal\x86\include\rte_memcpy.h:17: ..\lib\eal\x86\include\rte_vect.h:18:10: error: #include resolved using non-portable Microsoft search rules as: staging/generic/rte_vect.h [-Werror,-Wmicrosoft-include] #include "generic/rte_vect.h" ^ In file included from ../lib/cmdline/cmdline_parse_ipaddr.c:16: In file included from ..\lib\cmdline/cmdline_parse_ipaddr.h:11: In file included from staging\rte_ip.h:9: In file included from staging\rte_ip4.h:32: In file included from staging\rte_cksum.h:22: In file included from staging\rte_mbuf.h:39: ..\lib\eal\x86\include\rte_prefetch.h:14:10: error: #include resolved using non-portable Microsoft search rules as: staging/generic/rte_prefetch.h [-Werror,-Wmicrosoft-include] #include "generic/rte_prefetch.h" ^ 9 errors generated. ninja: build stopped: subcommand failed. ==== End log output ==== FreeBSD 14.2 Kernel: 14.2-RELEASE Compiler: clang 18.1.6 Ubuntu 20.04 Kernel: 4.19 Compiler: gcc gcc (Ubuntu 9.4.0-1ubuntu1~20.04.2) 9.4.0 CentOS Stream 9 Kernel: 5.15 Compiler: gcc gcc (GCC) 11.5.0 20240719 (Red Hat 11.5.0-11) Debian GNU/Linux 12 Kernel: 5.15 Compiler: gcc gcc (Debian 12.2.0-14+deb12u1) 12.2.0 CentOS Stream 10 Kernel: 5.15 Compiler: gcc gcc (GCC) 14.2.1 20250110 (Red Hat 14.2.1-8) Fedora Linux 42 Kernel: 5.15 Compiler: gcc gcc (GCC) 15.2.1 20250808 (Red Hat 15.2.1-1) openSUSE Leap 15.6 Kernel: 5.15 Compiler: gcc gcc (SUSE Linux) 7.5.0 Red Hat Enterprise Linux 8.10 Kernel: 5.15 Compiler: gcc gcc (GCC) 8.5.0 20210514 (Red Hat 8.5.0-22) Red Hat Enterprise Linux 9.5 Kernel: 5.15 Compiler: gcc gcc (GCC) 11.5.0 20240719 (Red Hat 11.5.0-2) Ubuntu 22.04 Kernel: 5.15 Compiler: gcc gcc (Ubuntu 11.4.0-1ubuntu1~22.04) 11.4.0 Alpine Linux 3.22.0 Kernel: 5.15 Compiler: gcc gcc (Alpine 14.2.0) 14.2.0 Ubuntu 24.04 Kernel: 5.15 Compiler: gcc gcc (Ubuntu 13.3.0-6ubuntu2~24.04) 13.3.0 Windows Server 2022 Kernel: 10.0.20348.2031 Compiler: clang 15.0.7, gcc 14.1.0 (MinGW), and MSVC VS 19.39.33521 To view detailed results, visit: https://lab.dpdk.org/results/dashboard/patchsets/34142/ UNH-IOL DPDK Community Lab To manage your email subscriptions, visit: https://lab.dpdk.org/results/dashboard/preferences/subscriptions/