From: dpdklab@iol.unh.edu
To: Test Report <test-report@dpdk.org>
Cc: dpdk-test-reports@iol.unh.edu
Subject: |SUCCESS| pw156910-156915 [PATCH] [RFC,6/6] intel/iavf: remove use o
Date: Wed, 24 Sep 2025 15:05:28 -0700 (PDT) [thread overview]
Message-ID: <68d46b28.050a0220.2df882.06f1SMTPIN_ADDED_MISSING@mx.google.com> (raw)
In-Reply-To: <20250924165527.268645-7-stephen@networkplumber.org>
Test-Label: iol-sample-apps-testing
Test-Status: SUCCESS
http://dpdk.org/patch/156915
_Testing PASS_
Submitter: Stephen Hemminger <stephen@networkplumber.org>
Date: Wednesday, September 24 2025 16:51:13
DPDK git baseline: Repo:dpdk
Branch: master
CommitID:441861b4a30e6b6b6aca07367dd487657b1f50e8
156910-156915 --> testing pass
Upstream job id: ACVP-FIPS-testing#11206
Test environment and result as below:
+--------------+----------------------+----------------------+
| Environment | compressdev_zlib_pmd | dpdk_fips_validation |
+==============+======================+======================+
| Ubuntu 22.04 | PASS | SKIPPED |
+--------------+----------------------+----------------------+
| Ubuntu 20.04 | SKIPPED | PASS |
+--------------+----------------------+----------------------+
Ubuntu 22.04
Kernel: 5.15
Compiler: gcc gcc (Ubuntu 11.4.0-1ubuntu1~22.04.2) 11.4.0
Ubuntu 20.04
Kernel: 5.15
Compiler: gcc gcc (Ubuntu 9.4.0-1ubuntu1~20.04.2) 9.4.0
To view detailed results, visit:
https://lab.dpdk.org/results/dashboard/patchsets/34141/
UNH-IOL DPDK Community Lab
To manage your email subscriptions, visit:
https://lab.dpdk.org/results/dashboard/preferences/subscriptions/
next prev parent reply other threads:[~2025-09-24 22:05 UTC|newest]
Thread overview: 27+ messages / expand[flat|nested] mbox.gz Atom feed top
[not found] <20250924165527.268645-7-stephen@networkplumber.org>
2025-09-24 16:29 ` |SUCCESS| pw156910-156915 [RFC 6/6] intel/iavf: remove use of pthread_cancel qemudev
2025-09-24 16:34 ` qemudev
2025-09-24 16:54 ` |SUCCESS| pw156915 " checkpatch
2025-09-24 17:40 ` |PENDING| pw156910-156915 [PATCH] [RFC,6/6] intel/iavf: remove use o dpdklab
2025-09-24 17:44 ` |SUCCESS| " dpdklab
2025-09-24 17:49 ` dpdklab
2025-09-24 17:50 ` dpdklab
2025-09-24 17:54 ` dpdklab
2025-09-24 18:08 ` dpdklab
2025-09-24 18:11 ` dpdklab
2025-09-24 18:24 ` |PENDING| " dpdklab
2025-09-24 18:55 ` dpdklab
2025-09-24 18:58 ` |SUCCESS| " dpdklab
2025-09-24 18:58 ` dpdklab
2025-09-24 18:58 ` |SUCCESS| pw156915 [RFC 6/6] intel/iavf: remove use of pthread_cancel 0-day Robot
2025-09-24 18:58 ` 0-day Robot
2025-09-24 19:08 ` |PENDING| pw156910-156915 [PATCH] [RFC,6/6] intel/iavf: remove use o dpdklab
2025-09-24 20:00 ` |SUCCESS| " dpdklab
2025-09-24 20:09 ` dpdklab
2025-09-24 20:09 ` |FAILURE| " dpdklab
2025-09-24 20:32 ` |SUCCESS| " dpdklab
2025-09-24 20:51 ` |FAILURE| " dpdklab
2025-09-24 21:17 ` |SUCCESS| " dpdklab
2025-09-24 22:05 ` dpdklab [this message]
2025-09-25 1:53 ` dpdklab
2025-09-25 3:02 ` |FAILURE| " dpdklab
2025-09-25 4:40 ` dpdklab
Reply instructions:
You may reply publicly to this message via plain-text email
using any one of the following methods:
* Save the following mbox file, import it into your mail client,
and reply-to-all from there: mbox
Avoid top-posting and favor interleaved quoting:
https://en.wikipedia.org/wiki/Posting_style#Interleaved_style
* Reply using the --to, --cc, and --in-reply-to
switches of git-send-email(1):
git send-email \
--in-reply-to=68d46b28.050a0220.2df882.06f1SMTPIN_ADDED_MISSING@mx.google.com \
--to=dpdklab@iol.unh.edu \
--cc=dpdk-test-reports@iol.unh.edu \
--cc=test-report@dpdk.org \
/path/to/YOUR_REPLY
https://kernel.org/pub/software/scm/git/docs/git-send-email.html
* If your mail client supports setting the In-Reply-To header
via mailto: links, try the mailto: link
Be sure your reply has a Subject: header at the top and a blank line
before the message body.
This is a public inbox, see mirroring instructions
for how to clone and mirror all data and code used for this inbox;
as well as URLs for NNTP newsgroup(s).