From mboxrd@z Thu Jan 1 00:00:00 1970 Return-Path: Received: from mails.dpdk.org (mails.dpdk.org [217.70.189.124]) by inbox.dpdk.org (Postfix) with ESMTP id B35DB46F6A for ; Thu, 25 Sep 2025 00:12:46 +0200 (CEST) Received: from mails.dpdk.org (localhost [127.0.0.1]) by mails.dpdk.org (Postfix) with ESMTP id 8AD58402BE; Thu, 25 Sep 2025 00:12:46 +0200 (CEST) Received: from mail-yb1-f228.google.com (mail-yb1-f228.google.com [209.85.219.228]) by mails.dpdk.org (Postfix) with ESMTP id F25EC402BE for ; Thu, 25 Sep 2025 00:12:45 +0200 (CEST) Received: by mail-yb1-f228.google.com with SMTP id 3f1490d57ef6-eaf8e85f66eso292560276.2 for ; Wed, 24 Sep 2025 15:12:45 -0700 (PDT) DKIM-Signature: v=1; a=rsa-sha256; c=relaxed/relaxed; d=iol.unh.edu; s=unh-iol; t=1758751965; x=1759356765; darn=dpdk.org; h=references:in-reply-to:cc:to:from:subject:message-id:date:from:to :cc:subject:date:message-id:reply-to; bh=9SnGe/5Snw4qRSt3qKk/J6lTbHeOC0Uro2/F9f5hDlk=; b=IbVV7U1NaiHVrLlmFgFAqHZ/aJRVH9iqNVhy3PBBtXxR6aRc9X1CBZkVL5oJcUu02j EoJvy0dEmTgps343tOuCOZKxjqn7RPyyUFI6RswumSwgJTsXGyoPbl5jjmE9GjU7Fz1+ 92PwEwNSSvp9+GApCEfk9saPlfU5Fyk3KfSCc= X-Google-DKIM-Signature: v=1; a=rsa-sha256; c=relaxed/relaxed; d=1e100.net; s=20230601; t=1758751965; x=1759356765; h=references:in-reply-to:cc:to:from:subject:message-id:date :x-gm-message-state:from:to:cc:subject:date:message-id:reply-to; bh=9SnGe/5Snw4qRSt3qKk/J6lTbHeOC0Uro2/F9f5hDlk=; b=kCuXynQtD2k1YqxcGptceoHUTgB/FzzOgPtCo5HpkscFUOcMCVtOgGlx1rXclGk9eT khVuTPyZqNxCeN56ZxqjXISTppV+aj5GIQeXnrzHCd73Ly1syzJ+kNbCcLpkFN1xjrpg OGEMPK+KZ3R+sRxW/vYuXUmmJdYHIK24RlGYrZYjubASR/Of4KcJFlmjDdpxZLGq690Y hxiFjlrPYKzmzcupwFi4WGIneqTDioU6BnSUFB+Vkx7cJw6x1F56srcsfnxHsz61FWNK /aa6gnZ+bdFVAr9OzTYe+AIjxcLVOfmr4yeJ4CR2bPEqdji1CUP4sg5glg6DRRYC7buX tuOQ== X-Gm-Message-State: AOJu0Yx/sX5y06fCjNevkwP3LQEbhtCkwOsC5NjP4Hq/AUuz1avAWw2n /+kmNTDVLwIXZkPGrKIDAy/cdJXrHn6TPPAkdsCgwSw39MxPOxyV16OFK+Y+bk5gCGa0ugBZ5d1 CWCH+tvpKYlsPih+P1ur/4AKjmGzIq0QE5rpLjt887lsVArMVQItvMSSzU3w/ X-Gm-Gg: ASbGncuovrjOOxCeIOnB1CUdewYgkX0lVNIjssvIqdlsCJ+CnJBuTnh1qP9Gynu0Ho6 ASXOPsMwF7+KNYMZ9nCFH/+b80HoYLZ7RCC/XssBh5Sejb1RyLsAK+x2wEULrr6W2uyacqC8R1E Y1sLnz2Cxf+f4FsnMVph4xamxL+u+r0QpDRXAA08A+FvD/k0DX2Nehgqz9QYgPclvTA/jGzwl58 ECbbHA/keb1oeGLdI3sZQLvHecfCMBpPY47iZngJ/qfWnKqEZU7WxkV2D3o7WCkQ2WW+7mOpCsG 9miupHxyltSvAxCG+41vI54PHXTuthMDDEWy3UW4zP7D3Zjl5Q== X-Google-Smtp-Source: AGHT+IEjg60OZ13rMtxthKDSumnV/HdAS1tuGLdZUhWvMK971shLmS3YMhpbYMpp7AmyO7NUKkZMvxmk3rm6 X-Received: by 2002:a05:690e:586:b0:62a:b545:54b4 with SMTP id 956f58d0204a3-6361a822839mr911756d50.26.1758751965157; Wed, 24 Sep 2025 15:12:45 -0700 (PDT) Received: from postal.iol.unh.edu (postal.iol.unh.edu. [2606:4100:3880:1234::84]) by smtp-relay.gmail.com with ESMTPS id 3f1490d57ef6-eb383850a67sm11956276.3.2025.09.24.15.12.45 (version=TLS1_2 cipher=ECDHE-ECDSA-AES128-GCM-SHA256 bits=128/128); Wed, 24 Sep 2025 15:12:45 -0700 (PDT) X-Relaying-Domain: iol.unh.edu Date: Wed, 24 Sep 2025 15:12:45 -0700 (PDT) Message-ID: <68d46cdd.250a0220.14f52c.0c78SMTPIN_ADDED_MISSING@mx.google.com> Received: from [172.21.0.2] (unknown [172.18.0.240]) by postal.iol.unh.edu (Postfix) with ESMTP id BEA8E6051830; Wed, 24 Sep 2025 18:12:44 -0400 (EDT) Subject: |FAILURE| pw156916-156922 [PATCH] [v3,7/7] power: separate public an From: dpdklab@iol.unh.edu To: Test Report Cc: dpdk-test-reports@iol.unh.edu, David Marchand In-Reply-To: <20250924172536.2447183-8-david.marchand@redhat.com> References: <20250924172536.2447183-8-david.marchand@redhat.com> Content-Type: text/plain X-BeenThere: test-report@dpdk.org X-Mailman-Version: 2.1.29 Precedence: list List-Id: automatic DPDK test reports List-Unsubscribe: , List-Archive: List-Post: List-Help: List-Subscribe: , Errors-To: test-report-bounces@dpdk.org Test-Label: iol-unit-amd64-testing Test-Status: FAILURE http://dpdk.org/patch/156922 _Testing issues_ Submitter: David Marchand Date: Wednesday, September 24 2025 17:25:35 DPDK git baseline: Repo:dpdk Branch: master CommitID:441861b4a30e6b6b6aca07367dd487657b1f50e8 156916-156922 --> testing issues Upstream job id: Generic-Unit-Test-DPDK#374688 Test environment and result as below: +-------------------------------+----------------+ | Environment | dpdk_unit_test | +===============================+================+ | CentOS Stream 9 | PASS | +-------------------------------+----------------+ | CentOS Stream 10 | PASS | +-------------------------------+----------------+ | Debian GNU/Linux 12 | PASS | +-------------------------------+----------------+ | Fedora Linux 40 | PASS | +-------------------------------+----------------+ | Fedora Linux 42 | PASS | +-------------------------------+----------------+ | Fedora Linux 41 | PASS | +-------------------------------+----------------+ | Ubuntu 24.04 | PASS | +-------------------------------+----------------+ | Red Hat Enterprise Linux 8.10 | PASS | +-------------------------------+----------------+ | Red Hat Enterprise Linux 9.5 | PASS | +-------------------------------+----------------+ | Ubuntu 22.04 | PASS | +-------------------------------+----------------+ | Ubuntu 20.04 | PASS | +-------------------------------+----------------+ | Windows Server 2022 | FAIL | +-------------------------------+----------------+ ==== Unit test summary for Windows Server 2022 (dpdk_unit_test): ==== Failed to get the unit test results. Displaying the unit test results is not supported for some environments, such as our aarch32 testing, where meson is not used to run the tests. Download the logs available on our CI site. ==== End log output ==== CentOS Stream 9 Kernel: 5.15 Compiler: gcc gcc (GCC) 11.5.0 20240719 (Red Hat 11.5.0-11) CentOS Stream 10 Kernel: 5.15 Compiler: gcc gcc (GCC) 14.2.1 20250110 (Red Hat 14.2.1-8) Debian GNU/Linux 12 Kernel: 5.15 Compiler: gcc gcc (Debian 12.2.0-14+deb12u1) 12.2.0 Fedora Linux 40 Kernel: 5.15 Compiler: gcc gcc (GCC) 14.2.1 20240912 (Red Hat 14.2.1-3) Fedora Linux 42 Kernel: 5.15 Compiler: gcc gcc (GCC) 15.2.1 20250808 (Red Hat 15.2.1-1) Fedora Linux 41 Kernel: 5.15 Compiler: gcc gcc (GCC) 14.3.1 20250523 (Red Hat 14.3.1-1) Ubuntu 24.04 Kernel: 5.15 Compiler: gcc gcc (Ubuntu 13.3.0-6ubuntu2~24.04) 13.3.0 Red Hat Enterprise Linux 8.10 Kernel: 5.15 Compiler: gcc gcc (GCC) 8.5.0 20210514 (Red Hat 8.5.0-22) Red Hat Enterprise Linux 9.5 Kernel: 5.15 Compiler: gcc gcc (GCC) 11.5.0 20240719 (Red Hat 11.5.0-2) Ubuntu 22.04 Kernel: 5.15 Compiler: gcc gcc (Ubuntu 11.4.0-1ubuntu1~22.04) 11.4.0 Ubuntu 20.04 Kernel: 5.15 Compiler: gcc gcc (Ubuntu 9.4.0-1ubuntu1~20.04.2) 9.4.0 Windows Server 2022 Kernel: 10.0.20348.2031 Compiler: clang 15.0.7, gcc 14.1.0 (MinGW), and MSVC VS 19.39.33521 To view detailed results, visit: https://lab.dpdk.org/results/dashboard/patchsets/34142/ UNH-IOL DPDK Community Lab To manage your email subscriptions, visit: https://lab.dpdk.org/results/dashboard/preferences/subscriptions/