automatic DPDK test reports
 help / color / mirror / Atom feed
* |SUCCESS| pw156910-156915 [RFC 6/6] intel/iavf: remove use of pthread_cancel
       [not found] <20250924165527.268645-7-stephen@networkplumber.org>
@ 2025-09-24 16:29 ` qemudev
  2025-09-24 16:34 ` qemudev
                   ` (25 subsequent siblings)
  26 siblings, 0 replies; 27+ messages in thread
From: qemudev @ 2025-09-24 16:29 UTC (permalink / raw)
  To: test-report

Test-Label: loongarch-compilation
Test-Status: SUCCESS
http://dpdk.org/patch/156915

_Compilation OK_

Submitter: Stephen Hemminger <stephen@networkplumber.org>
Date: Wed, 24 Sep 2025 09:51:08 -0700
DPDK git baseline: Repo:dpdk
  Branch: main
  CommitID: 441861b4a30e6b6b6aca07367dd487657b1f50e8

156910-156915 --> meson & ninja build successfully

Test environment and result as below:

+---------------------+----------------+
|     Environment     | compilation    |
+---------------------+----------------+
| Loongnix-Server 8.3 | PASS           |
+---------------------+----------------+

Loongnix-Server 8.3
    Kernel: 4.19.190+
    Compiler: gcc 8.3


^ permalink raw reply	[flat|nested] 27+ messages in thread

* |SUCCESS| pw156910-156915 [RFC 6/6] intel/iavf: remove use of pthread_cancel
       [not found] <20250924165527.268645-7-stephen@networkplumber.org>
  2025-09-24 16:29 ` |SUCCESS| pw156910-156915 [RFC 6/6] intel/iavf: remove use of pthread_cancel qemudev
@ 2025-09-24 16:34 ` qemudev
  2025-09-24 16:54 ` |SUCCESS| pw156915 " checkpatch
                   ` (24 subsequent siblings)
  26 siblings, 0 replies; 27+ messages in thread
From: qemudev @ 2025-09-24 16:34 UTC (permalink / raw)
  To: test-report

Test-Label: loongarch-unit-testing
Test-Status: SUCCESS
http://dpdk.org/patch/156915

_Unit Testing PASS_

Submitter: Stephen Hemminger <stephen@networkplumber.org>
Date: Wed, 24 Sep 2025 09:51:08 -0700
DPDK git baseline: Repo:dpdk
  Branch: main
  CommitID: 441861b4a30e6b6b6aca07367dd487657b1f50e8

156910-156915 --> testing pass

Test environment and result as below:

+---------------------+----------------+
|     Environment     | dpdk_unit_test |
+---------------------+----------------+
| Loongnix-Server 8.3 | PASS           |
+---------------------+----------------+

Loongnix-Server 8.3
    Kernel: 4.19.190+
    Compiler: gcc 8.3


Test result details:
  1/120 DPDK:fast-tests / acl_autotest                            OK              3.06s
  2/120 DPDK:fast-tests / alarm_autotest                          OK              1.37s
  3/120 DPDK:fast-tests / argparse_autotest                       OK              0.34s
  4/120 DPDK:fast-tests / atomic_autotest                         OK              6.91s
  5/120 DPDK:fast-tests / bitcount_autotest                       OK              0.20s
  6/120 DPDK:fast-tests / bitmap_autotest                         OK              0.48s
  7/120 DPDK:fast-tests / bitops_autotest                         OK              1.70s
  8/120 DPDK:fast-tests / bitratestats_autotest                   OK              0.20s
  9/120 DPDK:fast-tests / bitset_autotest                         OK              2.92s
 10/120 DPDK:fast-tests / bpf_autotest                            OK              0.20s
 11/120 DPDK:fast-tests / bpf_convert_autotest                    OK              0.20s
 12/120 DPDK:fast-tests / byteorder_autotest                      OK              0.19s
 13/120 DPDK:fast-tests / cfgfile_autotest                        OK              0.20s
 14/120 DPDK:fast-tests / cksum_autotest                          OK              0.19s
 15/120 DPDK:fast-tests / cmdline_autotest                        OK              0.20s
 16/120 DPDK:fast-tests / common_autotest                         OK              1.08s
 17/120 DPDK:fast-tests / compressdev_autotest                    SKIP            0.05s   exit status 77
 18/120 DPDK:fast-tests / cpuflags_autotest                       OK              0.20s
 19/120 DPDK:fast-tests / crc_autotest                            OK              0.20s
 20/120 DPDK:fast-tests / user_delay_us                           OK              0.20s
 21/120 DPDK:fast-tests / debug_autotest                          OK             17.40s
 22/120 DPDK:fast-tests / devargs_autotest                        OK              0.20s
 23/120 DPDK:fast-tests / dispatcher_autotest                     OK              2.54s
 24/120 DPDK:fast-tests / distributor_autotest                    OK              1.19s
 25/120 DPDK:fast-tests / eal_flags_c_opt_autotest                OK              0.79s
 26/120 DPDK:fast-tests / eal_flags_main_opt_autotest             OK              0.21s
 27/120 DPDK:fast-tests / eal_flags_n_opt_autotest                OK              0.19s
 28/120 DPDK:fast-tests / eal_flags_hpet_autotest                 OK              0.12s
 29/120 DPDK:fast-tests / eal_flags_no_huge_autotest              OK              0.21s
 30/120 DPDK:fast-tests / eal_flags_a_opt_autotest                OK              0.29s
 31/120 DPDK:fast-tests / eal_flags_b_opt_autotest                OK              0.24s
 32/120 DPDK:fast-tests / eal_flags_vdev_opt_autotest             OK              0.19s
 33/120 DPDK:fast-tests / eal_flags_r_opt_autotest                OK              0.18s
 34/120 DPDK:fast-tests / eal_flags_mem_autotest                  OK              0.57s
 35/120 DPDK:fast-tests / eal_flags_file_prefix_autotest          OK             22.18s
 36/120 DPDK:fast-tests / eal_flags_misc_autotest                 OK              1.03s
 37/120 DPDK:fast-tests / eal_fs_autotest                         OK              0.20s
 38/120 DPDK:fast-tests / errno_autotest                          OK              0.19s
 39/120 DPDK:fast-tests / ethdev_link_status                      OK              0.20s
 40/120 DPDK:fast-tests / event_eth_tx_adapter_autotest           OK              1.67s
 41/120 DPDK:fast-tests / event_ring_autotest                     OK              0.21s
 42/120 DPDK:fast-tests / eventdev_common_autotest                OK              0.20s
 43/120 DPDK:fast-tests / eventdev_selftest_sw                    OK              6.98s
 44/120 DPDK:fast-tests / fbarray_autotest                        OK              0.21s
 45/120 DPDK:fast-tests / fib_autotest                            OK              1.03s
 46/120 DPDK:fast-tests / fib6_autotest                           OK              0.82s
 47/120 DPDK:fast-tests / func_reentrancy_autotest                OK              2.24s
 48/120 DPDK:fast-tests / graph_autotest                          OK              0.21s
 49/120 DPDK:fast-tests / node_list_dump                          OK              0.49s
 50/120 DPDK:fast-tests / graph_feature_arc_autotest              OK              0.41s
 51/120 DPDK:fast-tests / hash_autotest                           OK              1.03s
 52/120 DPDK:fast-tests / hash_readwrite_func_autotest            OK              6.37s
 53/120 DPDK:fast-tests / interrupt_autotest                      OK              1.73s
 54/120 DPDK:fast-tests / ipfrag_autotest                         OK              0.08s
 55/120 DPDK:fast-tests / ipsec_autotest                          SKIP            0.44s   exit status 77
 56/120 DPDK:fast-tests / kvargs_autotest                         OK              0.44s
 57/120 DPDK:fast-tests / latencystats_autotest                   OK              0.44s
 58/120 DPDK:fast-tests / lcore_var_autotest                      OK              0.58s
 59/120 DPDK:fast-tests / lcores_autotest                         OK              5.25s
 60/120 DPDK:fast-tests / logs_autotest                           OK              0.43s
 61/120 DPDK:fast-tests / lpm_autotest                            OK              2.47s
 62/120 DPDK:fast-tests / lpm6_autotest                           OK              5.63s
 63/120 DPDK:fast-tests / malloc_autotest                         OK             60.23s
 64/120 DPDK:fast-tests / mbuf_autotest                           OK              5.17s
 65/120 DPDK:fast-tests / mcslock_autotest                        OK              2.74s
 66/120 DPDK:fast-tests / member_autotest                         OK              1.61s
 67/120 DPDK:fast-tests / memcpy_autotest                         OK              6.87s
 68/120 DPDK:fast-tests / memory_autotest                         OK              0.09s
 69/120 DPDK:fast-tests / mempool_autotest                        OK              0.43s
 70/120 DPDK:fast-tests / memzone_autotest                        OK              0.14s
 71/120 DPDK:fast-tests / meter_autotest                          OK              0.43s
 72/120 DPDK:fast-tests / metrics_autotest                        OK              0.43s
 73/120 DPDK:fast-tests / multiprocess_autotest                   OK              0.19s
 74/120 DPDK:fast-tests / net_ether_autotest                      OK              1.09s
 75/120 DPDK:fast-tests / net_ipv6_autotest                       OK              0.43s
 76/120 DPDK:fast-tests / pcapng_autotest                         OK              7.32s
 77/120 DPDK:fast-tests / pdcp_autotest                           SKIP            0.07s   exit status 77
 78/120 DPDK:fast-tests / pdump_autotest                          OK              0.53s
 79/120 DPDK:fast-tests / per_lcore_autotest                      OK              0.54s
 80/120 DPDK:fast-tests / pflock_autotest                         OK              1.24s
 81/120 DPDK:fast-tests / pie_autotest                            OK              0.44s
 82/120 DPDK:fast-tests / ring_pmd_autotest                       OK              0.44s
 83/120 DPDK:fast-tests / power_autotest                          OK              0.44s
 84/120 DPDK:fast-tests / power_cpufreq_autotest                  SKIP            0.07s   exit status 77
 85/120 DPDK:fast-tests / power_intel_uncore_autotest             SKIP            0.43s   exit status 77
 86/120 DPDK:fast-tests / power_kvm_vm_autotest                   SKIP            0.07s   exit status 77
 87/120 DPDK:fast-tests / prefetch_autotest                       OK              0.43s
 88/120 DPDK:fast-tests / ptr_compress_autotest                   OK              0.43s
 89/120 DPDK:fast-tests / rawdev_autotest                         OK              0.43s
 90/120 DPDK:fast-tests / rcu_qsbr_autotest                       OK              0.96s
 91/120 DPDK:fast-tests / reorder_autotest                        OK              0.49s
 92/120 DPDK:fast-tests / rib_autotest                            OK              9.07s
 93/120 DPDK:fast-tests / rib6_autotest                           OK              9.07s
 94/120 DPDK:fast-tests / ring_autotest                           OK              0.46s
 95/120 DPDK:fast-tests / rwlock_test1_autotest                   OK              1.18s
 96/120 DPDK:fast-tests / rwlock_rda_autotest                     OK              5.44s
 97/120 DPDK:fast-tests / rwlock_rds_wrm_autotest                 OK              5.44s
 98/120 DPDK:fast-tests / rwlock_rde_wro_autotest                 OK              5.44s
 99/120 DPDK:fast-tests / sched_autotest                          OK              0.44s
100/120 DPDK:fast-tests / security_autotest                       OK              0.07s
101/120 DPDK:fast-tests / seqlock_autotest                        OK              2.43s
102/120 DPDK:fast-tests / service_autotest                        OK              3.14s
103/120 DPDK:fast-tests / soring_autotest                         OK              0.44s
104/120 DPDK:fast-tests / spinlock_autotest                       OK              0.51s
105/120 DPDK:fast-tests / stack_autotest                          OK              0.87s
106/120 DPDK:fast-tests / stack_lf_autotest                       SKIP            0.06s   exit status 77
107/120 DPDK:fast-tests / string_autotest                         OK              0.43s
108/120 DPDK:fast-tests / table_autotest                          OK              7.83s
109/120 DPDK:fast-tests / tailq_autotest                          OK              0.43s
110/120 DPDK:fast-tests / telemetry_data_autotest                 OK              0.44s
111/120 DPDK:fast-tests / telemetry_json_autotest                 OK              0.43s
112/120 DPDK:fast-tests / thash_autotest                          OK              0.45s
113/120 DPDK:fast-tests / threads_autotest                        OK              0.61s
114/120 DPDK:fast-tests / ticketlock_autotest                     OK              0.59s
115/120 DPDK:fast-tests / timer_autotest                          OK              3.97s
116/120 DPDK:fast-tests / trace_autotest                          OK              0.43s
117/120 DPDK:fast-tests / trace_autotest_with_traces              OK              0.44s
118/120 DPDK:fast-tests / vdev_autotest                           OK              0.43s
119/120 DPDK:fast-tests / version_autotest                        OK              0.44s
120/120 DPDK:fast-tests / telemetry_all                           OK             19.51s


Ok:                 113
Expected Fail:      0
Fail:               0
Unexpected Pass:    0
Skipped:            7
Timeout:            0


^ permalink raw reply	[flat|nested] 27+ messages in thread

* |SUCCESS| pw156915 [RFC 6/6] intel/iavf: remove use of pthread_cancel
       [not found] <20250924165527.268645-7-stephen@networkplumber.org>
  2025-09-24 16:29 ` |SUCCESS| pw156910-156915 [RFC 6/6] intel/iavf: remove use of pthread_cancel qemudev
  2025-09-24 16:34 ` qemudev
@ 2025-09-24 16:54 ` checkpatch
  2025-09-24 17:40 ` |PENDING| pw156910-156915 [PATCH] [RFC,6/6] intel/iavf: remove use o dpdklab
                   ` (23 subsequent siblings)
  26 siblings, 0 replies; 27+ messages in thread
From: checkpatch @ 2025-09-24 16:54 UTC (permalink / raw)
  To: test-report

Test-Label: checkpatch
Test-Status: SUCCESS
http://dpdk.org/patch/156915

_coding style OK_



^ permalink raw reply	[flat|nested] 27+ messages in thread

* |PENDING| pw156910-156915 [PATCH] [RFC,6/6] intel/iavf: remove use o
       [not found] <20250924165527.268645-7-stephen@networkplumber.org>
                   ` (2 preceding siblings ...)
  2025-09-24 16:54 ` |SUCCESS| pw156915 " checkpatch
@ 2025-09-24 17:40 ` dpdklab
  2025-09-24 17:44 ` |SUCCESS| " dpdklab
                   ` (22 subsequent siblings)
  26 siblings, 0 replies; 27+ messages in thread
From: dpdklab @ 2025-09-24 17:40 UTC (permalink / raw)
  To: Test Report; +Cc: dpdk-test-reports

Test-Label: iol-compile-amd64-testing
Test-Status: PENDING
http://dpdk.org/patch/156915

_Testing pending_

Submitter: Stephen Hemminger <stephen@networkplumber.org>
Date: Wednesday, September 24 2025 16:51:13 
DPDK git baseline: Repo:dpdk
  Branch: master
  CommitID:441861b4a30e6b6b6aca07367dd487657b1f50e8

156910-156915 --> testing pending

Upstream job id: Generic-VM-DPDK-Compile-Meson#38550

Test environment and result as below:

+--------------+--------------------+
| Environment  | dpdk_meson_compile |
+==============+====================+
| Ubuntu 20.04 | PASS               |
+--------------+--------------------+
| FreeBSD 14.2 | PEND               |
+--------------+--------------------+


Ubuntu 20.04
	Kernel: 4.19
	Compiler: gcc gcc (Ubuntu 9.4.0-1ubuntu1~20.04.2) 9.4.0

FreeBSD 14.2
	Kernel: 14.2-RELEASE
	Compiler: clang 18.1.6

To view detailed results, visit:
https://lab.dpdk.org/results/dashboard/patchsets/34141/

UNH-IOL DPDK Community Lab

To manage your email subscriptions, visit: 
https://lab.dpdk.org/results/dashboard/preferences/subscriptions/

^ permalink raw reply	[flat|nested] 27+ messages in thread

* |SUCCESS| pw156910-156915 [PATCH] [RFC,6/6] intel/iavf: remove use o
       [not found] <20250924165527.268645-7-stephen@networkplumber.org>
                   ` (3 preceding siblings ...)
  2025-09-24 17:40 ` |PENDING| pw156910-156915 [PATCH] [RFC,6/6] intel/iavf: remove use o dpdklab
@ 2025-09-24 17:44 ` dpdklab
  2025-09-24 17:49 ` dpdklab
                   ` (21 subsequent siblings)
  26 siblings, 0 replies; 27+ messages in thread
From: dpdklab @ 2025-09-24 17:44 UTC (permalink / raw)
  To: Test Report; +Cc: dpdk-test-reports

Test-Label: iol-mellanox-Functional
Test-Status: SUCCESS
http://dpdk.org/patch/156915

_Functional Testing PASS_

Submitter: Stephen Hemminger <stephen@networkplumber.org>
Date: Wednesday, September 24 2025 16:51:13 
DPDK git baseline: Repo:dpdk
  Branch: master
  CommitID:441861b4a30e6b6b6aca07367dd487657b1f50e8

156910-156915 --> functional testing pass

Upstream job id: Template-DPDK-DTS-Pipeline#2174

Test environment and result as below:

Ubuntu 24.04
Kernel: 6.8.0-55-generic
Compiler: gcc 13.3.0
NIC: Mellanox ConnectX-5 100000 Mbps

Aggregate Results by Test Suite
+---------------------------------+--------+
|           Test Suite            | Result |
+=================================+========+
| blocklist                       |  PASS  |
+---------------------------------+--------+
| promisc_support                 |  PASS  |
+---------------------------------+--------+
| uni_pkt                         |  PASS  |
+---------------------------------+--------+
| dynamic_config                  |  PASS  |
+---------------------------------+--------+
| hello_world                     |  PASS  |
+---------------------------------+--------+
| l2fwd                           |  PASS  |
+---------------------------------+--------+
| port_restart_config_persistency |  PASS  |
+---------------------------------+--------+
| softnic                         |  PASS  |
+---------------------------------+--------+
| vlan                            |  PASS  |
+---------------------------------+--------+


To view detailed results, visit:
https://lab.dpdk.org/results/dashboard/patchsets/34141/

UNH-IOL DPDK Community Lab

To manage your email subscriptions, visit: 
https://lab.dpdk.org/results/dashboard/preferences/subscriptions/

^ permalink raw reply	[flat|nested] 27+ messages in thread

* |SUCCESS| pw156910-156915 [PATCH] [RFC,6/6] intel/iavf: remove use o
       [not found] <20250924165527.268645-7-stephen@networkplumber.org>
                   ` (4 preceding siblings ...)
  2025-09-24 17:44 ` |SUCCESS| " dpdklab
@ 2025-09-24 17:49 ` dpdklab
  2025-09-24 17:50 ` dpdklab
                   ` (20 subsequent siblings)
  26 siblings, 0 replies; 27+ messages in thread
From: dpdklab @ 2025-09-24 17:49 UTC (permalink / raw)
  To: Test Report; +Cc: dpdk-test-reports

Test-Label: iol-marvell-Functional
Test-Status: SUCCESS
http://dpdk.org/patch/156915

_Functional Testing PASS_

Submitter: Stephen Hemminger <stephen@networkplumber.org>
Date: Wednesday, September 24 2025 16:51:13 
DPDK git baseline: Repo:dpdk
  Branch: master
  CommitID:441861b4a30e6b6b6aca07367dd487657b1f50e8

156910-156915 --> functional testing pass

Upstream job id: Template-DTS-Pipeline#246150

Test environment and result as below:

Ubuntu 20.04.6
Kernel: 5.4.105
Compiler: gcc 9.4
NIC: Marvell CN106XX 50000 Mbps
Target: arm64-native-linuxapp-gcc

Aggregate Results by Test Suite
+----------------+--------+
|   Test Suite   | Result |
+================+========+
| cmdline        |  PASS  |
+----------------+--------+
| rxtx_callbacks |  PASS  |
+----------------+--------+


To view detailed results, visit:
https://lab.dpdk.org/results/dashboard/patchsets/34141/

UNH-IOL DPDK Community Lab

To manage your email subscriptions, visit: 
https://lab.dpdk.org/results/dashboard/preferences/subscriptions/

^ permalink raw reply	[flat|nested] 27+ messages in thread

* |SUCCESS| pw156910-156915 [PATCH] [RFC,6/6] intel/iavf: remove use o
       [not found] <20250924165527.268645-7-stephen@networkplumber.org>
                   ` (5 preceding siblings ...)
  2025-09-24 17:49 ` dpdklab
@ 2025-09-24 17:50 ` dpdklab
  2025-09-24 17:54 ` dpdklab
                   ` (19 subsequent siblings)
  26 siblings, 0 replies; 27+ messages in thread
From: dpdklab @ 2025-09-24 17:50 UTC (permalink / raw)
  To: Test Report; +Cc: dpdk-test-reports

Test-Label: iol-compile-amd64-testing
Test-Status: SUCCESS
http://dpdk.org/patch/156915

_Testing PASS_

Submitter: Stephen Hemminger <stephen@networkplumber.org>
Date: Wednesday, September 24 2025 16:51:13 
DPDK git baseline: Repo:dpdk
  Branch: master
  CommitID:441861b4a30e6b6b6aca07367dd487657b1f50e8

156910-156915 --> testing pass

Upstream job id: Generic-VM-DPDK-Compile-Meson#38551

Test environment and result as below:

+--------------+--------------------+
| Environment  | dpdk_meson_compile |
+==============+====================+
| Ubuntu 20.04 | PASS               |
+--------------+--------------------+
| FreeBSD 14.2 | PASS               |
+--------------+--------------------+


Ubuntu 20.04
	Kernel: 4.19
	Compiler: gcc gcc (Ubuntu 9.4.0-1ubuntu1~20.04.2) 9.4.0

FreeBSD 14.2
	Kernel: 14.2-RELEASE
	Compiler: clang 18.1.6

To view detailed results, visit:
https://lab.dpdk.org/results/dashboard/patchsets/34141/

UNH-IOL DPDK Community Lab

To manage your email subscriptions, visit: 
https://lab.dpdk.org/results/dashboard/preferences/subscriptions/

^ permalink raw reply	[flat|nested] 27+ messages in thread

* |SUCCESS| pw156910-156915 [PATCH] [RFC,6/6] intel/iavf: remove use o
       [not found] <20250924165527.268645-7-stephen@networkplumber.org>
                   ` (6 preceding siblings ...)
  2025-09-24 17:50 ` dpdklab
@ 2025-09-24 17:54 ` dpdklab
  2025-09-24 18:08 ` dpdklab
                   ` (18 subsequent siblings)
  26 siblings, 0 replies; 27+ messages in thread
From: dpdklab @ 2025-09-24 17:54 UTC (permalink / raw)
  To: Test Report; +Cc: dpdk-test-reports

Test-Label: iol-sample-apps-testing
Test-Status: SUCCESS
http://dpdk.org/patch/156915

_Testing PASS_

Submitter: Stephen Hemminger <stephen@networkplumber.org>
Date: Wednesday, September 24 2025 16:51:13 
DPDK git baseline: Repo:dpdk
  Branch: master
  CommitID:441861b4a30e6b6b6aca07367dd487657b1f50e8

156910-156915 --> testing pass

Upstream job id: Template-DTS-Pipeline#246152

Test environment and result as below:

+--------------+----------------------+
| Environment  | compressdev_zlib_pmd |
+==============+======================+
| Ubuntu 22.04 | PASS                 |
+--------------+----------------------+


Ubuntu 22.04
	Kernel: 5.15
	Compiler: gcc gcc (Ubuntu 11.4.0-1ubuntu1~22.04.2) 11.4.0

To view detailed results, visit:
https://lab.dpdk.org/results/dashboard/patchsets/34141/

UNH-IOL DPDK Community Lab

To manage your email subscriptions, visit: 
https://lab.dpdk.org/results/dashboard/preferences/subscriptions/

^ permalink raw reply	[flat|nested] 27+ messages in thread

* |SUCCESS| pw156910-156915 [PATCH] [RFC,6/6] intel/iavf: remove use o
       [not found] <20250924165527.268645-7-stephen@networkplumber.org>
                   ` (7 preceding siblings ...)
  2025-09-24 17:54 ` dpdklab
@ 2025-09-24 18:08 ` dpdklab
  2025-09-24 18:11 ` dpdklab
                   ` (17 subsequent siblings)
  26 siblings, 0 replies; 27+ messages in thread
From: dpdklab @ 2025-09-24 18:08 UTC (permalink / raw)
  To: Test Report; +Cc: dpdk-test-reports

Test-Label: iol-intel-Functional
Test-Status: SUCCESS
http://dpdk.org/patch/156915

_Functional Testing PASS_

Submitter: Stephen Hemminger <stephen@networkplumber.org>
Date: Wednesday, September 24 2025 16:51:13 
DPDK git baseline: Repo:dpdk
  Branch: master
  CommitID:441861b4a30e6b6b6aca07367dd487657b1f50e8

156910-156915 --> functional testing pass

Upstream job id: Template-DTS-Pipeline#246153

Test environment and result as below:

Ubuntu 24.04 LTS
Kernel: 6.8.0-44-generic
Compiler: gcc 13.2.0
NIC: Intel Corporation Ethernet Controller XL710 for 40GbE QSFP+ 40 Mbps

Aggregate Results by Test Suite
+--------------------+--------+
|     Test Suite     | Result |
+====================+========+
| blocklist          |  PASS  |
+--------------------+--------+
| promisc_support    |  PASS  |
+--------------------+--------+
| uni_pkt            |  PASS  |
+--------------------+--------+
| dynamic_config     |  PASS  |
+--------------------+--------+
| dynamic_queue_conf |  PASS  |
+--------------------+--------+
| hello_world        |  PASS  |
+--------------------+--------+
| l2fwd              |  PASS  |
+--------------------+--------+
| softnic            |  PASS  |
+--------------------+--------+
| vlan               |  PASS  |
+--------------------+--------+


Ubuntu 24.04
Kernel: 6.8
Compiler: gcc gcc (Ubuntu 13.3.0-6ubuntu2~24.04) 13.3.0
NIC: Intel Corporation 4xxx Series QAT 0 Mbps

Aggregate Results by Test Suite
+----------------------------+--------+
|         Test Suite         | Result |
+============================+========+
| crypto_perf_cryptodev_perf |  PASS  |
+----------------------------+--------+


To view detailed results, visit:
https://lab.dpdk.org/results/dashboard/patchsets/34141/

UNH-IOL DPDK Community Lab

To manage your email subscriptions, visit: 
https://lab.dpdk.org/results/dashboard/preferences/subscriptions/

^ permalink raw reply	[flat|nested] 27+ messages in thread

* |SUCCESS| pw156910-156915 [PATCH] [RFC,6/6] intel/iavf: remove use o
       [not found] <20250924165527.268645-7-stephen@networkplumber.org>
                   ` (8 preceding siblings ...)
  2025-09-24 18:08 ` dpdklab
@ 2025-09-24 18:11 ` dpdklab
  2025-09-24 18:24 ` |PENDING| " dpdklab
                   ` (16 subsequent siblings)
  26 siblings, 0 replies; 27+ messages in thread
From: dpdklab @ 2025-09-24 18:11 UTC (permalink / raw)
  To: Test Report, Ali Alnubani; +Cc: dpdk-test-reports

Test-Label: iol-mellanox-Performance
Test-Status: SUCCESS
http://dpdk.org/patch/156915

_Performance Testing PASS_

Submitter: Stephen Hemminger <stephen@networkplumber.org>
Date: Wednesday, September 24 2025 16:51:13 
DPDK git baseline: Repo:dpdk
  Branch: master
  CommitID:441861b4a30e6b6b6aca07367dd487657b1f50e8

156910-156915 --> performance testing pass

Upstream job id: Template-DTS-Pipeline#246140

Test environment and result as below:

Ubuntu 24.04
Kernel: 6.8
Compiler: gcc gcc (Ubuntu 13.3.0-6ubuntu2~24.04) 13.3.0
NIC: Mellanox ConnectX-6 Lx 25000 Mbps
Fail/Total: 0/6

Detail performance results: 
+------------+---------+----------+-------------+------------------------------+
| frame_size | txd/rxd | num_cpus | num_threads |  throughput difference from  |
|            |         |          |             |           expected           |
+============+=========+==========+=============+==============================+
| 64         | 1024    | 1        | 1           | 0.1%                         |
+------------+---------+----------+-------------+------------------------------+
| 128        | 1024    | 1        | 1           | 0.1%                         |
+------------+---------+----------+-------------+------------------------------+
| 256        | 1024    | 1        | 1           | 0.1%                         |
+------------+---------+----------+-------------+------------------------------+
| 512        | 1024    | 1        | 1           | 0.2%                         |
+------------+---------+----------+-------------+------------------------------+
| 1024       | 1024    | 1        | 1           | 0.2%                         |
+------------+---------+----------+-------------+------------------------------+
| 1518       | 1024    | 1        | 1           | 0.2%                         |
+------------+---------+----------+-------------+------------------------------+

Ubuntu 24.04
Kernel: 6.8
Compiler: gcc gcc (Ubuntu 13.3.0-6ubuntu2~24.04) 13.3.0
NIC: NVIDIA Mellanox ConnectX-7 100000 Mbps
Fail/Total: 0/6

Detail performance results: 
+------------+---------+----------+-------------+------------------------------+
| frame_size | txd/rxd | num_cpus | num_threads |  throughput difference from  |
|            |         |          |             |           expected           |
+============+=========+==========+=============+==============================+
| 64         | 1024    | 1        | 1           | -0.7%                        |
+------------+---------+----------+-------------+------------------------------+
| 128        | 1024    | 1        | 1           | 0.2%                         |
+------------+---------+----------+-------------+------------------------------+
| 256        | 1024    | 1        | 1           | 0.4%                         |
+------------+---------+----------+-------------+------------------------------+
| 512        | 1024    | 1        | 1           | 0.0%                         |
+------------+---------+----------+-------------+------------------------------+
| 1024       | 1024    | 1        | 1           | -0.2%                        |
+------------+---------+----------+-------------+------------------------------+
| 1518       | 1024    | 1        | 1           | 0.1%                         |
+------------+---------+----------+-------------+------------------------------+

To view detailed results, visit:
https://lab.dpdk.org/results/dashboard/patchsets/34141/

UNH-IOL DPDK Community Lab

To manage your email subscriptions, visit: 
https://lab.dpdk.org/results/dashboard/preferences/subscriptions/

^ permalink raw reply	[flat|nested] 27+ messages in thread

* |PENDING| pw156910-156915 [PATCH] [RFC,6/6] intel/iavf: remove use o
       [not found] <20250924165527.268645-7-stephen@networkplumber.org>
                   ` (9 preceding siblings ...)
  2025-09-24 18:11 ` dpdklab
@ 2025-09-24 18:24 ` dpdklab
  2025-09-24 18:55 ` dpdklab
                   ` (15 subsequent siblings)
  26 siblings, 0 replies; 27+ messages in thread
From: dpdklab @ 2025-09-24 18:24 UTC (permalink / raw)
  To: Test Report; +Cc: dpdk-test-reports

Test-Label: iol-unit-arm64-testing
Test-Status: PENDING
http://dpdk.org/patch/156915

_Testing pending_

Submitter: Stephen Hemminger <stephen@networkplumber.org>
Date: Wednesday, September 24 2025 16:51:13 
DPDK git baseline: Repo:dpdk
  Branch: master
  CommitID:441861b4a30e6b6b6aca07367dd487657b1f50e8

156910-156915 --> testing pending

Upstream job id: Aarch32-Unit-Test#7622

Test environment and result as below:

+------------------------------+----------------+--------------+------------------------------+---------------------------+
|         Environment          | dpdk_unit_test | lpm_autotest | cryptodev_sw_snow3g_autotest | cryptodev_sw_zuc_autotest |
+==============================+================+==============+==============================+===========================+
| CentOS Stream 9              | PEND           | SKIPPED      | SKIPPED                      | SKIPPED                   |
+------------------------------+----------------+--------------+------------------------------+---------------------------+
| Ubuntu 22.04                 | PEND           | SKIPPED      | SKIPPED                      | SKIPPED                   |
+------------------------------+----------------+--------------+------------------------------+---------------------------+
| CentOS Stream 10             | PEND           | SKIPPED      | SKIPPED                      | SKIPPED                   |
+------------------------------+----------------+--------------+------------------------------+---------------------------+
| Debian GNU/Linux 12          | PEND           | SKIPPED      | SKIPPED                      | SKIPPED                   |
+------------------------------+----------------+--------------+------------------------------+---------------------------+
| Fedora Linux 40              | PEND           | SKIPPED      | SKIPPED                      | SKIPPED                   |
+------------------------------+----------------+--------------+------------------------------+---------------------------+
| Fedora Linux 42              | PEND           | SKIPPED      | SKIPPED                      | SKIPPED                   |
+------------------------------+----------------+--------------+------------------------------+---------------------------+
| Ubuntu 20.04                 | PEND           | PEND         | SKIPPED                      | SKIPPED                   |
+------------------------------+----------------+--------------+------------------------------+---------------------------+
| Fedora Linux 41              | PEND           | SKIPPED      | SKIPPED                      | SKIPPED                   |
+------------------------------+----------------+--------------+------------------------------+---------------------------+
| Red Hat Enterprise Linux 9.5 | PEND           | SKIPPED      | SKIPPED                      | SKIPPED                   |
+------------------------------+----------------+--------------+------------------------------+---------------------------+
| Ubuntu 24.04                 | PEND           | SKIPPED      | SKIPPED                      | SKIPPED                   |
+------------------------------+----------------+--------------+------------------------------+---------------------------+
| Debian 12 (arm)              | SKIPPED        | SKIPPED      | PEND                         | PEND                      |
+------------------------------+----------------+--------------+------------------------------+---------------------------+


CentOS Stream 9
	Kernel: 5.4
	Compiler: gcc gcc (GCC) 11.5.0 20240719 (Red Hat 11.5.0-11)

Ubuntu 22.04
	Kernel: 5.15
	Compiler: gcc gcc (Ubuntu 11.4.0-1ubuntu1~22.04.2) 11.4.0

CentOS Stream 10
	Kernel: 5.4
	Compiler: gcc gcc (GCC) 14.2.1 20250110 (Red Hat 14.2.1-8)

Debian GNU/Linux 12
	Kernel: 5.4
	Compiler: gcc gcc (Debian 12.2.0-14+deb12u1) 12.2.0

Fedora Linux 40
	Kernel: 5.4
	Compiler: clang gcc (GCC) 14.2.1 20240912 (Red Hat 14.2.1-3)

Fedora Linux 42
	Kernel: 5.4
	Compiler: clang gcc (GCC) 15.2.1 20250808 (Red Hat 15.2.1-1)

Ubuntu 20.04
	Kernel: 5.4
	Compiler: gcc gcc (Ubuntu 9.4.0-1ubuntu1~20.04.2) 9.4.0

Fedora Linux 41
	Kernel: 5.4
	Compiler: clang gcc (GCC) 14.3.1 20250523 (Red Hat 14.3.1-1)

Red Hat Enterprise Linux 9.5
	Kernel: 5.4
	Compiler: gcc gcc (GCC) 11.5.0 20240719 (Red Hat 11.5.0-2)

Ubuntu 24.04
	Kernel: 5.4
	Compiler: gcc gcc (Ubuntu 13.3.0-6ubuntu2~24.04) 13.3.0

Debian 12 (arm)
	Kernel: Depends on container host
	Compiler: gcc (Debian 12.2.0-14) 12.2.0

To view detailed results, visit:
https://lab.dpdk.org/results/dashboard/patchsets/34141/

UNH-IOL DPDK Community Lab

To manage your email subscriptions, visit: 
https://lab.dpdk.org/results/dashboard/preferences/subscriptions/

^ permalink raw reply	[flat|nested] 27+ messages in thread

* |PENDING| pw156910-156915 [PATCH] [RFC,6/6] intel/iavf: remove use o
       [not found] <20250924165527.268645-7-stephen@networkplumber.org>
                   ` (10 preceding siblings ...)
  2025-09-24 18:24 ` |PENDING| " dpdklab
@ 2025-09-24 18:55 ` dpdklab
  2025-09-24 18:58 ` |SUCCESS| " dpdklab
                   ` (14 subsequent siblings)
  26 siblings, 0 replies; 27+ messages in thread
From: dpdklab @ 2025-09-24 18:55 UTC (permalink / raw)
  To: Test Report; +Cc: dpdk-test-reports

Test-Label: iol-compile-arm64-testing
Test-Status: PENDING
http://dpdk.org/patch/156915

_Testing pending_

Submitter: Stephen Hemminger <stephen@networkplumber.org>
Date: Wednesday, September 24 2025 16:51:13 
DPDK git baseline: Repo:dpdk
  Branch: master
  CommitID:441861b4a30e6b6b6aca07367dd487657b1f50e8

156910-156915 --> testing pending

Upstream job id: Generic-DPDK-Compile-Meson#428254

Test environment and result as below:

+------------------------------+--------------------+
|         Environment          | dpdk_meson_compile |
+==============================+====================+
| Red Hat Enterprise Linux 9.5 | PEND               |
+------------------------------+--------------------+
| Ubuntu 20.04                 | PEND               |
+------------------------------+--------------------+
| Debian GNU/Linux 12          | PEND               |
+------------------------------+--------------------+
| Fedora Linux 42              | PEND               |
+------------------------------+--------------------+
| Ubuntu 22.04                 | PEND               |
+------------------------------+--------------------+
| CentOS Stream 9              | PEND               |
+------------------------------+--------------------+
| Ubuntu 24.04                 | PEND               |
+------------------------------+--------------------+
| CentOS Stream 10             | PEND               |
+------------------------------+--------------------+


Red Hat Enterprise Linux 9.5
	Kernel: 5.4
	Compiler: gcc gcc (GCC) 11.5.0 20240719 (Red Hat 11.5.0-2)

Ubuntu 20.04
	Kernel: 5.15
	Compiler: aarch64-linux-gnu-gcc gcc (Ubuntu 9.4.0-1ubuntu1~20.04.2) 9.4.0

Debian GNU/Linux 12
	Kernel: 5.4
	Compiler: gcc gcc (Debian 12.2.0-14+deb12u1) 12.2.0

Fedora Linux 42
	Kernel: 5.4
	Compiler: gcc gcc (GCC) 15.2.1 20250808 (Red Hat 15.2.1-1)

Ubuntu 22.04
	Kernel: 5.4
	Compiler: gcc gcc (Ubuntu 11.4.0-1ubuntu1~22.04) 11.4.0

CentOS Stream 9
	Kernel: 5.4
	Compiler: gcc gcc (GCC) 11.5.0 20240719 (Red Hat 11.5.0-11)

Ubuntu 24.04
	Kernel: 5.4
	Compiler: gcc gcc (Ubuntu 13.3.0-6ubuntu2~24.04) 13.3.0

CentOS Stream 10
	Kernel: 5.4
	Compiler: gcc gcc (GCC) 14.2.1 20250110 (Red Hat 14.2.1-8)

To view detailed results, visit:
https://lab.dpdk.org/results/dashboard/patchsets/34141/

UNH-IOL DPDK Community Lab

To manage your email subscriptions, visit: 
https://lab.dpdk.org/results/dashboard/preferences/subscriptions/

^ permalink raw reply	[flat|nested] 27+ messages in thread

* |SUCCESS| pw156910-156915 [PATCH] [RFC,6/6] intel/iavf: remove use o
       [not found] <20250924165527.268645-7-stephen@networkplumber.org>
                   ` (11 preceding siblings ...)
  2025-09-24 18:55 ` dpdklab
@ 2025-09-24 18:58 ` dpdklab
  2025-09-24 18:58 ` dpdklab
                   ` (13 subsequent siblings)
  26 siblings, 0 replies; 27+ messages in thread
From: dpdklab @ 2025-09-24 18:58 UTC (permalink / raw)
  To: Test Report; +Cc: dpdk-test-reports

Test-Label: iol-intel-Performance
Test-Status: SUCCESS
http://dpdk.org/patch/156915

_Performance Testing PASS_

Submitter: Stephen Hemminger <stephen@networkplumber.org>
Date: Wednesday, September 24 2025 16:51:13 
DPDK git baseline: Repo:dpdk
  Branch: master
  CommitID:441861b4a30e6b6b6aca07367dd487657b1f50e8

156910-156915 --> performance testing pass

Upstream job id: Template-DTS-Pipeline#246143

Test environment and result as below:

Ubuntu 22.04
Kernel: 5.15
Compiler: gcc gcc (Ubuntu 11.4.0-1ubuntu1~22.04.2) 11.4.0
NIC: Intel E810 100000 Mbps
Fail/Total: 0/2

Detail performance results: 
+------------+---------+----------+-------------+------------------------------+
| frame_size | txd/rxd | num_cpus | num_threads |  throughput difference from  |
|            |         |          |             |           expected           |
+============+=========+==========+=============+==============================+
| 64         | 512     | 1        | 1           | 0.1%                         |
+------------+---------+----------+-------------+------------------------------+
| 64         | 2048    | 1        | 1           | 0.1%                         |
+------------+---------+----------+-------------+------------------------------+

Ubuntu 20.04
Kernel: 5.4
Compiler: gcc gcc (Ubuntu 9.4.0-1ubuntu1~20.04.1) 9.4.0
NIC: Intel Corporation Ethernet Converged Network Adapter XL710-QDA2 40000 Mbps
Fail/Total: 0/4

Detail performance results: 
+----------+-------------+---------+------------+------------------------------+
| num_cpus | num_threads | txd/rxd | frame_size |  throughput difference from  |
|          |             |         |            |           expected           |
+==========+=============+=========+============+==============================+
| 1        | 2           | 512     | 64         | 0.4%                         |
+----------+-------------+---------+------------+------------------------------+
| 1        | 2           | 2048    | 64         | -2.3%                        |
+----------+-------------+---------+------------+------------------------------+
| 1        | 1           | 512     | 64         | 0.7%                         |
+----------+-------------+---------+------------+------------------------------+
| 1        | 1           | 2048    | 64         | -1.1%                        |
+----------+-------------+---------+------------+------------------------------+

Ubuntu 24.04
Kernel: 6.8
Compiler: gcc gcc (Ubuntu 13.3.0-6ubuntu2~24.04) 13.3.0
NIC: Intel E810 (Arm Grace Server) 100000 Mbps
Fail/Total: 0/2

Detail performance results: 
+------------+---------+----------+-------------+------------------------------+
| frame_size | txd/rxd | num_cpus | num_threads |  throughput difference from  |
|            |         |          |             |           expected           |
+============+=========+==========+=============+==============================+
| 64         | 512     | 1        | 1           | -0.2%                        |
+------------+---------+----------+-------------+------------------------------+
| 64         | 2048    | 1        | 1           | -4.5%                        |
+------------+---------+----------+-------------+------------------------------+

To view detailed results, visit:
https://lab.dpdk.org/results/dashboard/patchsets/34141/

UNH-IOL DPDK Community Lab

To manage your email subscriptions, visit: 
https://lab.dpdk.org/results/dashboard/preferences/subscriptions/

^ permalink raw reply	[flat|nested] 27+ messages in thread

* |SUCCESS| pw156910-156915 [PATCH] [RFC,6/6] intel/iavf: remove use o
       [not found] <20250924165527.268645-7-stephen@networkplumber.org>
                   ` (12 preceding siblings ...)
  2025-09-24 18:58 ` |SUCCESS| " dpdklab
@ 2025-09-24 18:58 ` dpdklab
  2025-09-24 18:58 ` |SUCCESS| pw156915 [RFC 6/6] intel/iavf: remove use of pthread_cancel 0-day Robot
                   ` (12 subsequent siblings)
  26 siblings, 0 replies; 27+ messages in thread
From: dpdklab @ 2025-09-24 18:58 UTC (permalink / raw)
  To: Test Report; +Cc: dpdk-test-reports

Test-Label: iol-intel-Functional
Test-Status: SUCCESS
http://dpdk.org/patch/156915

_Functional Testing PASS_

Submitter: Stephen Hemminger <stephen@networkplumber.org>
Date: Wednesday, September 24 2025 16:51:13 
DPDK git baseline: Repo:dpdk
  Branch: master
  CommitID:441861b4a30e6b6b6aca07367dd487657b1f50e8

156910-156915 --> functional testing pass

Upstream job id: Template-DTS-Pipeline#246147

Test environment and result as below:

Ubuntu 24.04 LTS
Kernel: 6.8.0-44-generic
Compiler: gcc 13.2.0
NIC: Intel Corporation Ethernet Controller XL710 for 40GbE QSFP+ 40 Mbps

Aggregate Results by Test Suite
+--------------------+--------+
|     Test Suite     | Result |
+====================+========+
| blocklist          |  PASS  |
+--------------------+--------+
| promisc_support    |  PASS  |
+--------------------+--------+
| uni_pkt            |  PASS  |
+--------------------+--------+
| dynamic_config     |  PASS  |
+--------------------+--------+
| dynamic_queue_conf |  PASS  |
+--------------------+--------+
| hello_world        |  PASS  |
+--------------------+--------+
| l2fwd              |  PASS  |
+--------------------+--------+
| softnic            |  PASS  |
+--------------------+--------+
| vlan               |  PASS  |
+--------------------+--------+


Ubuntu 24.04
Kernel: 6.8
Compiler: gcc gcc (Ubuntu 13.3.0-6ubuntu2~24.04) 13.3.0
NIC: Intel Corporation 4xxx Series QAT 0 Mbps

Aggregate Results by Test Suite
+----------------------------+--------+
|         Test Suite         | Result |
+============================+========+
| crypto_perf_cryptodev_perf |  PASS  |
+----------------------------+--------+


Ubuntu 20.04
Kernel: 5.4
Compiler: gcc gcc (Ubuntu 9.4.0-1ubuntu1~20.04.1) 9.4.0
NIC: Intel Corporation Ethernet Converged Network Adapter XL710-QDA2 40000 Mbps

Aggregate Results by Test Suite
+-----------------------------+--------+
|         Test Suite          | Result |
+=============================+========+
| unit_tests_mbuf             |  PASS  |
+-----------------------------+--------+
| vhost_virtio_user_interrupt |  PASS  |
+-----------------------------+--------+
| virtio_smoke                |  PASS  |
+-----------------------------+--------+


To view detailed results, visit:
https://lab.dpdk.org/results/dashboard/patchsets/34141/

UNH-IOL DPDK Community Lab

To manage your email subscriptions, visit: 
https://lab.dpdk.org/results/dashboard/preferences/subscriptions/

^ permalink raw reply	[flat|nested] 27+ messages in thread

* |SUCCESS| pw156915 [RFC 6/6] intel/iavf: remove use of pthread_cancel
       [not found] <20250924165527.268645-7-stephen@networkplumber.org>
                   ` (13 preceding siblings ...)
  2025-09-24 18:58 ` dpdklab
@ 2025-09-24 18:58 ` 0-day Robot
  2025-09-24 18:58 ` 0-day Robot
                   ` (11 subsequent siblings)
  26 siblings, 0 replies; 27+ messages in thread
From: 0-day Robot @ 2025-09-24 18:58 UTC (permalink / raw)
  To: test-report; +Cc: robot

From: robot@bytheb.org

Test-Label: github-robot: build
Test-Status: SUCCESS
http://patchwork.dpdk.org/patch/156915/

_github build: passed_
Build URL: https://github.com/ovsrobot/dpdk/actions/runs/17984629235

^ permalink raw reply	[flat|nested] 27+ messages in thread

* |SUCCESS| pw156915 [RFC 6/6] intel/iavf: remove use of pthread_cancel
       [not found] <20250924165527.268645-7-stephen@networkplumber.org>
                   ` (14 preceding siblings ...)
  2025-09-24 18:58 ` |SUCCESS| pw156915 [RFC 6/6] intel/iavf: remove use of pthread_cancel 0-day Robot
@ 2025-09-24 18:58 ` 0-day Robot
  2025-09-24 19:08 ` |PENDING| pw156910-156915 [PATCH] [RFC,6/6] intel/iavf: remove use o dpdklab
                   ` (10 subsequent siblings)
  26 siblings, 0 replies; 27+ messages in thread
From: 0-day Robot @ 2025-09-24 18:58 UTC (permalink / raw)
  To: test-report; +Cc: robot

From: robot@bytheb.org

Test-Label: github-robot-post
Test-Status: SUCCESS
http://patchwork.dpdk.org/patch/156915/

_github post: success_
HTML Link: https://github.com/ovsrobot/dpdk/pull/96

^ permalink raw reply	[flat|nested] 27+ messages in thread

* |PENDING| pw156910-156915 [PATCH] [RFC,6/6] intel/iavf: remove use o
       [not found] <20250924165527.268645-7-stephen@networkplumber.org>
                   ` (15 preceding siblings ...)
  2025-09-24 18:58 ` 0-day Robot
@ 2025-09-24 19:08 ` dpdklab
  2025-09-24 20:00 ` |SUCCESS| " dpdklab
                   ` (9 subsequent siblings)
  26 siblings, 0 replies; 27+ messages in thread
From: dpdklab @ 2025-09-24 19:08 UTC (permalink / raw)
  To: Test Report; +Cc: dpdk-test-reports

Test-Label: iol-unit-amd64-testing
Test-Status: PENDING
http://dpdk.org/patch/156915

_Testing pending_

Submitter: Stephen Hemminger <stephen@networkplumber.org>
Date: Wednesday, September 24 2025 16:51:13 
DPDK git baseline: Repo:dpdk
  Branch: master
  CommitID:441861b4a30e6b6b6aca07367dd487657b1f50e8

156910-156915 --> testing pending

Upstream job id: Generic-VM-Unit-Test-DPDK#31354

Test environment and result as below:

+-------------------------------+----------------+
|          Environment          | dpdk_unit_test |
+===============================+================+
| CentOS Stream 9               | PEND           |
+-------------------------------+----------------+
| Fedora Linux 40               | PEND           |
+-------------------------------+----------------+
| Debian GNU/Linux 12           | PEND           |
+-------------------------------+----------------+
| CentOS Stream 10              | PEND           |
+-------------------------------+----------------+
| Fedora Linux 42               | PEND           |
+-------------------------------+----------------+
| Fedora Linux 41               | PEND           |
+-------------------------------+----------------+
| Red Hat Enterprise Linux 9.5  | PEND           |
+-------------------------------+----------------+
| Ubuntu 22.04                  | PEND           |
+-------------------------------+----------------+
| Ubuntu 24.04                  | PEND           |
+-------------------------------+----------------+
| Ubuntu 20.04                  | PEND           |
+-------------------------------+----------------+
| Red Hat Enterprise Linux 8.10 | PEND           |
+-------------------------------+----------------+
| Windows Server 2022           | PASS           |
+-------------------------------+----------------+


CentOS Stream 9
	Kernel: 5.15
	Compiler: gcc gcc (GCC) 11.5.0 20240719 (Red Hat 11.5.0-11)

Fedora Linux 40
	Kernel: 5.15
	Compiler: gcc gcc (GCC) 14.2.1 20240912 (Red Hat 14.2.1-3)

Debian GNU/Linux 12
	Kernel: 5.15
	Compiler: gcc gcc (Debian 12.2.0-14+deb12u1) 12.2.0

CentOS Stream 10
	Kernel: 5.15
	Compiler: gcc gcc (GCC) 14.2.1 20250110 (Red Hat 14.2.1-8)

Fedora Linux 42
	Kernel: 5.15
	Compiler: gcc gcc (GCC) 15.2.1 20250808 (Red Hat 15.2.1-1)

Fedora Linux 41
	Kernel: 5.15
	Compiler: gcc gcc (GCC) 14.3.1 20250523 (Red Hat 14.3.1-1)

Red Hat Enterprise Linux 9.5
	Kernel: 5.15
	Compiler: gcc gcc (GCC) 11.5.0 20240719 (Red Hat 11.5.0-2)

Ubuntu 22.04
	Kernel: 5.15
	Compiler: gcc gcc (Ubuntu 11.4.0-1ubuntu1~22.04) 11.4.0

Ubuntu 24.04
	Kernel: 5.15
	Compiler: gcc gcc (Ubuntu 13.3.0-6ubuntu2~24.04) 13.3.0

Ubuntu 20.04
	Kernel: 5.15
	Compiler: gcc gcc (Ubuntu 9.4.0-1ubuntu1~20.04.2) 9.4.0

Red Hat Enterprise Linux 8.10
	Kernel: 5.15
	Compiler: gcc gcc (GCC) 8.5.0 20210514 (Red Hat 8.5.0-22)

Windows Server 2022
	Kernel: 10.0.20348.2031
	Compiler: clang 15.0.7, gcc 14.1.0 (MinGW), and MSVC VS 19.39.33521

To view detailed results, visit:
https://lab.dpdk.org/results/dashboard/patchsets/34141/

UNH-IOL DPDK Community Lab

To manage your email subscriptions, visit: 
https://lab.dpdk.org/results/dashboard/preferences/subscriptions/

^ permalink raw reply	[flat|nested] 27+ messages in thread

* |SUCCESS| pw156910-156915 [PATCH] [RFC,6/6] intel/iavf: remove use o
       [not found] <20250924165527.268645-7-stephen@networkplumber.org>
                   ` (16 preceding siblings ...)
  2025-09-24 19:08 ` |PENDING| pw156910-156915 [PATCH] [RFC,6/6] intel/iavf: remove use o dpdklab
@ 2025-09-24 20:00 ` dpdklab
  2025-09-24 20:09 ` dpdklab
                   ` (8 subsequent siblings)
  26 siblings, 0 replies; 27+ messages in thread
From: dpdklab @ 2025-09-24 20:00 UTC (permalink / raw)
  To: Test Report; +Cc: dpdk-test-reports

Test-Label: iol-sample-apps-testing
Test-Status: SUCCESS
http://dpdk.org/patch/156915

_Testing PASS_

Submitter: Stephen Hemminger <stephen@networkplumber.org>
Date: Wednesday, September 24 2025 16:51:13 
DPDK git baseline: Repo:dpdk
  Branch: master
  CommitID:441861b4a30e6b6b6aca07367dd487657b1f50e8

156910-156915 --> testing pass

Upstream job id: Template-DTS-Pipeline#246151

Test environment and result as below:

+--------------+----------------------+
| Environment  | compressdev_zlib_pmd |
+==============+======================+
| Ubuntu 22.04 | PASS                 |
+--------------+----------------------+


Ubuntu 22.04
	Kernel: 5.15
	Compiler: gcc gcc (Ubuntu 11.4.0-1ubuntu1~22.04.2) 11.4.0

To view detailed results, visit:
https://lab.dpdk.org/results/dashboard/patchsets/34141/

UNH-IOL DPDK Community Lab

To manage your email subscriptions, visit: 
https://lab.dpdk.org/results/dashboard/preferences/subscriptions/

^ permalink raw reply	[flat|nested] 27+ messages in thread

* |SUCCESS| pw156910-156915 [PATCH] [RFC,6/6] intel/iavf: remove use o
       [not found] <20250924165527.268645-7-stephen@networkplumber.org>
                   ` (17 preceding siblings ...)
  2025-09-24 20:00 ` |SUCCESS| " dpdklab
@ 2025-09-24 20:09 ` dpdklab
  2025-09-24 20:09 ` |FAILURE| " dpdklab
                   ` (7 subsequent siblings)
  26 siblings, 0 replies; 27+ messages in thread
From: dpdklab @ 2025-09-24 20:09 UTC (permalink / raw)
  To: Test Report; +Cc: dpdk-test-reports

Test-Label: iol-compile-amd64-testing
Test-Status: SUCCESS
http://dpdk.org/patch/156915

_Testing PASS_

Submitter: Stephen Hemminger <stephen@networkplumber.org>
Date: Wednesday, September 24 2025 16:51:13 
DPDK git baseline: Repo:dpdk
  Branch: master
  CommitID:441861b4a30e6b6b6aca07367dd487657b1f50e8

156910-156915 --> testing pass

Upstream job id: Generic-DPDK-Compile-Meson#428259

Test environment and result as below:

+-------------------------------+--------------------+-------------------+------------------+-------------------+-------------------------+----------------------+
|          Environment          | dpdk_meson_compile | dpdk_compile_spdk | dpdk_compile_ovs | dpdk_msvc_compile | dpdk_llvm_clang_compile | dpdk_mingw64_compile |
+===============================+====================+===================+==================+===================+=========================+======================+
| Ubuntu 20.04                  | PASS               | SKIPPED           | SKIPPED          | SKIPPED           | SKIPPED                 | SKIPPED              |
+-------------------------------+--------------------+-------------------+------------------+-------------------+-------------------------+----------------------+
| FreeBSD 14.2                  | PASS               | SKIPPED           | SKIPPED          | SKIPPED           | SKIPPED                 | SKIPPED              |
+-------------------------------+--------------------+-------------------+------------------+-------------------+-------------------------+----------------------+
| CentOS Stream 9               | PASS               | PASS              | SKIPPED          | SKIPPED           | SKIPPED                 | SKIPPED              |
+-------------------------------+--------------------+-------------------+------------------+-------------------+-------------------------+----------------------+
| CentOS Stream 10              | PASS               | SKIPPED           | SKIPPED          | SKIPPED           | SKIPPED                 | SKIPPED              |
+-------------------------------+--------------------+-------------------+------------------+-------------------+-------------------------+----------------------+
| Debian GNU/Linux 12           | PASS               | PASS              | SKIPPED          | SKIPPED           | SKIPPED                 | SKIPPED              |
+-------------------------------+--------------------+-------------------+------------------+-------------------+-------------------------+----------------------+
| Fedora Linux 42               | PASS               | PASS              | PASS             | SKIPPED           | SKIPPED                 | SKIPPED              |
+-------------------------------+--------------------+-------------------+------------------+-------------------+-------------------------+----------------------+
| openSUSE Leap 15.6            | PASS               | SKIPPED           | SKIPPED          | SKIPPED           | SKIPPED                 | SKIPPED              |
+-------------------------------+--------------------+-------------------+------------------+-------------------+-------------------------+----------------------+
| Red Hat Enterprise Linux 8.10 | PASS               | SKIPPED           | SKIPPED          | SKIPPED           | SKIPPED                 | SKIPPED              |
+-------------------------------+--------------------+-------------------+------------------+-------------------+-------------------------+----------------------+
| Red Hat Enterprise Linux 9.5  | PASS               | SKIPPED           | SKIPPED          | SKIPPED           | SKIPPED                 | SKIPPED              |
+-------------------------------+--------------------+-------------------+------------------+-------------------+-------------------------+----------------------+
| Ubuntu 22.04                  | PASS               | PASS              | SKIPPED          | SKIPPED           | SKIPPED                 | SKIPPED              |
+-------------------------------+--------------------+-------------------+------------------+-------------------+-------------------------+----------------------+
| Ubuntu 24.04                  | PASS               | PASS              | PASS             | SKIPPED           | SKIPPED                 | SKIPPED              |
+-------------------------------+--------------------+-------------------+------------------+-------------------+-------------------------+----------------------+
| Alpine Linux 3.22.0           | PASS               | SKIPPED           | SKIPPED          | SKIPPED           | SKIPPED                 | SKIPPED              |
+-------------------------------+--------------------+-------------------+------------------+-------------------+-------------------------+----------------------+
| Windows Server 2022           | SKIPPED            | SKIPPED           | SKIPPED          | PASS              | PASS                    | PASS                 |
+-------------------------------+--------------------+-------------------+------------------+-------------------+-------------------------+----------------------+


Ubuntu 20.04
	Kernel: 4.19
	Compiler: gcc gcc (Ubuntu 9.4.0-1ubuntu1~20.04.2) 9.4.0

FreeBSD 14.2
	Kernel: 14.2-RELEASE
	Compiler: clang 18.1.6

CentOS Stream 9
	Kernel: 5.15
	Compiler: gcc gcc (GCC) 11.5.0 20240719 (Red Hat 11.5.0-11)

CentOS Stream 10
	Kernel: 5.15
	Compiler: gcc gcc (GCC) 14.2.1 20250110 (Red Hat 14.2.1-8)

Debian GNU/Linux 12
	Kernel: 5.15
	Compiler: gcc gcc (Debian 12.2.0-14+deb12u1) 12.2.0

Fedora Linux 42
	Kernel: 5.15
	Compiler: clang gcc (GCC) 15.2.1 20250808 (Red Hat 15.2.1-1)

openSUSE Leap 15.6
	Kernel: 5.15
	Compiler: gcc gcc (SUSE Linux) 7.5.0

Red Hat Enterprise Linux 8.10
	Kernel: 5.15
	Compiler: gcc gcc (GCC) 8.5.0 20210514 (Red Hat 8.5.0-22)

Red Hat Enterprise Linux 9.5
	Kernel: 5.15
	Compiler: gcc gcc (GCC) 11.5.0 20240719 (Red Hat 11.5.0-2)

Ubuntu 22.04
	Kernel: 5.15
	Compiler: gcc gcc (Ubuntu 11.4.0-1ubuntu1~22.04) 11.4.0

Ubuntu 24.04
	Kernel: 5.15
	Compiler: gcc gcc (Ubuntu 13.3.0-6ubuntu2~24.04) 13.3.0

Alpine Linux 3.22.0
	Kernel: 5.15
	Compiler: gcc gcc (Alpine 14.2.0) 14.2.0

Windows Server 2022
	Kernel: 10.0.20348.2031
	Compiler: clang 15.0.7, gcc 14.1.0 (MinGW), and MSVC VS 19.39.33521

To view detailed results, visit:
https://lab.dpdk.org/results/dashboard/patchsets/34141/

UNH-IOL DPDK Community Lab

To manage your email subscriptions, visit: 
https://lab.dpdk.org/results/dashboard/preferences/subscriptions/

^ permalink raw reply	[flat|nested] 27+ messages in thread

* |FAILURE| pw156910-156915 [PATCH] [RFC,6/6] intel/iavf: remove use o
       [not found] <20250924165527.268645-7-stephen@networkplumber.org>
                   ` (18 preceding siblings ...)
  2025-09-24 20:09 ` dpdklab
@ 2025-09-24 20:09 ` dpdklab
  2025-09-24 20:32 ` |SUCCESS| " dpdklab
                   ` (6 subsequent siblings)
  26 siblings, 0 replies; 27+ messages in thread
From: dpdklab @ 2025-09-24 20:09 UTC (permalink / raw)
  To: Test Report; +Cc: dpdk-test-reports, Stephen Hemminger

Test-Label: iol-unit-amd64-testing
Test-Status: FAILURE
http://dpdk.org/patch/156915

_Testing issues_

Submitter: Stephen Hemminger <stephen@networkplumber.org>
Date: Wednesday, September 24 2025 16:51:13 
DPDK git baseline: Repo:dpdk
  Branch: master
  CommitID:441861b4a30e6b6b6aca07367dd487657b1f50e8

156910-156915 --> testing issues

Upstream job id: Generic-Unit-Test-DPDK#374642

Test environment and result as below:

+-------------------------------+----------------+
|          Environment          | dpdk_unit_test |
+===============================+================+
| CentOS Stream 9               | PEND           |
+-------------------------------+----------------+
| Fedora Linux 40               | PEND           |
+-------------------------------+----------------+
| Debian GNU/Linux 12           | PEND           |
+-------------------------------+----------------+
| CentOS Stream 10              | PEND           |
+-------------------------------+----------------+
| Fedora Linux 42               | PEND           |
+-------------------------------+----------------+
| Fedora Linux 41               | PEND           |
+-------------------------------+----------------+
| Red Hat Enterprise Linux 9.5  | PEND           |
+-------------------------------+----------------+
| Ubuntu 22.04                  | PEND           |
+-------------------------------+----------------+
| Ubuntu 24.04                  | PEND           |
+-------------------------------+----------------+
| Ubuntu 20.04                  | PASS           |
+-------------------------------+----------------+
| Red Hat Enterprise Linux 8.10 | PEND           |
+-------------------------------+----------------+
| Windows Server 2022           | PASS           |
+-------------------------------+----------------+


CentOS Stream 9
	Kernel: 5.15
	Compiler: gcc gcc (GCC) 11.5.0 20240719 (Red Hat 11.5.0-11)

Fedora Linux 40
	Kernel: 5.15
	Compiler: gcc gcc (GCC) 14.2.1 20240912 (Red Hat 14.2.1-3)

Debian GNU/Linux 12
	Kernel: 5.15
	Compiler: gcc gcc (Debian 12.2.0-14+deb12u1) 12.2.0

CentOS Stream 10
	Kernel: 5.15
	Compiler: gcc gcc (GCC) 14.2.1 20250110 (Red Hat 14.2.1-8)

Fedora Linux 42
	Kernel: 5.15
	Compiler: gcc gcc (GCC) 15.2.1 20250808 (Red Hat 15.2.1-1)

Fedora Linux 41
	Kernel: 5.15
	Compiler: gcc gcc (GCC) 14.3.1 20250523 (Red Hat 14.3.1-1)

Red Hat Enterprise Linux 9.5
	Kernel: 5.15
	Compiler: gcc gcc (GCC) 11.5.0 20240719 (Red Hat 11.5.0-2)

Ubuntu 22.04
	Kernel: 5.15
	Compiler: gcc gcc (Ubuntu 11.4.0-1ubuntu1~22.04) 11.4.0

Ubuntu 24.04
	Kernel: 5.15
	Compiler: gcc gcc (Ubuntu 13.3.0-6ubuntu2~24.04) 13.3.0

Ubuntu 20.04
	Kernel: 5.15
	Compiler: gcc gcc (Ubuntu 9.4.0-1ubuntu1~20.04.2) 9.4.0

Red Hat Enterprise Linux 8.10
	Kernel: 5.15
	Compiler: gcc gcc (GCC) 8.5.0 20210514 (Red Hat 8.5.0-22)

Windows Server 2022
	Kernel: 10.0.20348.2031
	Compiler: clang 15.0.7, gcc 14.1.0 (MinGW), and MSVC VS 19.39.33521

To view detailed results, visit:
https://lab.dpdk.org/results/dashboard/patchsets/34141/

UNH-IOL DPDK Community Lab

To manage your email subscriptions, visit: 
https://lab.dpdk.org/results/dashboard/preferences/subscriptions/

^ permalink raw reply	[flat|nested] 27+ messages in thread

* |SUCCESS| pw156910-156915 [PATCH] [RFC,6/6] intel/iavf: remove use o
       [not found] <20250924165527.268645-7-stephen@networkplumber.org>
                   ` (19 preceding siblings ...)
  2025-09-24 20:09 ` |FAILURE| " dpdklab
@ 2025-09-24 20:32 ` dpdklab
  2025-09-24 20:51 ` |FAILURE| " dpdklab
                   ` (5 subsequent siblings)
  26 siblings, 0 replies; 27+ messages in thread
From: dpdklab @ 2025-09-24 20:32 UTC (permalink / raw)
  To: Test Report; +Cc: dpdk-test-reports

Test-Label: iol-broadcom-Performance
Test-Status: SUCCESS
http://dpdk.org/patch/156915

_Performance Testing PASS_

Submitter: Stephen Hemminger <stephen@networkplumber.org>
Date: Wednesday, September 24 2025 16:51:13 
DPDK git baseline: Repo:dpdk
  Branch: master
  CommitID:441861b4a30e6b6b6aca07367dd487657b1f50e8

156910-156915 --> performance testing pass

Upstream job id: Template-DTS-Pipeline#246145

Test environment and result as below:

Ubuntu 22.04
Kernel: 5.15
Compiler: gcc gcc (Ubuntu 11.4.0-1ubuntu1~22.04.2) 11.4.0
NIC: Arm Broadcom Inc. brcm_57414 25000 Mbps
Fail/Total: 0/2

Detail performance results: 
+------------+---------+----------+-------------+------------------------------+
| frame_size | txd/rxd | num_cpus | num_threads |  throughput difference from  |
|            |         |          |             |           expected           |
+============+=========+==========+=============+==============================+
| 64         | 512     | 1        | 1           | -0.4%                        |
+------------+---------+----------+-------------+------------------------------+
| 64         | 2048    | 1        | 1           | 0.0%                         |
+------------+---------+----------+-------------+------------------------------+

Ubuntu 22.04
Kernel: 5.15
Compiler: gcc gcc (Ubuntu 11.4.0-1ubuntu1~22.04) 11.4.0
NIC: Broadcom Inc. and subsidiaries BCM57414 NetXtreme-E 10Gb/25Gb RDMA Ethernet Controller 16d7 25 Mbps
Fail/Total: 0/3

Detail performance results: 
+------------+---------+----------+-------------+------------------------------+
| frame_size | txd/rxd | num_cpus | num_threads |  throughput difference from  |
|            |         |          |             |           expected           |
+============+=========+==========+=============+==============================+
| 64         | 128     | 1        | 1           | -1.4%                        |
+------------+---------+----------+-------------+------------------------------+
| 64         | 512     | 1        | 1           | -0.3%                        |
+------------+---------+----------+-------------+------------------------------+
| 64         | 2048    | 1        | 1           | -0.8%                        |
+------------+---------+----------+-------------+------------------------------+

To view detailed results, visit:
https://lab.dpdk.org/results/dashboard/patchsets/34141/

UNH-IOL DPDK Community Lab

To manage your email subscriptions, visit: 
https://lab.dpdk.org/results/dashboard/preferences/subscriptions/

^ permalink raw reply	[flat|nested] 27+ messages in thread

* |FAILURE| pw156910-156915 [PATCH] [RFC,6/6] intel/iavf: remove use o
       [not found] <20250924165527.268645-7-stephen@networkplumber.org>
                   ` (20 preceding siblings ...)
  2025-09-24 20:32 ` |SUCCESS| " dpdklab
@ 2025-09-24 20:51 ` dpdklab
  2025-09-24 21:17 ` |SUCCESS| " dpdklab
                   ` (4 subsequent siblings)
  26 siblings, 0 replies; 27+ messages in thread
From: dpdklab @ 2025-09-24 20:51 UTC (permalink / raw)
  To: Test Report; +Cc: dpdk-test-reports, Stephen Hemminger

Test-Label: iol-unit-amd64-testing
Test-Status: FAILURE
http://dpdk.org/patch/156915

_Testing issues_

Submitter: Stephen Hemminger <stephen@networkplumber.org>
Date: Wednesday, September 24 2025 16:51:13 
DPDK git baseline: Repo:dpdk
  Branch: master
  CommitID:441861b4a30e6b6b6aca07367dd487657b1f50e8

156910-156915 --> testing issues

Upstream job id: Generic-Unit-Test-DPDK#374655

Test environment and result as below:

+-------------------------------+----------------+
|          Environment          | dpdk_unit_test |
+===============================+================+
| CentOS Stream 9               | FAIL           |
+-------------------------------+----------------+
| Fedora Linux 40               | FAIL           |
+-------------------------------+----------------+
| Debian GNU/Linux 12           | PASS           |
+-------------------------------+----------------+
| CentOS Stream 10              | FAIL           |
+-------------------------------+----------------+
| Fedora Linux 42               | FAIL           |
+-------------------------------+----------------+
| Fedora Linux 41               | FAIL           |
+-------------------------------+----------------+
| Red Hat Enterprise Linux 9.5  | FAIL           |
+-------------------------------+----------------+
| Ubuntu 22.04                  | PASS           |
+-------------------------------+----------------+
| Ubuntu 24.04                  | PASS           |
+-------------------------------+----------------+
| Ubuntu 20.04                  | PASS           |
+-------------------------------+----------------+
| Red Hat Enterprise Linux 8.10 | FAIL           |
+-------------------------------+----------------+
| Windows Server 2022           | PASS           |
+-------------------------------+----------------+

==== Unit test summary for Red Hat Enterprise Linux 8.10 (dpdk_unit_test): ====
ninja: Entering directory `/root/workspace/Generic-Unit-Test-DPDK/dpdk/build'
ninja: no work to do.
  1/120 DPDK:fast-tests / acl_autotest                   OK               2.42s
  2/120 DPDK:fast-tests / alarm_autotest                 OK               1.17s
  3/120 DPDK:fast-tests / argparse_autotest              OK               0.17s
  4/120 DPDK:fast-tests / atomic_autotest                OK               0.34s
  5/120 DPDK:fast-tests / bitcount_autotest              OK               0.17s
  6/120 DPDK:fast-tests / bitmap_autotest                OK               0.17s
  7/120 DPDK:fast-tests / bitops_autotest                OK               1.67s
  8/120 DPDK:fast-tests / bitratestats_autotest          OK               0.17s
  9/120 DPDK:fast-tests / bitset_autotest                OK               1.32s
 10/120 DPDK:fast-tests / bpf_autotest                   OK               0.17s
 11/120 DPDK:fast-tests / bpf_convert_autotest           OK               0.17s
 12/120 DPDK:fast-tests / byteorder_autotest             OK               0.18s
 13/120 DPDK:fast-tests / cfgfile_autotest               OK               0.18s
 14/120 DPDK:fast-tests / cksum_autotest                 OK               0.18s
 15/120 DPDK:fast-tests / cmdline_autotest               OK               0.17s
 16/120 DPDK:fast-tests / common_autotest                OK               0.45s
 17/120 DPDK:fast-tests / compressdev_autotest           SKIP             0.14s   exit status 77
 18/120 DPDK:fast-tests / cpuflags_autotest              OK               0.17s
 19/120 DPDK:fast-tests / crc_autotest                   OK               0.17s
 20/120 DPDK:fast-tests / user_delay_us                  OK               0.17s
 21/120 DPDK:fast-tests / debug_autotest                 OK               0.37s
 22/120 DPDK:fast-tests / devargs_autotest               OK               0.17s
 23/120 DPDK:fast-tests / dispatcher_autotest            SKIP             0.15s   exit status 77
 24/120 DPDK:fast-tests / distributor_autotest           OK               0.87s
 25/120 DPDK:fast-tests / eal_flags_c_opt_autotest       OK              14.41s
 26/120 DPDK:fast-tests / eal_flags_main_opt_autotest    OK               2.26s
 27/120 DPDK:fast-tests / eal_flags_n_opt_autotest       FAIL             2.59s   (exit status 255 or signal 127 SIGinvalid)
>>> MALLOC_PERTURB_=139 DPDK_TEST=eal_flags_n_opt_autotest /root/workspace/Generic-Unit-Test-DPDK/dpdk/build/app/dpdk-test

 28/120 DPDK:fast-tests / eal_flags_hpet_autotest        OK               0.22s
 29/120 DPDK:fast-tests / eal_flags_no_huge_autotest     OK               2.49s
 30/120 DPDK:fast-tests / eal_flags_a_opt_autotest       OK               3.46s
 31/120 DPDK:fast-tests / eal_flags_b_opt_autotest       OK               3.40s
 32/120 DPDK:fast-tests / eal_flags_vdev_opt_autotest    OK               1.07s
 33/120 DPDK:fast-tests / eal_flags_r_opt_autotest       OK               2.33s
 34/120 DPDK:fast-tests / eal_flags_mem_autotest         OK               3.37s
 35/120 DPDK:fast-tests / eal_flags_file_prefix_autotest FAIL             2.05s   (exit status 255 or signal 127 SIGinvalid)
>>> MALLOC_PERTURB_=49 DPDK_TEST=eal_flags_file_prefix_autotest /root/workspace/Generic-Unit-Test-DPDK/dpdk/build/app/dpdk-test

 36/120 DPDK:fast-tests / eal_flags_misc_autotest        FAIL             1.48s   (exit status 255 or signal 127 SIGinvalid)
>>> MALLOC_PERTURB_=191 DPDK_TEST=eal_flags_misc_autotest /root/workspace/Generic-Unit-Test-DPDK/dpdk/build/app/dpdk-test

 37/120 DPDK:fast-tests / eal_fs_autotest                OK               0.18s
 38/120 DPDK:fast-tests / errno_autotest                 OK               0.17s
 39/120 DPDK:fast-tests / ethdev_link_status             OK               0.17s
 40/120 DPDK:fast-tests / event_eth_tx_adapter_autotest  OK               0.45s
 41/120 DPDK:fast-tests / event_ring_autotest            OK               0.18s
 42/120 DPDK:fast-tests / eventdev_common_autotest       OK               0.18s
 43/120 DPDK:fast-tests / eventdev_selftest_sw           OK               0.20s
 44/120 DPDK:fast-tests / fbarray_autotest               OK               0.18s
 45/120 DPDK:fast-tests / fib_autotest                   OK               0.87s
 46/120 DPDK:fast-tests / fib6_autotest                  OK               0.59s
 47/120 DPDK:fast-tests / func_reentrancy_autotest       OK               0.55s
 48/120 DPDK:fast-tests / graph_autotest                 OK               0.18s
 49/120 DPDK:fast-tests / node_list_dump                 OK               0.17s
 50/120 DPDK:fast-tests / graph_feature_arc_autotest     OK               0.17s
 51/120 DPDK:fast-tests / hash_autotest                  OK               0.29s
 52/120 DPDK:fast-tests / hash_readwrite_func_autotest   SKIP             0.14s   exit status 77
 53/120 DPDK:fast-tests / interrupt_autotest             OK               1.21s
 54/120 DPDK:fast-tests / ipfrag_autotest                OK               0.15s
 55/120 DPDK:fast-tests / ipsec_autotest                 SKIP             0.17s   exit status 77
 56/120 DPDK:fast-tests / kvargs_autotest                OK               0.17s
 57/120 DPDK:fast-tests / latencystats_autotest          OK               0.17s
 58/120 DPDK:fast-tests / lcore_var_autotest             OK               0.30s
 59/120 DPDK:fast-tests / lcores_autotest                OK              24.22s
 60/120 DPDK:fast-tests / logs_autotest                  OK               0.17s
 61/120 DPDK:fast-tests / lpm_autotest                   OK               1.44s
 62/120 DPDK:fast-tests / lpm6_autotest                  OK               2.51s
 63/120 DPDK:fast-tests / malloc_autotest                OK               0.36s
 64/120 DPDK:fast-tests / mbuf_autotest                  OK               0.18s
 65/120 DPDK:fast-tests / mcslock_autotest               OK               0.39s
 66/120 DPDK:fast-tests / member_autotest                OK               0.94s
 67/120 DPDK:fast-tests / memcpy_autotest                OK               2.12s
 68/120 DPDK:fast-tests / memory_autotest                OK               0.15s
 69/120 DPDK:fast-tests / mempool_autotest               OK               0.44s
 70/120 DPDK:fast-tests / memzone_autotest               OK               0.15s
 71/120 DPDK:fast-tests / meter_autotest                 OK               0.19s
 72/120 DPDK:fast-tests / metrics_autotest               OK               0.17s
 73/120 DPDK:fast-tests / multiprocess_autotest          OK               1.38s
 74/120 DPDK:fast-tests / net_ether_autotest             OK               0.50s
 75/120 DPDK:fast-tests / net_ipv6_autotest              OK               0.17s
 76/120 DPDK:fast-tests / pcapng_autotest                OK               5.82s
 77/120 DPDK:fast-tests / pdcp_autotest                  SKIP             0.14s   exit status 77
 78/120 DPDK:fast-tests / pdump_autotest                 OK               0.30s
 79/120 DPDK:fast-tests / per_lcore_autotest             OK               0.27s
 80/120 DPDK:fast-tests / pflock_autotest                OK               0.27s
 81/120 DPDK:fast-tests / pie_autotest                   OK               0.17s
 82/120 DPDK:fast-tests / ring_pmd_autotest              OK               0.17s
 83/120 DPDK:fast-tests / power_autotest                 OK               0.17s
 84/120 DPDK:fast-tests / power_cpufreq_autotest         SKIP             0.15s   exit status 77
 85/120 DPDK:fast-tests / power_intel_uncore_autotest    SKIP             0.18s   exit status 77
 86/120 DPDK:fast-tests / power_kvm_vm_autotest          SKIP             0.14s   exit status 77
 87/120 DPDK:fast-tests / prefetch_autotest              OK               0.18s
 88/120 DPDK:fast-tests / ptr_compress_autotest          OK               0.17s
 89/120 DPDK:fast-tests / rawdev_autotest                OK               0.17s
 90/120 DPDK:fast-tests / rcu_qsbr_autotest              OK               0.27s
 91/120 DPDK:fast-tests / reorder_autotest               OK               0.28s
 92/120 DPDK:fast-tests / rib_autotest                   OK               4.38s
 93/120 DPDK:fast-tests / rib6_autotest                  OK               4.48s
 94/120 DPDK:fast-tests / ring_autotest                  OK               0.21s
 95/120 DPDK:fast-tests / rwlock_test1_autotest          OK               0.34s
 96/120 DPDK:fast-tests / rwlock_rda_autotest            OK               5.21s
 97/120 DPDK:fast-tests / rwlock_rds_wrm_autotest        OK               5.18s
 98/120 DPDK:fast-tests / rwlock_rde_wro_autotest        OK               5.28s
 99/120 DPDK:fast-tests / sched_autotest                 OK               0.18s
100/120 DPDK:fast-tests / security_autotest              OK               0.15s
101/120 DPDK:fast-tests / seqlock_autotest               SKIP             0.29s   exit status 77
102/120 DPDK:fast-tests / service_autotest               OK               0.27s
103/120 DPDK:fast-tests / soring_autotest                OK               0.17s
104/120 DPDK:fast-tests / spinlock_autotest              OK               0.24s
105/120 DPDK:fast-tests / stack_autotest                 OK               0.19s
106/120 DPDK:fast-tests / stack_lf_autotest              OK               0.24s
107/120 DPDK:fast-tests / string_autotest                OK               0.18s
108/120 DPDK:fast-tests / table_autotest                 OK               5.82s
109/120 DPDK:fast-tests / tailq_autotest                 OK               0.18s
110/120 DPDK:fast-tests / telemetry_data_autotest        OK               0.17s
111/120 DPDK:fast-tests / telemetry_json_autotest        OK               0.17s
112/120 DPDK:fast-tests / thash_autotest                 OK               0.18s
113/120 DPDK:fast-tests / threads_autotest               OK               0.44s
114/120 DPDK:fast-tests / ticketlock_autotest            OK               0.26s
115/120 DPDK:fast-tests / timer_autotest                 OK               2.62s
116/120 DPDK:fast-tests / trace_autotest                 OK               0.28s
117/120 DPDK:fast-tests / trace_autotest_with_traces     OK               0.19s
118/120 DPDK:fast-tests / vdev_autotest                  OK               0.41s
119/120 DPDK:fast-tests / version_autotest               OK               0.19s
120/120 DPDK:fast-tests / telemetry_all                  SKIP             0.01s   exit status 77


Ok:                 107 
Expected Fail:      0   
Fail:               3   
Unexpected Pass:    0   
Skipped:            10  
Timeout:            0   

Full log written to /root/workspace/Generic-Unit-Test-DPDK/dpdk/build/meson-logs/testlog.txt



Test log output from the failed test eal_flags_n_opt_autotest:

Sorry, we were not able to find the logs for this test.
Download the log output from the CI site for this test run.


Test log output from the failed test eal_flags_file_prefix_autotest:

Sorry, we were not able to find the logs for this test.
Download the log output from the CI site for this test run.


Test log output from the failed test eal_flags_misc_autotest:

Sorry, we were not able to find the logs for this test.
Download the log output from the CI site for this test run.
==== End log output ====

CentOS Stream 9
	Kernel: 5.15
	Compiler: gcc gcc (GCC) 11.5.0 20240719 (Red Hat 11.5.0-11)

Fedora Linux 40
	Kernel: 5.15
	Compiler: gcc gcc (GCC) 14.2.1 20240912 (Red Hat 14.2.1-3)

Debian GNU/Linux 12
	Kernel: 5.15
	Compiler: gcc gcc (Debian 12.2.0-14+deb12u1) 12.2.0

CentOS Stream 10
	Kernel: 5.15
	Compiler: gcc gcc (GCC) 14.2.1 20250110 (Red Hat 14.2.1-8)

Fedora Linux 42
	Kernel: 5.15
	Compiler: gcc gcc (GCC) 15.2.1 20250808 (Red Hat 15.2.1-1)

Fedora Linux 41
	Kernel: 5.15
	Compiler: gcc gcc (GCC) 14.3.1 20250523 (Red Hat 14.3.1-1)

Red Hat Enterprise Linux 9.5
	Kernel: 5.15
	Compiler: gcc gcc (GCC) 11.5.0 20240719 (Red Hat 11.5.0-2)

Ubuntu 22.04
	Kernel: 5.15
	Compiler: gcc gcc (Ubuntu 11.4.0-1ubuntu1~22.04) 11.4.0

Ubuntu 24.04
	Kernel: 5.15
	Compiler: gcc gcc (Ubuntu 13.3.0-6ubuntu2~24.04) 13.3.0

Ubuntu 20.04
	Kernel: 5.15
	Compiler: gcc gcc (Ubuntu 9.4.0-1ubuntu1~20.04.2) 9.4.0

Red Hat Enterprise Linux 8.10
	Kernel: 5.15
	Compiler: gcc gcc (GCC) 8.5.0 20210514 (Red Hat 8.5.0-22)

Windows Server 2022
	Kernel: 10.0.20348.2031
	Compiler: clang 15.0.7, gcc 14.1.0 (MinGW), and MSVC VS 19.39.33521

To view detailed results, visit:
https://lab.dpdk.org/results/dashboard/patchsets/34141/

UNH-IOL DPDK Community Lab

To manage your email subscriptions, visit: 
https://lab.dpdk.org/results/dashboard/preferences/subscriptions/

^ permalink raw reply	[flat|nested] 27+ messages in thread

* |SUCCESS| pw156910-156915 [PATCH] [RFC,6/6] intel/iavf: remove use o
       [not found] <20250924165527.268645-7-stephen@networkplumber.org>
                   ` (21 preceding siblings ...)
  2025-09-24 20:51 ` |FAILURE| " dpdklab
@ 2025-09-24 21:17 ` dpdklab
  2025-09-24 22:05 ` dpdklab
                   ` (3 subsequent siblings)
  26 siblings, 0 replies; 27+ messages in thread
From: dpdklab @ 2025-09-24 21:17 UTC (permalink / raw)
  To: Test Report; +Cc: dpdk-test-reports

Test-Label: iol-intel-Functional
Test-Status: SUCCESS
http://dpdk.org/patch/156915

_Functional Testing PASS_

Submitter: Stephen Hemminger <stephen@networkplumber.org>
Date: Wednesday, September 24 2025 16:51:13 
DPDK git baseline: Repo:dpdk
  Branch: master
  CommitID:441861b4a30e6b6b6aca07367dd487657b1f50e8

156910-156915 --> functional testing pass

Upstream job id: Template-DTS-Pipeline#246149

Test environment and result as below:

Ubuntu 24.04 LTS
Kernel: 6.8.0-44-generic
Compiler: gcc 13.2.0
NIC: Intel Corporation Ethernet Controller XL710 for 40GbE QSFP+ 40 Mbps

Aggregate Results by Test Suite
+--------------------+--------+
|     Test Suite     | Result |
+====================+========+
| blocklist          |  PASS  |
+--------------------+--------+
| promisc_support    |  PASS  |
+--------------------+--------+
| uni_pkt            |  PASS  |
+--------------------+--------+
| dynamic_config     |  PASS  |
+--------------------+--------+
| dynamic_queue_conf |  PASS  |
+--------------------+--------+
| hello_world        |  PASS  |
+--------------------+--------+
| l2fwd              |  PASS  |
+--------------------+--------+
| softnic            |  PASS  |
+--------------------+--------+
| vlan               |  PASS  |
+--------------------+--------+


Ubuntu 24.04
Kernel: 6.8
Compiler: gcc gcc (Ubuntu 13.3.0-6ubuntu2~24.04) 13.3.0
NIC: Intel Corporation 4xxx Series QAT 0 Mbps

Aggregate Results by Test Suite
+----------------------------+--------+
|         Test Suite         | Result |
+============================+========+
| crypto_perf_cryptodev_perf |  PASS  |
+----------------------------+--------+


Ubuntu 22.04
Kernel: 5.15
Compiler: gcc gcc (Ubuntu 11.4.0-1ubuntu1~22.04.2) 11.4.0
NIC: Intel Corporation QAT 8970 0 Mbps

Aggregate Results by Test Suite
+----------------------------+--------+
|         Test Suite         | Result |
+============================+========+
| crypto_perf_cryptodev_perf |  PASS  |
+----------------------------+--------+


Ubuntu 20.04
Kernel: 5.4
Compiler: gcc gcc (Ubuntu 9.4.0-1ubuntu1~20.04.1) 9.4.0
NIC: Intel Corporation Ethernet Converged Network Adapter XL710-QDA2 40000 Mbps

Aggregate Results by Test Suite
+-----------------------------+--------+
|         Test Suite          | Result |
+=============================+========+
| unit_tests_mbuf             |  PASS  |
+-----------------------------+--------+
| vhost_virtio_user_interrupt |  PASS  |
+-----------------------------+--------+
| virtio_smoke                |  PASS  |
+-----------------------------+--------+


To view detailed results, visit:
https://lab.dpdk.org/results/dashboard/patchsets/34141/

UNH-IOL DPDK Community Lab

To manage your email subscriptions, visit: 
https://lab.dpdk.org/results/dashboard/preferences/subscriptions/

^ permalink raw reply	[flat|nested] 27+ messages in thread

* |SUCCESS| pw156910-156915 [PATCH] [RFC,6/6] intel/iavf: remove use o
       [not found] <20250924165527.268645-7-stephen@networkplumber.org>
                   ` (22 preceding siblings ...)
  2025-09-24 21:17 ` |SUCCESS| " dpdklab
@ 2025-09-24 22:05 ` dpdklab
  2025-09-25  1:53 ` dpdklab
                   ` (2 subsequent siblings)
  26 siblings, 0 replies; 27+ messages in thread
From: dpdklab @ 2025-09-24 22:05 UTC (permalink / raw)
  To: Test Report; +Cc: dpdk-test-reports

Test-Label: iol-sample-apps-testing
Test-Status: SUCCESS
http://dpdk.org/patch/156915

_Testing PASS_

Submitter: Stephen Hemminger <stephen@networkplumber.org>
Date: Wednesday, September 24 2025 16:51:13 
DPDK git baseline: Repo:dpdk
  Branch: master
  CommitID:441861b4a30e6b6b6aca07367dd487657b1f50e8

156910-156915 --> testing pass

Upstream job id: ACVP-FIPS-testing#11206

Test environment and result as below:

+--------------+----------------------+----------------------+
| Environment  | compressdev_zlib_pmd | dpdk_fips_validation |
+==============+======================+======================+
| Ubuntu 22.04 | PASS                 | SKIPPED              |
+--------------+----------------------+----------------------+
| Ubuntu 20.04 | SKIPPED              | PASS                 |
+--------------+----------------------+----------------------+


Ubuntu 22.04
	Kernel: 5.15
	Compiler: gcc gcc (Ubuntu 11.4.0-1ubuntu1~22.04.2) 11.4.0

Ubuntu 20.04
	Kernel: 5.15
	Compiler: gcc gcc (Ubuntu 9.4.0-1ubuntu1~20.04.2) 9.4.0

To view detailed results, visit:
https://lab.dpdk.org/results/dashboard/patchsets/34141/

UNH-IOL DPDK Community Lab

To manage your email subscriptions, visit: 
https://lab.dpdk.org/results/dashboard/preferences/subscriptions/

^ permalink raw reply	[flat|nested] 27+ messages in thread

* |SUCCESS| pw156910-156915 [PATCH] [RFC,6/6] intel/iavf: remove use o
       [not found] <20250924165527.268645-7-stephen@networkplumber.org>
                   ` (23 preceding siblings ...)
  2025-09-24 22:05 ` dpdklab
@ 2025-09-25  1:53 ` dpdklab
  2025-09-25  3:02 ` |FAILURE| " dpdklab
  2025-09-25  4:40 ` dpdklab
  26 siblings, 0 replies; 27+ messages in thread
From: dpdklab @ 2025-09-25  1:53 UTC (permalink / raw)
  To: Test Report; +Cc: dpdk-test-reports

Test-Label: iol-compile-arm64-testing
Test-Status: SUCCESS
http://dpdk.org/patch/156915

_Testing PASS_

Submitter: Stephen Hemminger <stephen@networkplumber.org>
Date: Wednesday, September 24 2025 16:51:13 
DPDK git baseline: Repo:dpdk
  Branch: master
  CommitID:441861b4a30e6b6b6aca07367dd487657b1f50e8

156910-156915 --> testing pass

Upstream job id: Generic-DPDK-Compile-Meson#428263

Test environment and result as below:

+------------------------------+--------------------+
|         Environment          | dpdk_meson_compile |
+==============================+====================+
| Red Hat Enterprise Linux 9.5 | PASS               |
+------------------------------+--------------------+
| Ubuntu 20.04                 | PASS               |
+------------------------------+--------------------+
| Debian GNU/Linux 12          | PASS               |
+------------------------------+--------------------+
| Fedora Linux 42              | PASS               |
+------------------------------+--------------------+
| Ubuntu 22.04                 | PASS               |
+------------------------------+--------------------+
| CentOS Stream 9              | PASS               |
+------------------------------+--------------------+
| Ubuntu 24.04                 | PASS               |
+------------------------------+--------------------+
| CentOS Stream 10             | PASS               |
+------------------------------+--------------------+


Red Hat Enterprise Linux 9.5
	Kernel: 5.4
	Compiler: gcc gcc (GCC) 11.5.0 20240719 (Red Hat 11.5.0-2)

Ubuntu 20.04
	Kernel: 5.15
	Compiler: aarch64-linux-gnu-gcc gcc (Ubuntu 9.4.0-1ubuntu1~20.04.2) 9.4.0

Debian GNU/Linux 12
	Kernel: 5.4
	Compiler: gcc gcc (Debian 12.2.0-14+deb12u1) 12.2.0

Fedora Linux 42
	Kernel: 5.4
	Compiler: gcc gcc (GCC) 15.2.1 20250808 (Red Hat 15.2.1-1)

Ubuntu 22.04
	Kernel: 5.4
	Compiler: gcc gcc (Ubuntu 11.4.0-1ubuntu1~22.04) 11.4.0

CentOS Stream 9
	Kernel: 5.4
	Compiler: gcc gcc (GCC) 11.5.0 20240719 (Red Hat 11.5.0-11)

Ubuntu 24.04
	Kernel: 5.4
	Compiler: gcc gcc (Ubuntu 13.3.0-6ubuntu2~24.04) 13.3.0

CentOS Stream 10
	Kernel: 5.4
	Compiler: gcc gcc (GCC) 14.2.1 20250110 (Red Hat 14.2.1-8)

To view detailed results, visit:
https://lab.dpdk.org/results/dashboard/patchsets/34141/

UNH-IOL DPDK Community Lab

To manage your email subscriptions, visit: 
https://lab.dpdk.org/results/dashboard/preferences/subscriptions/

^ permalink raw reply	[flat|nested] 27+ messages in thread

* |FAILURE| pw156910-156915 [PATCH] [RFC,6/6] intel/iavf: remove use o
       [not found] <20250924165527.268645-7-stephen@networkplumber.org>
                   ` (24 preceding siblings ...)
  2025-09-25  1:53 ` dpdklab
@ 2025-09-25  3:02 ` dpdklab
  2025-09-25  4:40 ` dpdklab
  26 siblings, 0 replies; 27+ messages in thread
From: dpdklab @ 2025-09-25  3:02 UTC (permalink / raw)
  To: Test Report; +Cc: dpdk-test-reports, Stephen Hemminger

Test-Label: iol-unit-arm64-testing
Test-Status: FAILURE
http://dpdk.org/patch/156915

_Testing issues_

Submitter: Stephen Hemminger <stephen@networkplumber.org>
Date: Wednesday, September 24 2025 16:51:13 
DPDK git baseline: Repo:dpdk
  Branch: master
  CommitID:441861b4a30e6b6b6aca07367dd487657b1f50e8

156910-156915 --> testing issues

Upstream job id: Generic-Unit-Test-DPDK#374635

Test environment and result as below:

+------------------------------+----------------+--------------+------------------------------+---------------------------+
|         Environment          | dpdk_unit_test | lpm_autotest | cryptodev_sw_snow3g_autotest | cryptodev_sw_zuc_autotest |
+==============================+================+==============+==============================+===========================+
| CentOS Stream 9              | FAIL           | SKIPPED      | SKIPPED                      | SKIPPED                   |
+------------------------------+----------------+--------------+------------------------------+---------------------------+
| Ubuntu 22.04                 | PEND           | SKIPPED      | SKIPPED                      | SKIPPED                   |
+------------------------------+----------------+--------------+------------------------------+---------------------------+
| CentOS Stream 10             | PEND           | SKIPPED      | SKIPPED                      | SKIPPED                   |
+------------------------------+----------------+--------------+------------------------------+---------------------------+
| Debian GNU/Linux 12          | PEND           | SKIPPED      | SKIPPED                      | SKIPPED                   |
+------------------------------+----------------+--------------+------------------------------+---------------------------+
| Fedora Linux 40              | PEND           | SKIPPED      | SKIPPED                      | SKIPPED                   |
+------------------------------+----------------+--------------+------------------------------+---------------------------+
| Fedora Linux 42              | PEND           | SKIPPED      | SKIPPED                      | SKIPPED                   |
+------------------------------+----------------+--------------+------------------------------+---------------------------+
| Ubuntu 20.04                 | PEND           | PASS         | SKIPPED                      | SKIPPED                   |
+------------------------------+----------------+--------------+------------------------------+---------------------------+
| Fedora Linux 41              | PEND           | SKIPPED      | SKIPPED                      | SKIPPED                   |
+------------------------------+----------------+--------------+------------------------------+---------------------------+
| Red Hat Enterprise Linux 9.5 | PEND           | SKIPPED      | SKIPPED                      | SKIPPED                   |
+------------------------------+----------------+--------------+------------------------------+---------------------------+
| Ubuntu 24.04                 | PEND           | SKIPPED      | SKIPPED                      | SKIPPED                   |
+------------------------------+----------------+--------------+------------------------------+---------------------------+
| Debian 12 (arm)              | SKIPPED        | SKIPPED      | PEND                         | PEND                      |
+------------------------------+----------------+--------------+------------------------------+---------------------------+

==== Unit test summary for CentOS Stream 9 (dpdk_unit_test): ====
ninja: Entering directory `/home-local/jenkins-local/jenkins-agent/workspace/Generic-Unit-Test-DPDK/dpdk/build'
ninja: no work to do.
  1/120 DPDK:fast-tests / acl_autotest                   OK               9.07s
  2/120 DPDK:fast-tests / alarm_autotest                 OK               1.31s
  3/120 DPDK:fast-tests / argparse_autotest              OK               0.31s
  4/120 DPDK:fast-tests / atomic_autotest                OK               7.88s
  5/120 DPDK:fast-tests / bitcount_autotest              OK               0.36s
  6/120 DPDK:fast-tests / bitmap_autotest                OK               0.32s
  7/120 DPDK:fast-tests / bitops_autotest                OK               1.85s
  8/120 DPDK:fast-tests / bitratestats_autotest          OK               0.40s
  9/120 DPDK:fast-tests / bitset_autotest                OK               5.65s
 10/120 DPDK:fast-tests / bpf_autotest                   OK               0.32s
 11/120 DPDK:fast-tests / bpf_convert_autotest           OK               0.33s
 12/120 DPDK:fast-tests / byteorder_autotest             OK               0.32s
 13/120 DPDK:fast-tests / cfgfile_autotest               OK               0.32s
 14/120 DPDK:fast-tests / cksum_autotest                 OK               0.32s
 15/120 DPDK:fast-tests / cmdline_autotest               OK               0.32s
 16/120 DPDK:fast-tests / common_autotest                OK               1.80s
 17/120 DPDK:fast-tests / compressdev_autotest           SKIP             0.18s   exit status 77
 18/120 DPDK:fast-tests / cpuflags_autotest              OK               0.35s
 19/120 DPDK:fast-tests / crc_autotest                   OK               0.31s
 20/120 DPDK:fast-tests / user_delay_us                  OK               0.31s
 21/120 DPDK:fast-tests / debug_autotest                 OK               1.85s
 22/120 DPDK:fast-tests / devargs_autotest               OK               0.32s
 23/120 DPDK:fast-tests / dispatcher_autotest            OK               5.05s
 24/120 DPDK:fast-tests / distributor_autotest           OK               1.12s
 25/120 DPDK:fast-tests / eal_flags_c_opt_autotest       OK              25.81s
 26/120 DPDK:fast-tests / eal_flags_main_opt_autotest    OK               4.44s
 27/120 DPDK:fast-tests / eal_flags_n_opt_autotest       FAIL             4.11s   (exit status 255 or signal 127 SIGinvalid)
>>> DPDK_TEST=eal_flags_n_opt_autotest MALLOC_PERTURB_=244 /home-local/jenkins-local/jenkins-agent/workspace/Generic-Unit-Test-DPDK/dpdk/build/app/dpdk-test

 28/120 DPDK:fast-tests / eal_flags_hpet_autotest        OK               0.61s
 29/120 DPDK:fast-tests / eal_flags_no_huge_autotest     OK               4.70s
 30/120 DPDK:fast-tests / eal_flags_a_opt_autotest       OK               6.69s
 31/120 DPDK:fast-tests / eal_flags_b_opt_autotest       OK               6.29s
 32/120 DPDK:fast-tests / eal_flags_vdev_opt_autotest    OK               1.85s
 33/120 DPDK:fast-tests / eal_flags_r_opt_autotest       OK               4.32s
 34/120 DPDK:fast-tests / eal_flags_mem_autotest         OK               3.23s
 35/120 DPDK:fast-tests / eal_flags_file_prefix_autotest FAIL             4.20s   (exit status 255 or signal 127 SIGinvalid)
>>> DPDK_TEST=eal_flags_file_prefix_autotest MALLOC_PERTURB_=98 /home-local/jenkins-local/jenkins-agent/workspace/Generic-Unit-Test-DPDK/dpdk/build/app/dpdk-test

 36/120 DPDK:fast-tests / eal_flags_misc_autotest        FAIL             2.59s   (exit status 255 or signal 127 SIGinvalid)
>>> DPDK_TEST=eal_flags_misc_autotest MALLOC_PERTURB_=231 /home-local/jenkins-local/jenkins-agent/workspace/Generic-Unit-Test-DPDK/dpdk/build/app/dpdk-test

 37/120 DPDK:fast-tests / eal_fs_autotest                OK               0.39s
 38/120 DPDK:fast-tests / errno_autotest                 OK               0.35s
 39/120 DPDK:fast-tests / ethdev_link_status             OK               0.35s
 40/120 DPDK:fast-tests / event_eth_tx_adapter_autotest  OK               3.03s
 41/120 DPDK:fast-tests / event_ring_autotest            OK               0.39s
 42/120 DPDK:fast-tests / eventdev_common_autotest       OK               0.35s
 43/120 DPDK:fast-tests / eventdev_selftest_sw           OK              14.66s
 44/120 DPDK:fast-tests / fbarray_autotest               OK               0.32s
 45/120 DPDK:fast-tests / fib_autotest                   OK               1.80s
 46/120 DPDK:fast-tests / fib6_autotest                  OK               1.64s
 47/120 DPDK:fast-tests / func_reentrancy_autotest       OK               1.49s
 48/120 DPDK:fast-tests / graph_autotest                 OK               0.36s
 49/120 DPDK:fast-tests / node_list_dump                 OK               0.31s
 50/120 DPDK:fast-tests / graph_feature_arc_autotest     OK               0.32s
 51/120 DPDK:fast-tests / hash_autotest                  OK               1.09s
 52/120 DPDK:fast-tests / hash_readwrite_func_autotest   OK              14.58s
 53/120 DPDK:fast-tests / interrupt_autotest             OK               1.41s
 54/120 DPDK:fast-tests / ipfrag_autotest                OK               0.19s
 55/120 DPDK:fast-tests / ipsec_autotest                 SKIP             0.36s   exit status 77
 56/120 DPDK:fast-tests / kvargs_autotest                OK               0.32s
 57/120 DPDK:fast-tests / latencystats_autotest          OK               0.34s
 58/120 DPDK:fast-tests / lcore_var_autotest             OK               1.41s
 59/120 DPDK:fast-tests / lcores_autotest                OK               5.75s
 60/120 DPDK:fast-tests / logs_autotest                  OK               0.31s
 61/120 DPDK:fast-tests / lpm_autotest                   OK               3.27s
 62/120 DPDK:fast-tests / lpm6_autotest                  OK               9.81s
 63/120 DPDK:fast-tests / malloc_autotest                OK               0.99s
 64/120 DPDK:fast-tests / mbuf_autotest                  OK               4.46s
 65/120 DPDK:fast-tests / mcslock_autotest               OK               1.68s
 66/120 DPDK:fast-tests / member_autotest                OK               2.88s
 67/120 DPDK:fast-tests / memcpy_autotest                OK              11.12s
 68/120 DPDK:fast-tests / memory_autotest                OK               0.21s
 69/120 DPDK:fast-tests / mempool_autotest               OK               0.77s
 70/120 DPDK:fast-tests / memzone_autotest               OK               0.22s
 71/120 DPDK:fast-tests / meter_autotest                 OK               0.35s
 72/120 DPDK:fast-tests / metrics_autotest               OK               0.32s
 73/120 DPDK:fast-tests / multiprocess_autotest          OK               2.30s
 74/120 DPDK:fast-tests / net_ether_autotest             OK               2.10s
 75/120 DPDK:fast-tests / net_ipv6_autotest              OK               0.32s
 76/120 DPDK:fast-tests / pcapng_autotest                OK               7.50s
 77/120 DPDK:fast-tests / pdcp_autotest                  SKIP             0.18s   exit status 77
 78/120 DPDK:fast-tests / pdump_autotest                 OK               0.88s
 79/120 DPDK:fast-tests / per_lcore_autotest             OK               0.42s
 80/120 DPDK:fast-tests / pflock_autotest                OK               0.68s
 81/120 DPDK:fast-tests / pie_autotest                   OK               0.40s
 82/120 DPDK:fast-tests / ring_pmd_autotest              OK               0.34s
 83/120 DPDK:fast-tests / power_autotest                 OK               0.31s
 84/120 DPDK:fast-tests / power_cpufreq_autotest         SKIP             0.18s   exit status 77
 85/120 DPDK:fast-tests / power_intel_uncore_autotest    SKIP             0.35s   exit status 77
 86/120 DPDK:fast-tests / power_kvm_vm_autotest          SKIP             0.17s   exit status 77
 87/120 DPDK:fast-tests / prefetch_autotest              OK               0.36s
 88/120 DPDK:fast-tests / ptr_compress_autotest          OK               0.31s
 89/120 DPDK:fast-tests / rawdev_autotest                OK               0.32s
 90/120 DPDK:fast-tests / rcu_qsbr_autotest              OK               1.28s
 91/120 DPDK:fast-tests / reorder_autotest               OK               0.85s
 92/120 DPDK:fast-tests / rib_autotest                   OK               7.85s
 93/120 DPDK:fast-tests / rib6_autotest                  OK               7.96s
 94/120 DPDK:fast-tests / ring_autotest                  OK               0.44s
 95/120 DPDK:fast-tests / rwlock_test1_autotest          OK               0.74s
 96/120 DPDK:fast-tests / rwlock_rda_autotest            OK               5.39s
 97/120 DPDK:fast-tests / rwlock_rds_wrm_autotest        OK               5.39s
 98/120 DPDK:fast-tests / rwlock_rde_wro_autotest        OK               5.43s
 99/120 DPDK:fast-tests / sched_autotest                 OK               0.45s
100/120 DPDK:fast-tests / security_autotest              OK               0.28s
101/120 DPDK:fast-tests / seqlock_autotest               OK               2.37s
102/120 DPDK:fast-tests / service_autotest               OK               3.02s
103/120 DPDK:fast-tests / soring_autotest                OK               0.40s
104/120 DPDK:fast-tests / spinlock_autotest              OK               0.44s
105/120 DPDK:fast-tests / stack_autotest                 OK               0.77s
106/120 DPDK:fast-tests / stack_lf_autotest              OK               0.72s
107/120 DPDK:fast-tests / string_autotest                OK               0.50s
108/120 DPDK:fast-tests / table_autotest                 OK              14.29s
109/120 DPDK:fast-tests / tailq_autotest                 OK               0.32s
110/120 DPDK:fast-tests / telemetry_data_autotest        OK               0.32s
111/120 DPDK:fast-tests / telemetry_json_autotest        OK               0.32s
112/120 DPDK:fast-tests / thash_autotest                 OK               0.36s
113/120 DPDK:fast-tests / threads_autotest               OK               0.49s
114/120 DPDK:fast-tests / ticketlock_autotest            OK               0.38s
115/120 DPDK:fast-tests / timer_autotest                 OK               3.48s
116/120 DPDK:fast-tests / trace_autotest                 OK               0.37s
117/120 DPDK:fast-tests / trace_autotest_with_traces     OK               0.46s
118/120 DPDK:fast-tests / vdev_autotest                  OK               0.42s
119/120 DPDK:fast-tests / version_autotest               OK               0.32s
120/120 DPDK:fast-tests / telemetry_all                  SKIP             0.03s   exit status 77


Ok:                 110 
Expected Fail:      0   
Fail:               3   
Unexpected Pass:    0   
Skipped:            7   
Timeout:            0   

Full log written to /home-local/jenkins-local/jenkins-agent/workspace/Generic-Unit-Test-DPDK/dpdk/build/meson-logs/testlog.txt



Test log output from the failed test eal_flags_n_opt_autotest:

Sorry, we were not able to find the logs for this test.
Download the log output from the CI site for this test run.


Test log output from the failed test eal_flags_file_prefix_autotest:

Sorry, we were not able to find the logs for this test.
Download the log output from the CI site for this test run.


Test log output from the failed test eal_flags_misc_autotest:

Sorry, we were not able to find the logs for this test.
Download the log output from the CI site for this test run.
==== End log output ====

CentOS Stream 9
	Kernel: 5.4
	Compiler: gcc gcc (GCC) 11.5.0 20240719 (Red Hat 11.5.0-11)

Ubuntu 22.04
	Kernel: 5.15
	Compiler: gcc gcc (Ubuntu 11.4.0-1ubuntu1~22.04.2) 11.4.0

CentOS Stream 10
	Kernel: 5.4
	Compiler: gcc gcc (GCC) 14.2.1 20250110 (Red Hat 14.2.1-8)

Debian GNU/Linux 12
	Kernel: 5.4
	Compiler: gcc gcc (Debian 12.2.0-14+deb12u1) 12.2.0

Fedora Linux 40
	Kernel: 5.4
	Compiler: clang gcc (GCC) 14.2.1 20240912 (Red Hat 14.2.1-3)

Fedora Linux 42
	Kernel: 5.4
	Compiler: clang gcc (GCC) 15.2.1 20250808 (Red Hat 15.2.1-1)

Ubuntu 20.04
	Kernel: 5.4
	Compiler: gcc gcc (Ubuntu 9.4.0-1ubuntu1~20.04.2) 9.4.0

Fedora Linux 41
	Kernel: 5.4
	Compiler: clang gcc (GCC) 14.3.1 20250523 (Red Hat 14.3.1-1)

Red Hat Enterprise Linux 9.5
	Kernel: 5.4
	Compiler: gcc gcc (GCC) 11.5.0 20240719 (Red Hat 11.5.0-2)

Ubuntu 24.04
	Kernel: 5.4
	Compiler: gcc gcc (Ubuntu 13.3.0-6ubuntu2~24.04) 13.3.0

Debian 12 (arm)
	Kernel: Depends on container host
	Compiler: gcc (Debian 12.2.0-14) 12.2.0

To view detailed results, visit:
https://lab.dpdk.org/results/dashboard/patchsets/34141/

UNH-IOL DPDK Community Lab

To manage your email subscriptions, visit: 
https://lab.dpdk.org/results/dashboard/preferences/subscriptions/

^ permalink raw reply	[flat|nested] 27+ messages in thread

* |FAILURE| pw156910-156915 [PATCH] [RFC,6/6] intel/iavf: remove use o
       [not found] <20250924165527.268645-7-stephen@networkplumber.org>
                   ` (25 preceding siblings ...)
  2025-09-25  3:02 ` |FAILURE| " dpdklab
@ 2025-09-25  4:40 ` dpdklab
  26 siblings, 0 replies; 27+ messages in thread
From: dpdklab @ 2025-09-25  4:40 UTC (permalink / raw)
  To: Test Report; +Cc: dpdk-test-reports, Stephen Hemminger

Test-Label: iol-unit-arm64-testing
Test-Status: FAILURE
http://dpdk.org/patch/156915

_Testing issues_

Submitter: Stephen Hemminger <stephen@networkplumber.org>
Date: Wednesday, September 24 2025 16:51:13 
DPDK git baseline: Repo:dpdk
  Branch: master
  CommitID:441861b4a30e6b6b6aca07367dd487657b1f50e8

156910-156915 --> testing issues

Upstream job id: Generic-Unit-Test-DPDK#374650

Test environment and result as below:

+------------------------------+----------------+--------------+------------------------------+---------------------------+
|         Environment          | dpdk_unit_test | lpm_autotest | cryptodev_sw_snow3g_autotest | cryptodev_sw_zuc_autotest |
+==============================+================+==============+==============================+===========================+
| CentOS Stream 9              | FAIL           | SKIPPED      | SKIPPED                      | SKIPPED                   |
+------------------------------+----------------+--------------+------------------------------+---------------------------+
| Ubuntu 22.04                 | PASS           | SKIPPED      | SKIPPED                      | SKIPPED                   |
+------------------------------+----------------+--------------+------------------------------+---------------------------+
| CentOS Stream 10             | FAIL           | SKIPPED      | SKIPPED                      | SKIPPED                   |
+------------------------------+----------------+--------------+------------------------------+---------------------------+
| Debian GNU/Linux 12          | PASS           | SKIPPED      | SKIPPED                      | SKIPPED                   |
+------------------------------+----------------+--------------+------------------------------+---------------------------+
| Fedora Linux 40              | FAIL           | SKIPPED      | SKIPPED                      | SKIPPED                   |
+------------------------------+----------------+--------------+------------------------------+---------------------------+
| Fedora Linux 42              | FAIL           | SKIPPED      | SKIPPED                      | SKIPPED                   |
+------------------------------+----------------+--------------+------------------------------+---------------------------+
| Ubuntu 20.04                 | PASS           | PASS         | SKIPPED                      | SKIPPED                   |
+------------------------------+----------------+--------------+------------------------------+---------------------------+
| Fedora Linux 41              | FAIL           | SKIPPED      | SKIPPED                      | SKIPPED                   |
+------------------------------+----------------+--------------+------------------------------+---------------------------+
| Red Hat Enterprise Linux 9.5 | FAIL           | SKIPPED      | SKIPPED                      | SKIPPED                   |
+------------------------------+----------------+--------------+------------------------------+---------------------------+
| Ubuntu 24.04                 | PASS           | SKIPPED      | SKIPPED                      | SKIPPED                   |
+------------------------------+----------------+--------------+------------------------------+---------------------------+
| Debian 12 (arm)              | SKIPPED        | SKIPPED      | PASS                         | PASS                      |
+------------------------------+----------------+--------------+------------------------------+---------------------------+

==== Unit test summary for Red Hat Enterprise Linux 9.5 (dpdk_unit_test): ====
ninja: Entering directory `/home-local/jenkins-local/jenkins-agent/workspace/Generic-Unit-Test-DPDK@3/dpdk/build'
ninja: no work to do.
  1/120 DPDK:fast-tests / acl_autotest                   OK               9.23s
  2/120 DPDK:fast-tests / alarm_autotest                 OK               1.34s
  3/120 DPDK:fast-tests / argparse_autotest              OK               0.36s
  4/120 DPDK:fast-tests / atomic_autotest                OK               9.48s
  5/120 DPDK:fast-tests / bitcount_autotest              OK               0.44s
  6/120 DPDK:fast-tests / bitmap_autotest                OK               0.33s
  7/120 DPDK:fast-tests / bitops_autotest                OK               1.87s
  8/120 DPDK:fast-tests / bitratestats_autotest          OK               0.35s
  9/120 DPDK:fast-tests / bitset_autotest                OK               6.81s
 10/120 DPDK:fast-tests / bpf_autotest                   OK               0.33s
 11/120 DPDK:fast-tests / bpf_convert_autotest           OK               0.34s
 12/120 DPDK:fast-tests / byteorder_autotest             OK               0.32s
 13/120 DPDK:fast-tests / cfgfile_autotest               OK               0.33s
 14/120 DPDK:fast-tests / cksum_autotest                 OK               0.32s
 15/120 DPDK:fast-tests / cmdline_autotest               OK               0.32s
 16/120 DPDK:fast-tests / common_autotest                OK               1.81s
 17/120 DPDK:fast-tests / compressdev_autotest           SKIP             0.22s   exit status 77
 18/120 DPDK:fast-tests / cpuflags_autotest              OK               0.36s
 19/120 DPDK:fast-tests / crc_autotest                   OK               0.35s
 20/120 DPDK:fast-tests / user_delay_us                  OK               0.33s
 21/120 DPDK:fast-tests / debug_autotest                 OK               1.91s
 22/120 DPDK:fast-tests / devargs_autotest               OK               0.32s
 23/120 DPDK:fast-tests / dispatcher_autotest            OK               5.46s
 24/120 DPDK:fast-tests / distributor_autotest           OK               1.12s
 25/120 DPDK:fast-tests / eal_flags_c_opt_autotest       OK              25.17s
 26/120 DPDK:fast-tests / eal_flags_main_opt_autotest    OK               4.19s
 27/120 DPDK:fast-tests / eal_flags_n_opt_autotest       FAIL             3.95s   (exit status 255 or signal 127 SIGinvalid)
>>> DPDK_TEST=eal_flags_n_opt_autotest MALLOC_PERTURB_=190 /home-local/jenkins-local/jenkins-agent/workspace/Generic-Unit-Test-DPDK@3/dpdk/build/app/dpdk-test

 28/120 DPDK:fast-tests / eal_flags_hpet_autotest        OK               0.47s
 29/120 DPDK:fast-tests / eal_flags_no_huge_autotest     OK               4.25s
 30/120 DPDK:fast-tests / eal_flags_a_opt_autotest       OK               6.29s
 31/120 DPDK:fast-tests / eal_flags_b_opt_autotest       OK               6.05s
 32/120 DPDK:fast-tests / eal_flags_vdev_opt_autotest    OK               1.67s
 33/120 DPDK:fast-tests / eal_flags_r_opt_autotest       OK               4.32s
 34/120 DPDK:fast-tests / eal_flags_mem_autotest         OK               2.86s
 35/120 DPDK:fast-tests / eal_flags_file_prefix_autotest FAIL             3.68s   (exit status 255 or signal 127 SIGinvalid)
>>> DPDK_TEST=eal_flags_file_prefix_autotest MALLOC_PERTURB_=240 /home-local/jenkins-local/jenkins-agent/workspace/Generic-Unit-Test-DPDK@3/dpdk/build/app/dpdk-test

 36/120 DPDK:fast-tests / eal_flags_misc_autotest        FAIL             2.46s   (exit status 255 or signal 127 SIGinvalid)
>>> MALLOC_PERTURB_=92 DPDK_TEST=eal_flags_misc_autotest /home-local/jenkins-local/jenkins-agent/workspace/Generic-Unit-Test-DPDK@3/dpdk/build/app/dpdk-test

 37/120 DPDK:fast-tests / eal_fs_autotest                OK               0.44s
 38/120 DPDK:fast-tests / errno_autotest                 OK               0.38s
 39/120 DPDK:fast-tests / ethdev_link_status             OK               0.38s
 40/120 DPDK:fast-tests / event_eth_tx_adapter_autotest  OK               2.39s
 41/120 DPDK:fast-tests / event_ring_autotest            OK               0.36s
 42/120 DPDK:fast-tests / eventdev_common_autotest       OK               0.34s
 43/120 DPDK:fast-tests / eventdev_selftest_sw           OK              16.21s
 44/120 DPDK:fast-tests / fbarray_autotest               OK               0.33s
 45/120 DPDK:fast-tests / fib_autotest                   OK               1.92s
 46/120 DPDK:fast-tests / fib6_autotest                  OK               1.74s
 47/120 DPDK:fast-tests / func_reentrancy_autotest       OK               1.56s
 48/120 DPDK:fast-tests / graph_autotest                 OK               0.36s
 49/120 DPDK:fast-tests / node_list_dump                 OK               0.33s
 50/120 DPDK:fast-tests / graph_feature_arc_autotest     OK               0.32s
 51/120 DPDK:fast-tests / hash_autotest                  OK               1.08s
 52/120 DPDK:fast-tests / hash_readwrite_func_autotest   OK              15.87s
 53/120 DPDK:fast-tests / interrupt_autotest             OK               1.39s
 54/120 DPDK:fast-tests / ipfrag_autotest                OK               0.20s
 55/120 DPDK:fast-tests / ipsec_autotest                 SKIP             0.36s   exit status 77
 56/120 DPDK:fast-tests / kvargs_autotest                OK               0.33s
 57/120 DPDK:fast-tests / latencystats_autotest          OK               0.39s
 58/120 DPDK:fast-tests / lcore_var_autotest             OK               1.39s
 59/120 DPDK:fast-tests / lcores_autotest                OK               7.25s
 60/120 DPDK:fast-tests / logs_autotest                  OK               0.33s
 61/120 DPDK:fast-tests / lpm_autotest                   OK               3.42s
 62/120 DPDK:fast-tests / lpm6_autotest                  OK              10.35s
 63/120 DPDK:fast-tests / malloc_autotest                OK               0.95s
 64/120 DPDK:fast-tests / mbuf_autotest                  OK               2.00s
 65/120 DPDK:fast-tests / mcslock_autotest               OK               1.62s
 66/120 DPDK:fast-tests / member_autotest                OK               3.16s
 67/120 DPDK:fast-tests / memcpy_autotest                OK              11.32s
 68/120 DPDK:fast-tests / memory_autotest                OK               0.20s
 69/120 DPDK:fast-tests / mempool_autotest               OK               0.81s
 70/120 DPDK:fast-tests / memzone_autotest               OK               0.22s
 71/120 DPDK:fast-tests / meter_autotest                 OK               0.37s
 72/120 DPDK:fast-tests / metrics_autotest               OK               0.33s
 73/120 DPDK:fast-tests / multiprocess_autotest          OK               2.39s
 74/120 DPDK:fast-tests / net_ether_autotest             OK               2.29s
 75/120 DPDK:fast-tests / net_ipv6_autotest              OK               0.33s
 76/120 DPDK:fast-tests / pcapng_autotest                OK               7.21s
 77/120 DPDK:fast-tests / pdcp_autotest                  SKIP             0.22s   exit status 77
 78/120 DPDK:fast-tests / pdump_autotest                 OK               0.93s
 79/120 DPDK:fast-tests / per_lcore_autotest             OK               0.44s
 80/120 DPDK:fast-tests / pflock_autotest                OK               0.70s
 81/120 DPDK:fast-tests / pie_autotest                   OK               0.34s
 82/120 DPDK:fast-tests / ring_pmd_autotest              OK               0.35s
 83/120 DPDK:fast-tests / power_autotest                 OK               0.33s
 84/120 DPDK:fast-tests / power_cpufreq_autotest         SKIP             0.19s   exit status 77
 85/120 DPDK:fast-tests / power_intel_uncore_autotest    SKIP             0.37s   exit status 77
 86/120 DPDK:fast-tests / power_kvm_vm_autotest          SKIP             0.19s   exit status 77
 87/120 DPDK:fast-tests / prefetch_autotest              OK               0.38s
 88/120 DPDK:fast-tests / ptr_compress_autotest          OK               0.34s
 89/120 DPDK:fast-tests / rawdev_autotest                OK               0.33s
 90/120 DPDK:fast-tests / rcu_qsbr_autotest              OK               1.34s
 91/120 DPDK:fast-tests / reorder_autotest               OK               0.87s
 92/120 DPDK:fast-tests / rib_autotest                   OK               8.37s
 93/120 DPDK:fast-tests / rib6_autotest                  OK               8.75s
 94/120 DPDK:fast-tests / ring_autotest                  OK               0.39s
 95/120 DPDK:fast-tests / rwlock_test1_autotest          OK               0.75s
 96/120 DPDK:fast-tests / rwlock_rda_autotest            OK               5.34s
 97/120 DPDK:fast-tests / rwlock_rds_wrm_autotest        OK               5.47s
 98/120 DPDK:fast-tests / rwlock_rde_wro_autotest        OK               5.33s
 99/120 DPDK:fast-tests / sched_autotest                 OK               0.36s
100/120 DPDK:fast-tests / security_autotest              OK               0.22s
101/120 DPDK:fast-tests / seqlock_autotest               OK               2.40s
102/120 DPDK:fast-tests / service_autotest               OK               3.04s
103/120 DPDK:fast-tests / soring_autotest                OK               0.35s
104/120 DPDK:fast-tests / spinlock_autotest              OK               0.38s
105/120 DPDK:fast-tests / stack_autotest                 OK               0.73s
106/120 DPDK:fast-tests / stack_lf_autotest              OK               0.68s
107/120 DPDK:fast-tests / string_autotest                OK               0.41s
108/120 DPDK:fast-tests / table_autotest                 OK              15.86s
109/120 DPDK:fast-tests / tailq_autotest                 OK               0.36s
110/120 DPDK:fast-tests / telemetry_data_autotest        OK               0.33s
111/120 DPDK:fast-tests / telemetry_json_autotest        OK               0.35s
112/120 DPDK:fast-tests / thash_autotest                 OK               0.42s
113/120 DPDK:fast-tests / threads_autotest               OK               0.48s
114/120 DPDK:fast-tests / ticketlock_autotest            OK               0.37s
115/120 DPDK:fast-tests / timer_autotest                 OK               3.44s
116/120 DPDK:fast-tests / trace_autotest                 OK               0.44s
117/120 DPDK:fast-tests / trace_autotest_with_traces     OK               0.37s
118/120 DPDK:fast-tests / vdev_autotest                  OK               0.36s
119/120 DPDK:fast-tests / version_autotest               OK               0.34s
120/120 DPDK:fast-tests / telemetry_all                  SKIP             0.03s   exit status 77


Ok:                 110 
Expected Fail:      0   
Fail:               3   
Unexpected Pass:    0   
Skipped:            7   
Timeout:            0   

Full log written to /home-local/jenkins-local/jenkins-agent/workspace/Generic-Unit-Test-DPDK@3/dpdk/build/meson-logs/testlog.txt



Test log output from the failed test eal_flags_n_opt_autotest:

Sorry, we were not able to find the logs for this test.
Download the log output from the CI site for this test run.


Test log output from the failed test eal_flags_file_prefix_autotest:

Sorry, we were not able to find the logs for this test.
Download the log output from the CI site for this test run.


Test log output from the failed test eal_flags_misc_autotest:

Sorry, we were not able to find the logs for this test.
Download the log output from the CI site for this test run.
==== End log output ====

CentOS Stream 9
	Kernel: 5.4
	Compiler: gcc gcc (GCC) 11.5.0 20240719 (Red Hat 11.5.0-11)

Ubuntu 22.04
	Kernel: 5.15
	Compiler: gcc gcc (Ubuntu 11.4.0-1ubuntu1~22.04.2) 11.4.0

CentOS Stream 10
	Kernel: 5.4
	Compiler: gcc gcc (GCC) 14.2.1 20250110 (Red Hat 14.2.1-8)

Debian GNU/Linux 12
	Kernel: 5.4
	Compiler: gcc gcc (Debian 12.2.0-14+deb12u1) 12.2.0

Fedora Linux 40
	Kernel: 5.4
	Compiler: clang gcc (GCC) 14.2.1 20240912 (Red Hat 14.2.1-3)

Fedora Linux 42
	Kernel: 5.4
	Compiler: clang gcc (GCC) 15.2.1 20250808 (Red Hat 15.2.1-1)

Ubuntu 20.04
	Kernel: 5.4
	Compiler: gcc gcc (Ubuntu 9.4.0-1ubuntu1~20.04.2) 9.4.0

Fedora Linux 41
	Kernel: 5.4
	Compiler: clang gcc (GCC) 14.3.1 20250523 (Red Hat 14.3.1-1)

Red Hat Enterprise Linux 9.5
	Kernel: 5.4
	Compiler: gcc gcc (GCC) 11.5.0 20240719 (Red Hat 11.5.0-2)

Ubuntu 24.04
	Kernel: 5.4
	Compiler: gcc gcc (Ubuntu 13.3.0-6ubuntu2~24.04) 13.3.0

Debian 12 (arm)
	Kernel: Depends on container host
	Compiler: gcc (Debian 12.2.0-14) 12.2.0

To view detailed results, visit:
https://lab.dpdk.org/results/dashboard/patchsets/34141/

UNH-IOL DPDK Community Lab

To manage your email subscriptions, visit: 
https://lab.dpdk.org/results/dashboard/preferences/subscriptions/

^ permalink raw reply	[flat|nested] 27+ messages in thread

end of thread, other threads:[~2025-09-25  4:40 UTC | newest]

Thread overview: 27+ messages (download: mbox.gz / follow: Atom feed)
-- links below jump to the message on this page --
     [not found] <20250924165527.268645-7-stephen@networkplumber.org>
2025-09-24 16:29 ` |SUCCESS| pw156910-156915 [RFC 6/6] intel/iavf: remove use of pthread_cancel qemudev
2025-09-24 16:34 ` qemudev
2025-09-24 16:54 ` |SUCCESS| pw156915 " checkpatch
2025-09-24 17:40 ` |PENDING| pw156910-156915 [PATCH] [RFC,6/6] intel/iavf: remove use o dpdklab
2025-09-24 17:44 ` |SUCCESS| " dpdklab
2025-09-24 17:49 ` dpdklab
2025-09-24 17:50 ` dpdklab
2025-09-24 17:54 ` dpdklab
2025-09-24 18:08 ` dpdklab
2025-09-24 18:11 ` dpdklab
2025-09-24 18:24 ` |PENDING| " dpdklab
2025-09-24 18:55 ` dpdklab
2025-09-24 18:58 ` |SUCCESS| " dpdklab
2025-09-24 18:58 ` dpdklab
2025-09-24 18:58 ` |SUCCESS| pw156915 [RFC 6/6] intel/iavf: remove use of pthread_cancel 0-day Robot
2025-09-24 18:58 ` 0-day Robot
2025-09-24 19:08 ` |PENDING| pw156910-156915 [PATCH] [RFC,6/6] intel/iavf: remove use o dpdklab
2025-09-24 20:00 ` |SUCCESS| " dpdklab
2025-09-24 20:09 ` dpdklab
2025-09-24 20:09 ` |FAILURE| " dpdklab
2025-09-24 20:32 ` |SUCCESS| " dpdklab
2025-09-24 20:51 ` |FAILURE| " dpdklab
2025-09-24 21:17 ` |SUCCESS| " dpdklab
2025-09-24 22:05 ` dpdklab
2025-09-25  1:53 ` dpdklab
2025-09-25  3:02 ` |FAILURE| " dpdklab
2025-09-25  4:40 ` dpdklab

This is a public inbox, see mirroring instructions
for how to clone and mirror all data and code used for this inbox;
as well as URLs for NNTP newsgroup(s).