From: dpdklab@iol.unh.edu
To: Test Report <test-report@dpdk.org>
Cc: dpdk-test-reports@iol.unh.edu,
Stephen Hemminger <stephen@networkplumber.org>
Subject: |FAILURE| pw156910-156915 [PATCH] [RFC,6/6] intel/iavf: remove use o
Date: Wed, 24 Sep 2025 20:02:20 -0700 (PDT) [thread overview]
Message-ID: <68d4b0bc.170a0220.3dbfbd.41b5SMTPIN_ADDED_MISSING@mx.google.com> (raw)
In-Reply-To: <20250924165527.268645-7-stephen@networkplumber.org>
Test-Label: iol-unit-arm64-testing
Test-Status: FAILURE
http://dpdk.org/patch/156915
_Testing issues_
Submitter: Stephen Hemminger <stephen@networkplumber.org>
Date: Wednesday, September 24 2025 16:51:13
DPDK git baseline: Repo:dpdk
Branch: master
CommitID:441861b4a30e6b6b6aca07367dd487657b1f50e8
156910-156915 --> testing issues
Upstream job id: Generic-Unit-Test-DPDK#374635
Test environment and result as below:
+------------------------------+----------------+--------------+------------------------------+---------------------------+
| Environment | dpdk_unit_test | lpm_autotest | cryptodev_sw_snow3g_autotest | cryptodev_sw_zuc_autotest |
+==============================+================+==============+==============================+===========================+
| CentOS Stream 9 | FAIL | SKIPPED | SKIPPED | SKIPPED |
+------------------------------+----------------+--------------+------------------------------+---------------------------+
| Ubuntu 22.04 | PEND | SKIPPED | SKIPPED | SKIPPED |
+------------------------------+----------------+--------------+------------------------------+---------------------------+
| CentOS Stream 10 | PEND | SKIPPED | SKIPPED | SKIPPED |
+------------------------------+----------------+--------------+------------------------------+---------------------------+
| Debian GNU/Linux 12 | PEND | SKIPPED | SKIPPED | SKIPPED |
+------------------------------+----------------+--------------+------------------------------+---------------------------+
| Fedora Linux 40 | PEND | SKIPPED | SKIPPED | SKIPPED |
+------------------------------+----------------+--------------+------------------------------+---------------------------+
| Fedora Linux 42 | PEND | SKIPPED | SKIPPED | SKIPPED |
+------------------------------+----------------+--------------+------------------------------+---------------------------+
| Ubuntu 20.04 | PEND | PASS | SKIPPED | SKIPPED |
+------------------------------+----------------+--------------+------------------------------+---------------------------+
| Fedora Linux 41 | PEND | SKIPPED | SKIPPED | SKIPPED |
+------------------------------+----------------+--------------+------------------------------+---------------------------+
| Red Hat Enterprise Linux 9.5 | PEND | SKIPPED | SKIPPED | SKIPPED |
+------------------------------+----------------+--------------+------------------------------+---------------------------+
| Ubuntu 24.04 | PEND | SKIPPED | SKIPPED | SKIPPED |
+------------------------------+----------------+--------------+------------------------------+---------------------------+
| Debian 12 (arm) | SKIPPED | SKIPPED | PEND | PEND |
+------------------------------+----------------+--------------+------------------------------+---------------------------+
==== Unit test summary for CentOS Stream 9 (dpdk_unit_test): ====
ninja: Entering directory `/home-local/jenkins-local/jenkins-agent/workspace/Generic-Unit-Test-DPDK/dpdk/build'
ninja: no work to do.
1/120 DPDK:fast-tests / acl_autotest OK 9.07s
2/120 DPDK:fast-tests / alarm_autotest OK 1.31s
3/120 DPDK:fast-tests / argparse_autotest OK 0.31s
4/120 DPDK:fast-tests / atomic_autotest OK 7.88s
5/120 DPDK:fast-tests / bitcount_autotest OK 0.36s
6/120 DPDK:fast-tests / bitmap_autotest OK 0.32s
7/120 DPDK:fast-tests / bitops_autotest OK 1.85s
8/120 DPDK:fast-tests / bitratestats_autotest OK 0.40s
9/120 DPDK:fast-tests / bitset_autotest OK 5.65s
10/120 DPDK:fast-tests / bpf_autotest OK 0.32s
11/120 DPDK:fast-tests / bpf_convert_autotest OK 0.33s
12/120 DPDK:fast-tests / byteorder_autotest OK 0.32s
13/120 DPDK:fast-tests / cfgfile_autotest OK 0.32s
14/120 DPDK:fast-tests / cksum_autotest OK 0.32s
15/120 DPDK:fast-tests / cmdline_autotest OK 0.32s
16/120 DPDK:fast-tests / common_autotest OK 1.80s
17/120 DPDK:fast-tests / compressdev_autotest SKIP 0.18s exit status 77
18/120 DPDK:fast-tests / cpuflags_autotest OK 0.35s
19/120 DPDK:fast-tests / crc_autotest OK 0.31s
20/120 DPDK:fast-tests / user_delay_us OK 0.31s
21/120 DPDK:fast-tests / debug_autotest OK 1.85s
22/120 DPDK:fast-tests / devargs_autotest OK 0.32s
23/120 DPDK:fast-tests / dispatcher_autotest OK 5.05s
24/120 DPDK:fast-tests / distributor_autotest OK 1.12s
25/120 DPDK:fast-tests / eal_flags_c_opt_autotest OK 25.81s
26/120 DPDK:fast-tests / eal_flags_main_opt_autotest OK 4.44s
27/120 DPDK:fast-tests / eal_flags_n_opt_autotest FAIL 4.11s (exit status 255 or signal 127 SIGinvalid)
>>> DPDK_TEST=eal_flags_n_opt_autotest MALLOC_PERTURB_=244 /home-local/jenkins-local/jenkins-agent/workspace/Generic-Unit-Test-DPDK/dpdk/build/app/dpdk-test
28/120 DPDK:fast-tests / eal_flags_hpet_autotest OK 0.61s
29/120 DPDK:fast-tests / eal_flags_no_huge_autotest OK 4.70s
30/120 DPDK:fast-tests / eal_flags_a_opt_autotest OK 6.69s
31/120 DPDK:fast-tests / eal_flags_b_opt_autotest OK 6.29s
32/120 DPDK:fast-tests / eal_flags_vdev_opt_autotest OK 1.85s
33/120 DPDK:fast-tests / eal_flags_r_opt_autotest OK 4.32s
34/120 DPDK:fast-tests / eal_flags_mem_autotest OK 3.23s
35/120 DPDK:fast-tests / eal_flags_file_prefix_autotest FAIL 4.20s (exit status 255 or signal 127 SIGinvalid)
>>> DPDK_TEST=eal_flags_file_prefix_autotest MALLOC_PERTURB_=98 /home-local/jenkins-local/jenkins-agent/workspace/Generic-Unit-Test-DPDK/dpdk/build/app/dpdk-test
36/120 DPDK:fast-tests / eal_flags_misc_autotest FAIL 2.59s (exit status 255 or signal 127 SIGinvalid)
>>> DPDK_TEST=eal_flags_misc_autotest MALLOC_PERTURB_=231 /home-local/jenkins-local/jenkins-agent/workspace/Generic-Unit-Test-DPDK/dpdk/build/app/dpdk-test
37/120 DPDK:fast-tests / eal_fs_autotest OK 0.39s
38/120 DPDK:fast-tests / errno_autotest OK 0.35s
39/120 DPDK:fast-tests / ethdev_link_status OK 0.35s
40/120 DPDK:fast-tests / event_eth_tx_adapter_autotest OK 3.03s
41/120 DPDK:fast-tests / event_ring_autotest OK 0.39s
42/120 DPDK:fast-tests / eventdev_common_autotest OK 0.35s
43/120 DPDK:fast-tests / eventdev_selftest_sw OK 14.66s
44/120 DPDK:fast-tests / fbarray_autotest OK 0.32s
45/120 DPDK:fast-tests / fib_autotest OK 1.80s
46/120 DPDK:fast-tests / fib6_autotest OK 1.64s
47/120 DPDK:fast-tests / func_reentrancy_autotest OK 1.49s
48/120 DPDK:fast-tests / graph_autotest OK 0.36s
49/120 DPDK:fast-tests / node_list_dump OK 0.31s
50/120 DPDK:fast-tests / graph_feature_arc_autotest OK 0.32s
51/120 DPDK:fast-tests / hash_autotest OK 1.09s
52/120 DPDK:fast-tests / hash_readwrite_func_autotest OK 14.58s
53/120 DPDK:fast-tests / interrupt_autotest OK 1.41s
54/120 DPDK:fast-tests / ipfrag_autotest OK 0.19s
55/120 DPDK:fast-tests / ipsec_autotest SKIP 0.36s exit status 77
56/120 DPDK:fast-tests / kvargs_autotest OK 0.32s
57/120 DPDK:fast-tests / latencystats_autotest OK 0.34s
58/120 DPDK:fast-tests / lcore_var_autotest OK 1.41s
59/120 DPDK:fast-tests / lcores_autotest OK 5.75s
60/120 DPDK:fast-tests / logs_autotest OK 0.31s
61/120 DPDK:fast-tests / lpm_autotest OK 3.27s
62/120 DPDK:fast-tests / lpm6_autotest OK 9.81s
63/120 DPDK:fast-tests / malloc_autotest OK 0.99s
64/120 DPDK:fast-tests / mbuf_autotest OK 4.46s
65/120 DPDK:fast-tests / mcslock_autotest OK 1.68s
66/120 DPDK:fast-tests / member_autotest OK 2.88s
67/120 DPDK:fast-tests / memcpy_autotest OK 11.12s
68/120 DPDK:fast-tests / memory_autotest OK 0.21s
69/120 DPDK:fast-tests / mempool_autotest OK 0.77s
70/120 DPDK:fast-tests / memzone_autotest OK 0.22s
71/120 DPDK:fast-tests / meter_autotest OK 0.35s
72/120 DPDK:fast-tests / metrics_autotest OK 0.32s
73/120 DPDK:fast-tests / multiprocess_autotest OK 2.30s
74/120 DPDK:fast-tests / net_ether_autotest OK 2.10s
75/120 DPDK:fast-tests / net_ipv6_autotest OK 0.32s
76/120 DPDK:fast-tests / pcapng_autotest OK 7.50s
77/120 DPDK:fast-tests / pdcp_autotest SKIP 0.18s exit status 77
78/120 DPDK:fast-tests / pdump_autotest OK 0.88s
79/120 DPDK:fast-tests / per_lcore_autotest OK 0.42s
80/120 DPDK:fast-tests / pflock_autotest OK 0.68s
81/120 DPDK:fast-tests / pie_autotest OK 0.40s
82/120 DPDK:fast-tests / ring_pmd_autotest OK 0.34s
83/120 DPDK:fast-tests / power_autotest OK 0.31s
84/120 DPDK:fast-tests / power_cpufreq_autotest SKIP 0.18s exit status 77
85/120 DPDK:fast-tests / power_intel_uncore_autotest SKIP 0.35s exit status 77
86/120 DPDK:fast-tests / power_kvm_vm_autotest SKIP 0.17s exit status 77
87/120 DPDK:fast-tests / prefetch_autotest OK 0.36s
88/120 DPDK:fast-tests / ptr_compress_autotest OK 0.31s
89/120 DPDK:fast-tests / rawdev_autotest OK 0.32s
90/120 DPDK:fast-tests / rcu_qsbr_autotest OK 1.28s
91/120 DPDK:fast-tests / reorder_autotest OK 0.85s
92/120 DPDK:fast-tests / rib_autotest OK 7.85s
93/120 DPDK:fast-tests / rib6_autotest OK 7.96s
94/120 DPDK:fast-tests / ring_autotest OK 0.44s
95/120 DPDK:fast-tests / rwlock_test1_autotest OK 0.74s
96/120 DPDK:fast-tests / rwlock_rda_autotest OK 5.39s
97/120 DPDK:fast-tests / rwlock_rds_wrm_autotest OK 5.39s
98/120 DPDK:fast-tests / rwlock_rde_wro_autotest OK 5.43s
99/120 DPDK:fast-tests / sched_autotest OK 0.45s
100/120 DPDK:fast-tests / security_autotest OK 0.28s
101/120 DPDK:fast-tests / seqlock_autotest OK 2.37s
102/120 DPDK:fast-tests / service_autotest OK 3.02s
103/120 DPDK:fast-tests / soring_autotest OK 0.40s
104/120 DPDK:fast-tests / spinlock_autotest OK 0.44s
105/120 DPDK:fast-tests / stack_autotest OK 0.77s
106/120 DPDK:fast-tests / stack_lf_autotest OK 0.72s
107/120 DPDK:fast-tests / string_autotest OK 0.50s
108/120 DPDK:fast-tests / table_autotest OK 14.29s
109/120 DPDK:fast-tests / tailq_autotest OK 0.32s
110/120 DPDK:fast-tests / telemetry_data_autotest OK 0.32s
111/120 DPDK:fast-tests / telemetry_json_autotest OK 0.32s
112/120 DPDK:fast-tests / thash_autotest OK 0.36s
113/120 DPDK:fast-tests / threads_autotest OK 0.49s
114/120 DPDK:fast-tests / ticketlock_autotest OK 0.38s
115/120 DPDK:fast-tests / timer_autotest OK 3.48s
116/120 DPDK:fast-tests / trace_autotest OK 0.37s
117/120 DPDK:fast-tests / trace_autotest_with_traces OK 0.46s
118/120 DPDK:fast-tests / vdev_autotest OK 0.42s
119/120 DPDK:fast-tests / version_autotest OK 0.32s
120/120 DPDK:fast-tests / telemetry_all SKIP 0.03s exit status 77
Ok: 110
Expected Fail: 0
Fail: 3
Unexpected Pass: 0
Skipped: 7
Timeout: 0
Full log written to /home-local/jenkins-local/jenkins-agent/workspace/Generic-Unit-Test-DPDK/dpdk/build/meson-logs/testlog.txt
Test log output from the failed test eal_flags_n_opt_autotest:
Sorry, we were not able to find the logs for this test.
Download the log output from the CI site for this test run.
Test log output from the failed test eal_flags_file_prefix_autotest:
Sorry, we were not able to find the logs for this test.
Download the log output from the CI site for this test run.
Test log output from the failed test eal_flags_misc_autotest:
Sorry, we were not able to find the logs for this test.
Download the log output from the CI site for this test run.
==== End log output ====
CentOS Stream 9
Kernel: 5.4
Compiler: gcc gcc (GCC) 11.5.0 20240719 (Red Hat 11.5.0-11)
Ubuntu 22.04
Kernel: 5.15
Compiler: gcc gcc (Ubuntu 11.4.0-1ubuntu1~22.04.2) 11.4.0
CentOS Stream 10
Kernel: 5.4
Compiler: gcc gcc (GCC) 14.2.1 20250110 (Red Hat 14.2.1-8)
Debian GNU/Linux 12
Kernel: 5.4
Compiler: gcc gcc (Debian 12.2.0-14+deb12u1) 12.2.0
Fedora Linux 40
Kernel: 5.4
Compiler: clang gcc (GCC) 14.2.1 20240912 (Red Hat 14.2.1-3)
Fedora Linux 42
Kernel: 5.4
Compiler: clang gcc (GCC) 15.2.1 20250808 (Red Hat 15.2.1-1)
Ubuntu 20.04
Kernel: 5.4
Compiler: gcc gcc (Ubuntu 9.4.0-1ubuntu1~20.04.2) 9.4.0
Fedora Linux 41
Kernel: 5.4
Compiler: clang gcc (GCC) 14.3.1 20250523 (Red Hat 14.3.1-1)
Red Hat Enterprise Linux 9.5
Kernel: 5.4
Compiler: gcc gcc (GCC) 11.5.0 20240719 (Red Hat 11.5.0-2)
Ubuntu 24.04
Kernel: 5.4
Compiler: gcc gcc (Ubuntu 13.3.0-6ubuntu2~24.04) 13.3.0
Debian 12 (arm)
Kernel: Depends on container host
Compiler: gcc (Debian 12.2.0-14) 12.2.0
To view detailed results, visit:
https://lab.dpdk.org/results/dashboard/patchsets/34141/
UNH-IOL DPDK Community Lab
To manage your email subscriptions, visit:
https://lab.dpdk.org/results/dashboard/preferences/subscriptions/
next prev parent reply other threads:[~2025-09-25 3:02 UTC|newest]
Thread overview: 27+ messages / expand[flat|nested] mbox.gz Atom feed top
[not found] <20250924165527.268645-7-stephen@networkplumber.org>
2025-09-24 16:29 ` |SUCCESS| pw156910-156915 [RFC 6/6] intel/iavf: remove use of pthread_cancel qemudev
2025-09-24 16:34 ` qemudev
2025-09-24 16:54 ` |SUCCESS| pw156915 " checkpatch
2025-09-24 17:40 ` |PENDING| pw156910-156915 [PATCH] [RFC,6/6] intel/iavf: remove use o dpdklab
2025-09-24 17:44 ` |SUCCESS| " dpdklab
2025-09-24 17:49 ` dpdklab
2025-09-24 17:50 ` dpdklab
2025-09-24 17:54 ` dpdklab
2025-09-24 18:08 ` dpdklab
2025-09-24 18:11 ` dpdklab
2025-09-24 18:24 ` |PENDING| " dpdklab
2025-09-24 18:55 ` dpdklab
2025-09-24 18:58 ` |SUCCESS| " dpdklab
2025-09-24 18:58 ` dpdklab
2025-09-24 18:58 ` |SUCCESS| pw156915 [RFC 6/6] intel/iavf: remove use of pthread_cancel 0-day Robot
2025-09-24 18:58 ` 0-day Robot
2025-09-24 19:08 ` |PENDING| pw156910-156915 [PATCH] [RFC,6/6] intel/iavf: remove use o dpdklab
2025-09-24 20:00 ` |SUCCESS| " dpdklab
2025-09-24 20:09 ` dpdklab
2025-09-24 20:09 ` |FAILURE| " dpdklab
2025-09-24 20:32 ` |SUCCESS| " dpdklab
2025-09-24 20:51 ` |FAILURE| " dpdklab
2025-09-24 21:17 ` |SUCCESS| " dpdklab
2025-09-24 22:05 ` dpdklab
2025-09-25 1:53 ` dpdklab
2025-09-25 3:02 ` dpdklab [this message]
2025-09-25 4:40 ` |FAILURE| " dpdklab
Reply instructions:
You may reply publicly to this message via plain-text email
using any one of the following methods:
* Save the following mbox file, import it into your mail client,
and reply-to-all from there: mbox
Avoid top-posting and favor interleaved quoting:
https://en.wikipedia.org/wiki/Posting_style#Interleaved_style
* Reply using the --to, --cc, and --in-reply-to
switches of git-send-email(1):
git send-email \
--in-reply-to=68d4b0bc.170a0220.3dbfbd.41b5SMTPIN_ADDED_MISSING@mx.google.com \
--to=dpdklab@iol.unh.edu \
--cc=dpdk-test-reports@iol.unh.edu \
--cc=stephen@networkplumber.org \
--cc=test-report@dpdk.org \
/path/to/YOUR_REPLY
https://kernel.org/pub/software/scm/git/docs/git-send-email.html
* If your mail client supports setting the In-Reply-To header
via mailto: links, try the mailto: link
Be sure your reply has a Subject: header at the top and a blank line
before the message body.
This is a public inbox, see mirroring instructions
for how to clone and mirror all data and code used for this inbox;
as well as URLs for NNTP newsgroup(s).