From mboxrd@z Thu Jan 1 00:00:00 1970 Return-Path: Received: from mails.dpdk.org (mails.dpdk.org [217.70.189.124]) by inbox.dpdk.org (Postfix) with ESMTP id 9844F46EEB for ; Thu, 25 Sep 2025 06:40:43 +0200 (CEST) Received: from mails.dpdk.org (localhost [127.0.0.1]) by mails.dpdk.org (Postfix) with ESMTP id 7EF5740276; Thu, 25 Sep 2025 06:40:43 +0200 (CEST) Received: from mail-yw1-f227.google.com (mail-yw1-f227.google.com [209.85.128.227]) by mails.dpdk.org (Postfix) with ESMTP id 7E1ED40276 for ; Thu, 25 Sep 2025 06:40:42 +0200 (CEST) Received: by mail-yw1-f227.google.com with SMTP id 00721157ae682-743ba48eb71so16115297b3.1 for ; Wed, 24 Sep 2025 21:40:42 -0700 (PDT) DKIM-Signature: v=1; a=rsa-sha256; c=relaxed/relaxed; d=iol.unh.edu; s=unh-iol; t=1758775242; x=1759380042; darn=dpdk.org; h=references:in-reply-to:cc:to:from:subject:message-id:date:from:to :cc:subject:date:message-id:reply-to; bh=XSLAuKzh6MmDrfL/rqHKpaB50kps9WbkYbupQvS/pSs=; b=hh73myL41Bxn//O1JJVIYAp9OXoEm00rnEhuc/w14JTLXuobnqKlqPWLSbM/30Npqk M6KADtQQFXORciX9SAKqR0NJQlDOoUivNjWYXPAAa5FmHJjTfMUybKPghBwQ5PWW+bjQ Wv0d9AFMbQFynmkIJ2B6jpCDQTwqCpq9lwVb4= X-Google-DKIM-Signature: v=1; a=rsa-sha256; c=relaxed/relaxed; d=1e100.net; s=20230601; t=1758775242; x=1759380042; h=references:in-reply-to:cc:to:from:subject:message-id:date :x-gm-message-state:from:to:cc:subject:date:message-id:reply-to; bh=XSLAuKzh6MmDrfL/rqHKpaB50kps9WbkYbupQvS/pSs=; b=YCNncneGN20Gec8JLyX6hGUR9Mfhbc38MyLXuSrj2G0fg50G0tvLob9a4sptVMQjte 90Q8VM6Hibvyeu7D5S7Q42mM43Ty4g4zRKA02qWN8TUrm5vJ8aVgZsmRgiX1KkYZ2HYZ s4XjPWowtRvZadGQzkMsKwapJhWYaSkHF0XF+3DejO37AXwoWNZcLPE5kgaZEof2VJgq GneNJKLc47GJIunaFO9riApZFT4km7ky3gCz0Cx61c2GEPrN59amgVvXeLNE3tuJanbN avmvO2kSqO7yIiFNyM0HWwZ+5wJS8mtkPV+l2XRAtE5+M8l6fdfewpccSzZzuTUB+RA5 29ew== X-Gm-Message-State: AOJu0YwtIwweJ6DCopOo0U8gW67liTGM5cyH5TcO2vfC5fJQj/tkZQXN G0MTvTDPK2+3OLsTDWsEiLD8LlBQpXfXw/+aLjDm38QTfQvTAdszTBfXch9zspS6c3RYnhvEVhM NBEV/Zr4Hm666/dqklWwcrkicKgp3oAKHvA4P3hd3U8P2kVl88uYvgXjr6Ccs X-Gm-Gg: ASbGncsSMeiEl4VG2xyQ7gddUovI2BRY5L9Kr4J2RpYlbeotmujK+SPgkls7+ma3li2 UFHiqLh2L/I+OJKn1e5K+bGHdqvCEmcF3Rf02yW03lUPdcIRFa64Z+viHJ8eHcLeSOPaPFWLxWo bMTB1cg4YYuuoNkYlulo+eqJt5tKMTaF62g4L6z+yLR/nBnOVeQla6dUKFXpiL8nYuKsLuAnA34 LOiTuKBSnR1+PDeh8ja1g7vfUDJdsXZ0IZjM4h9OjZa372wwQ82S03Kol7Zx0+WTB/TpXz2rUCe CUh8o++DgImfElIbEB+S8N5/0jjWQIek76yMzAIXAClMtuLUqg== X-Google-Smtp-Source: AGHT+IFVYJYbn8Y+47TwKXp0CpK6u2O5zUtg3ADyaZgpBZkPejOGfcusxO0jFVqbu/73FPxgh5TMfuVP4dkR X-Received: by 2002:a05:690c:ec7:b0:729:5fe2:3dad with SMTP id 00721157ae682-76551448a01mr10832437b3.1.1758775241770; Wed, 24 Sep 2025 21:40:41 -0700 (PDT) Received: from postal.iol.unh.edu (postal.iol.unh.edu. [2606:4100:3880:1234::84]) by smtp-relay.gmail.com with ESMTPS id 00721157ae682-765cd8f51dfsm366927b3.7.2025.09.24.21.40.41 (version=TLS1_2 cipher=ECDHE-ECDSA-AES128-GCM-SHA256 bits=128/128); Wed, 24 Sep 2025 21:40:41 -0700 (PDT) X-Relaying-Domain: iol.unh.edu Date: Wed, 24 Sep 2025 21:40:41 -0700 (PDT) Message-ID: <68d4c7c9.050a0220.22aa9d.2714SMTPIN_ADDED_MISSING@mx.google.com> Received: from [172.21.0.2] (unknown [172.18.0.240]) by postal.iol.unh.edu (Postfix) with ESMTP id 67F416051830; Thu, 25 Sep 2025 00:40:41 -0400 (EDT) Subject: |FAILURE| pw156910-156915 [PATCH] [RFC,6/6] intel/iavf: remove use o From: dpdklab@iol.unh.edu To: Test Report Cc: dpdk-test-reports@iol.unh.edu, Stephen Hemminger In-Reply-To: <20250924165527.268645-7-stephen@networkplumber.org> References: <20250924165527.268645-7-stephen@networkplumber.org> Content-Type: text/plain X-BeenThere: test-report@dpdk.org X-Mailman-Version: 2.1.29 Precedence: list List-Id: automatic DPDK test reports List-Unsubscribe: , List-Archive: List-Post: List-Help: List-Subscribe: , Errors-To: test-report-bounces@dpdk.org Test-Label: iol-unit-arm64-testing Test-Status: FAILURE http://dpdk.org/patch/156915 _Testing issues_ Submitter: Stephen Hemminger Date: Wednesday, September 24 2025 16:51:13 DPDK git baseline: Repo:dpdk Branch: master CommitID:441861b4a30e6b6b6aca07367dd487657b1f50e8 156910-156915 --> testing issues Upstream job id: Generic-Unit-Test-DPDK#374650 Test environment and result as below: +------------------------------+----------------+--------------+------------------------------+---------------------------+ | Environment | dpdk_unit_test | lpm_autotest | cryptodev_sw_snow3g_autotest | cryptodev_sw_zuc_autotest | +==============================+================+==============+==============================+===========================+ | CentOS Stream 9 | FAIL | SKIPPED | SKIPPED | SKIPPED | +------------------------------+----------------+--------------+------------------------------+---------------------------+ | Ubuntu 22.04 | PASS | SKIPPED | SKIPPED | SKIPPED | +------------------------------+----------------+--------------+------------------------------+---------------------------+ | CentOS Stream 10 | FAIL | SKIPPED | SKIPPED | SKIPPED | +------------------------------+----------------+--------------+------------------------------+---------------------------+ | Debian GNU/Linux 12 | PASS | SKIPPED | SKIPPED | SKIPPED | +------------------------------+----------------+--------------+------------------------------+---------------------------+ | Fedora Linux 40 | FAIL | SKIPPED | SKIPPED | SKIPPED | +------------------------------+----------------+--------------+------------------------------+---------------------------+ | Fedora Linux 42 | FAIL | SKIPPED | SKIPPED | SKIPPED | +------------------------------+----------------+--------------+------------------------------+---------------------------+ | Ubuntu 20.04 | PASS | PASS | SKIPPED | SKIPPED | +------------------------------+----------------+--------------+------------------------------+---------------------------+ | Fedora Linux 41 | FAIL | SKIPPED | SKIPPED | SKIPPED | +------------------------------+----------------+--------------+------------------------------+---------------------------+ | Red Hat Enterprise Linux 9.5 | FAIL | SKIPPED | SKIPPED | SKIPPED | +------------------------------+----------------+--------------+------------------------------+---------------------------+ | Ubuntu 24.04 | PASS | SKIPPED | SKIPPED | SKIPPED | +------------------------------+----------------+--------------+------------------------------+---------------------------+ | Debian 12 (arm) | SKIPPED | SKIPPED | PASS | PASS | +------------------------------+----------------+--------------+------------------------------+---------------------------+ ==== Unit test summary for Red Hat Enterprise Linux 9.5 (dpdk_unit_test): ==== ninja: Entering directory `/home-local/jenkins-local/jenkins-agent/workspace/Generic-Unit-Test-DPDK@3/dpdk/build' ninja: no work to do. 1/120 DPDK:fast-tests / acl_autotest OK 9.23s 2/120 DPDK:fast-tests / alarm_autotest OK 1.34s 3/120 DPDK:fast-tests / argparse_autotest OK 0.36s 4/120 DPDK:fast-tests / atomic_autotest OK 9.48s 5/120 DPDK:fast-tests / bitcount_autotest OK 0.44s 6/120 DPDK:fast-tests / bitmap_autotest OK 0.33s 7/120 DPDK:fast-tests / bitops_autotest OK 1.87s 8/120 DPDK:fast-tests / bitratestats_autotest OK 0.35s 9/120 DPDK:fast-tests / bitset_autotest OK 6.81s 10/120 DPDK:fast-tests / bpf_autotest OK 0.33s 11/120 DPDK:fast-tests / bpf_convert_autotest OK 0.34s 12/120 DPDK:fast-tests / byteorder_autotest OK 0.32s 13/120 DPDK:fast-tests / cfgfile_autotest OK 0.33s 14/120 DPDK:fast-tests / cksum_autotest OK 0.32s 15/120 DPDK:fast-tests / cmdline_autotest OK 0.32s 16/120 DPDK:fast-tests / common_autotest OK 1.81s 17/120 DPDK:fast-tests / compressdev_autotest SKIP 0.22s exit status 77 18/120 DPDK:fast-tests / cpuflags_autotest OK 0.36s 19/120 DPDK:fast-tests / crc_autotest OK 0.35s 20/120 DPDK:fast-tests / user_delay_us OK 0.33s 21/120 DPDK:fast-tests / debug_autotest OK 1.91s 22/120 DPDK:fast-tests / devargs_autotest OK 0.32s 23/120 DPDK:fast-tests / dispatcher_autotest OK 5.46s 24/120 DPDK:fast-tests / distributor_autotest OK 1.12s 25/120 DPDK:fast-tests / eal_flags_c_opt_autotest OK 25.17s 26/120 DPDK:fast-tests / eal_flags_main_opt_autotest OK 4.19s 27/120 DPDK:fast-tests / eal_flags_n_opt_autotest FAIL 3.95s (exit status 255 or signal 127 SIGinvalid) >>> DPDK_TEST=eal_flags_n_opt_autotest MALLOC_PERTURB_=190 /home-local/jenkins-local/jenkins-agent/workspace/Generic-Unit-Test-DPDK@3/dpdk/build/app/dpdk-test 28/120 DPDK:fast-tests / eal_flags_hpet_autotest OK 0.47s 29/120 DPDK:fast-tests / eal_flags_no_huge_autotest OK 4.25s 30/120 DPDK:fast-tests / eal_flags_a_opt_autotest OK 6.29s 31/120 DPDK:fast-tests / eal_flags_b_opt_autotest OK 6.05s 32/120 DPDK:fast-tests / eal_flags_vdev_opt_autotest OK 1.67s 33/120 DPDK:fast-tests / eal_flags_r_opt_autotest OK 4.32s 34/120 DPDK:fast-tests / eal_flags_mem_autotest OK 2.86s 35/120 DPDK:fast-tests / eal_flags_file_prefix_autotest FAIL 3.68s (exit status 255 or signal 127 SIGinvalid) >>> DPDK_TEST=eal_flags_file_prefix_autotest MALLOC_PERTURB_=240 /home-local/jenkins-local/jenkins-agent/workspace/Generic-Unit-Test-DPDK@3/dpdk/build/app/dpdk-test 36/120 DPDK:fast-tests / eal_flags_misc_autotest FAIL 2.46s (exit status 255 or signal 127 SIGinvalid) >>> MALLOC_PERTURB_=92 DPDK_TEST=eal_flags_misc_autotest /home-local/jenkins-local/jenkins-agent/workspace/Generic-Unit-Test-DPDK@3/dpdk/build/app/dpdk-test 37/120 DPDK:fast-tests / eal_fs_autotest OK 0.44s 38/120 DPDK:fast-tests / errno_autotest OK 0.38s 39/120 DPDK:fast-tests / ethdev_link_status OK 0.38s 40/120 DPDK:fast-tests / event_eth_tx_adapter_autotest OK 2.39s 41/120 DPDK:fast-tests / event_ring_autotest OK 0.36s 42/120 DPDK:fast-tests / eventdev_common_autotest OK 0.34s 43/120 DPDK:fast-tests / eventdev_selftest_sw OK 16.21s 44/120 DPDK:fast-tests / fbarray_autotest OK 0.33s 45/120 DPDK:fast-tests / fib_autotest OK 1.92s 46/120 DPDK:fast-tests / fib6_autotest OK 1.74s 47/120 DPDK:fast-tests / func_reentrancy_autotest OK 1.56s 48/120 DPDK:fast-tests / graph_autotest OK 0.36s 49/120 DPDK:fast-tests / node_list_dump OK 0.33s 50/120 DPDK:fast-tests / graph_feature_arc_autotest OK 0.32s 51/120 DPDK:fast-tests / hash_autotest OK 1.08s 52/120 DPDK:fast-tests / hash_readwrite_func_autotest OK 15.87s 53/120 DPDK:fast-tests / interrupt_autotest OK 1.39s 54/120 DPDK:fast-tests / ipfrag_autotest OK 0.20s 55/120 DPDK:fast-tests / ipsec_autotest SKIP 0.36s exit status 77 56/120 DPDK:fast-tests / kvargs_autotest OK 0.33s 57/120 DPDK:fast-tests / latencystats_autotest OK 0.39s 58/120 DPDK:fast-tests / lcore_var_autotest OK 1.39s 59/120 DPDK:fast-tests / lcores_autotest OK 7.25s 60/120 DPDK:fast-tests / logs_autotest OK 0.33s 61/120 DPDK:fast-tests / lpm_autotest OK 3.42s 62/120 DPDK:fast-tests / lpm6_autotest OK 10.35s 63/120 DPDK:fast-tests / malloc_autotest OK 0.95s 64/120 DPDK:fast-tests / mbuf_autotest OK 2.00s 65/120 DPDK:fast-tests / mcslock_autotest OK 1.62s 66/120 DPDK:fast-tests / member_autotest OK 3.16s 67/120 DPDK:fast-tests / memcpy_autotest OK 11.32s 68/120 DPDK:fast-tests / memory_autotest OK 0.20s 69/120 DPDK:fast-tests / mempool_autotest OK 0.81s 70/120 DPDK:fast-tests / memzone_autotest OK 0.22s 71/120 DPDK:fast-tests / meter_autotest OK 0.37s 72/120 DPDK:fast-tests / metrics_autotest OK 0.33s 73/120 DPDK:fast-tests / multiprocess_autotest OK 2.39s 74/120 DPDK:fast-tests / net_ether_autotest OK 2.29s 75/120 DPDK:fast-tests / net_ipv6_autotest OK 0.33s 76/120 DPDK:fast-tests / pcapng_autotest OK 7.21s 77/120 DPDK:fast-tests / pdcp_autotest SKIP 0.22s exit status 77 78/120 DPDK:fast-tests / pdump_autotest OK 0.93s 79/120 DPDK:fast-tests / per_lcore_autotest OK 0.44s 80/120 DPDK:fast-tests / pflock_autotest OK 0.70s 81/120 DPDK:fast-tests / pie_autotest OK 0.34s 82/120 DPDK:fast-tests / ring_pmd_autotest OK 0.35s 83/120 DPDK:fast-tests / power_autotest OK 0.33s 84/120 DPDK:fast-tests / power_cpufreq_autotest SKIP 0.19s exit status 77 85/120 DPDK:fast-tests / power_intel_uncore_autotest SKIP 0.37s exit status 77 86/120 DPDK:fast-tests / power_kvm_vm_autotest SKIP 0.19s exit status 77 87/120 DPDK:fast-tests / prefetch_autotest OK 0.38s 88/120 DPDK:fast-tests / ptr_compress_autotest OK 0.34s 89/120 DPDK:fast-tests / rawdev_autotest OK 0.33s 90/120 DPDK:fast-tests / rcu_qsbr_autotest OK 1.34s 91/120 DPDK:fast-tests / reorder_autotest OK 0.87s 92/120 DPDK:fast-tests / rib_autotest OK 8.37s 93/120 DPDK:fast-tests / rib6_autotest OK 8.75s 94/120 DPDK:fast-tests / ring_autotest OK 0.39s 95/120 DPDK:fast-tests / rwlock_test1_autotest OK 0.75s 96/120 DPDK:fast-tests / rwlock_rda_autotest OK 5.34s 97/120 DPDK:fast-tests / rwlock_rds_wrm_autotest OK 5.47s 98/120 DPDK:fast-tests / rwlock_rde_wro_autotest OK 5.33s 99/120 DPDK:fast-tests / sched_autotest OK 0.36s 100/120 DPDK:fast-tests / security_autotest OK 0.22s 101/120 DPDK:fast-tests / seqlock_autotest OK 2.40s 102/120 DPDK:fast-tests / service_autotest OK 3.04s 103/120 DPDK:fast-tests / soring_autotest OK 0.35s 104/120 DPDK:fast-tests / spinlock_autotest OK 0.38s 105/120 DPDK:fast-tests / stack_autotest OK 0.73s 106/120 DPDK:fast-tests / stack_lf_autotest OK 0.68s 107/120 DPDK:fast-tests / string_autotest OK 0.41s 108/120 DPDK:fast-tests / table_autotest OK 15.86s 109/120 DPDK:fast-tests / tailq_autotest OK 0.36s 110/120 DPDK:fast-tests / telemetry_data_autotest OK 0.33s 111/120 DPDK:fast-tests / telemetry_json_autotest OK 0.35s 112/120 DPDK:fast-tests / thash_autotest OK 0.42s 113/120 DPDK:fast-tests / threads_autotest OK 0.48s 114/120 DPDK:fast-tests / ticketlock_autotest OK 0.37s 115/120 DPDK:fast-tests / timer_autotest OK 3.44s 116/120 DPDK:fast-tests / trace_autotest OK 0.44s 117/120 DPDK:fast-tests / trace_autotest_with_traces OK 0.37s 118/120 DPDK:fast-tests / vdev_autotest OK 0.36s 119/120 DPDK:fast-tests / version_autotest OK 0.34s 120/120 DPDK:fast-tests / telemetry_all SKIP 0.03s exit status 77 Ok: 110 Expected Fail: 0 Fail: 3 Unexpected Pass: 0 Skipped: 7 Timeout: 0 Full log written to /home-local/jenkins-local/jenkins-agent/workspace/Generic-Unit-Test-DPDK@3/dpdk/build/meson-logs/testlog.txt Test log output from the failed test eal_flags_n_opt_autotest: Sorry, we were not able to find the logs for this test. Download the log output from the CI site for this test run. Test log output from the failed test eal_flags_file_prefix_autotest: Sorry, we were not able to find the logs for this test. Download the log output from the CI site for this test run. Test log output from the failed test eal_flags_misc_autotest: Sorry, we were not able to find the logs for this test. Download the log output from the CI site for this test run. ==== End log output ==== CentOS Stream 9 Kernel: 5.4 Compiler: gcc gcc (GCC) 11.5.0 20240719 (Red Hat 11.5.0-11) Ubuntu 22.04 Kernel: 5.15 Compiler: gcc gcc (Ubuntu 11.4.0-1ubuntu1~22.04.2) 11.4.0 CentOS Stream 10 Kernel: 5.4 Compiler: gcc gcc (GCC) 14.2.1 20250110 (Red Hat 14.2.1-8) Debian GNU/Linux 12 Kernel: 5.4 Compiler: gcc gcc (Debian 12.2.0-14+deb12u1) 12.2.0 Fedora Linux 40 Kernel: 5.4 Compiler: clang gcc (GCC) 14.2.1 20240912 (Red Hat 14.2.1-3) Fedora Linux 42 Kernel: 5.4 Compiler: clang gcc (GCC) 15.2.1 20250808 (Red Hat 15.2.1-1) Ubuntu 20.04 Kernel: 5.4 Compiler: gcc gcc (Ubuntu 9.4.0-1ubuntu1~20.04.2) 9.4.0 Fedora Linux 41 Kernel: 5.4 Compiler: clang gcc (GCC) 14.3.1 20250523 (Red Hat 14.3.1-1) Red Hat Enterprise Linux 9.5 Kernel: 5.4 Compiler: gcc gcc (GCC) 11.5.0 20240719 (Red Hat 11.5.0-2) Ubuntu 24.04 Kernel: 5.4 Compiler: gcc gcc (Ubuntu 13.3.0-6ubuntu2~24.04) 13.3.0 Debian 12 (arm) Kernel: Depends on container host Compiler: gcc (Debian 12.2.0-14) 12.2.0 To view detailed results, visit: https://lab.dpdk.org/results/dashboard/patchsets/34141/ UNH-IOL DPDK Community Lab To manage your email subscriptions, visit: https://lab.dpdk.org/results/dashboard/preferences/subscriptions/