From mboxrd@z Thu Jan 1 00:00:00 1970 Return-Path: Received: from mails.dpdk.org (mails.dpdk.org [217.70.189.124]) by inbox.dpdk.org (Postfix) with ESMTP id 299A746EEB for ; Thu, 25 Sep 2025 06:54:15 +0200 (CEST) Received: from mails.dpdk.org (localhost [127.0.0.1]) by mails.dpdk.org (Postfix) with ESMTP id 205DF40276; Thu, 25 Sep 2025 06:54:15 +0200 (CEST) Received: from mail-io1-f97.google.com (mail-io1-f97.google.com [209.85.166.97]) by mails.dpdk.org (Postfix) with ESMTP id CD31240276 for ; Thu, 25 Sep 2025 06:54:13 +0200 (CEST) Received: by mail-io1-f97.google.com with SMTP id ca18e2360f4ac-89365bbc079so24796939f.0 for ; Wed, 24 Sep 2025 21:54:13 -0700 (PDT) DKIM-Signature: v=1; a=rsa-sha256; c=relaxed/relaxed; d=iol.unh.edu; s=unh-iol; t=1758776053; x=1759380853; darn=dpdk.org; h=cc:to:from:subject:message-id:date:from:to:cc:subject:date :message-id:reply-to; bh=90ZNsclvE/1iMTp+5lPfmUXU9ybgoYLpCwZwU3YTkns=; b=LfiF5gX/uG3IdIsvaxZ+Swfw9Qytvb+3juB6FJ60DrXW/W+PEd8Dm5id9zCNGgPnMI H/uSCxLtWxgELeiviYsKxZXcyYSIqtDpTrW8R57/wXNpSzz43iWHpKErgn9XGo6xkLQE RlaEHvgWXhGBPGf1DiUwaRgfGtohJuV6OCr8g= X-Google-DKIM-Signature: v=1; a=rsa-sha256; c=relaxed/relaxed; d=1e100.net; s=20230601; t=1758776053; x=1759380853; h=cc:to:from:subject:message-id:date:x-gm-message-state:from:to:cc :subject:date:message-id:reply-to; bh=90ZNsclvE/1iMTp+5lPfmUXU9ybgoYLpCwZwU3YTkns=; b=aAe+Krj040ERpqeDoqRrPsn3vJGSr9U1O/d4mQWoGhXty3/7vYh3MTNj5SBToy0nk9 dqiB6W8485PD2bwMcEr9nOUwudpNvipHCmGTxYoOM6LWHmNc8mfZA3fzyU9g5DaGWvSc iQm2ixGwithaDh0X4NKJIFzPlWZSyqAs9KW+SxI73ao82vo7MFODsqa+D/5vnckt9fG7 0rzCceWGoBuf2DdtoZz/kVpJWJsxlSmvEoUUTel7bM7ds1S6c0SVL2QpQTdiEZrUOMtY 9q5CCfO+pIJZzyeb7kPk2j4fIDHkjQpYXO47Pd8ZXLT4KlEui6f4ZVaPAbNy8hxLfbwy eB3A== X-Gm-Message-State: AOJu0Yz6hGp1LxafoMKXkOQkfvGqL1TDLzYk61DTobqdjox7dfI/6K0/ VCY+K6whzXCxipmDwC41IQSSueAGyP4uz8FiuWFtIph8ooJd6yblvR2wNe/O6WB9FWoeJiii58t oUBYQTJgqdzcu8yhbhjssjJPhKsLFkqfQ0vpj9+dn204orAOLFiDG X-Gm-Gg: ASbGncsEdQqC/VXfW0w/WcE//N+k2YAVEzTl7UiUKx/GJxN5DUqYutLtM68WGDGkmCn DbLvXHJBUaynS02ZGeNYXV+J4jyWLTED8xJjkmPOCb3343BMt0ASHDVdh6c/H1rdYwSKyW+TBke K2k8eeHFTkO/b4Ri1MFQ+4A93lTOy5fayrvuRPBkKAjFLoBzFHQHta/QQ7yrZrqgUI3++kOy2Mn niW/M87vkYtZ/Dnr9oRcpke0wAiiKPtUiKw8I7XaQnXXs2Pi2zG8nDTB0iiX6ZV16WdBuVMJtxv WhogVs6BR2vUVNrlXXiiWA/n+ad9piTbXWlODMoWsAXwtqnZbQ== X-Google-Smtp-Source: AGHT+IH82Zw5f/RB90l/pvxEkMNZuq6FyOLip39yacwGMF0G0AitldRaEc0h6yLHTsQL2moOjmScUnvYXDxZ X-Received: by 2002:a05:6e02:4701:b0:424:6fe:43c1 with SMTP id e9e14a558f8ab-4259563e11emr22929495ab.19.1758776053143; Wed, 24 Sep 2025 21:54:13 -0700 (PDT) Received: from postal.iol.unh.edu (postal.iol.unh.edu. [2606:4100:3880:1234::84]) by smtp-relay.gmail.com with ESMTPS id e9e14a558f8ab-425c02654e1sm604615ab.41.2025.09.24.21.54.13 (version=TLS1_2 cipher=ECDHE-ECDSA-AES128-GCM-SHA256 bits=128/128); Wed, 24 Sep 2025 21:54:13 -0700 (PDT) X-Relaying-Domain: iol.unh.edu Date: Wed, 24 Sep 2025 21:54:13 -0700 (PDT) Message-ID: <68d4caf5.050a0220.69415.3e8dSMTPIN_ADDED_MISSING@mx.google.com> Received: from [172.21.0.3] (unknown [172.18.0.240]) by postal.iol.unh.edu (Postfix) with ESMTP id ABE306051830; Thu, 25 Sep 2025 00:54:12 -0400 (EDT) Subject: |FAILURE| [GIT MASTER] 62f583c49bf67dd4d6733ece14e55fe6839e66d1 From: dpdklab@iol.unh.edu To: Test Report Cc: dpdk-test-reports@iol.unh.edu, Xueming Li , Christian Ehrhardt , Kevin Traynor , Luca Boccassi Content-Type: text/plain X-BeenThere: test-report@dpdk.org X-Mailman-Version: 2.1.29 Precedence: list List-Id: automatic DPDK test reports List-Unsubscribe: , List-Archive: List-Post: List-Help: List-Subscribe: , Errors-To: test-report-bounces@dpdk.org _Testing issues_ Branch: tags/v23.11 62f583c49bf67dd4d6733ece14e55fe6839e66d1 --> testing issues Upstream job id: Generic-Unit-Test-DPDK#374770 Test environment and result as below: +-------------------------------+----------------+ | Environment | dpdk_unit_test | +===============================+================+ | CentOS Stream 9 | PASS | +-------------------------------+----------------+ | CentOS Stream 10 | PASS | +-------------------------------+----------------+ | Debian GNU/Linux 12 | PASS | +-------------------------------+----------------+ | Fedora Linux 40 | PASS | +-------------------------------+----------------+ | Fedora Linux 41 | PASS | +-------------------------------+----------------+ | Fedora Linux 42 | PASS | +-------------------------------+----------------+ | Ubuntu 20.04 | PASS | +-------------------------------+----------------+ | Ubuntu 22.04 | PASS | +-------------------------------+----------------+ | Red Hat Enterprise Linux 9.5 | PASS | +-------------------------------+----------------+ | Red Hat Enterprise Linux 8.10 | PASS | +-------------------------------+----------------+ | Ubuntu 24.04 | PASS | +-------------------------------+----------------+ | Windows Server 2022 | FAIL | +-------------------------------+----------------+ ==== Unit test summary for Windows Server 2022 (dpdk_unit_test): ==== Failed to get the unit test results. Displaying the unit test results is not supported for some environments, such as our aarch32 testing, where meson is not used to run the tests. Download the logs available on our CI site. ==== End log output ==== CentOS Stream 9 Kernel: 5.15 Compiler: gcc gcc (GCC) 11.5.0 20240719 (Red Hat 11.5.0-11) CentOS Stream 10 Kernel: 5.15 Compiler: gcc gcc (GCC) 14.2.1 20250110 (Red Hat 14.2.1-8) Debian GNU/Linux 12 Kernel: 5.15 Compiler: gcc gcc (Debian 12.2.0-14+deb12u1) 12.2.0 Fedora Linux 40 Kernel: 5.15 Compiler: gcc gcc (GCC) 14.2.1 20240912 (Red Hat 14.2.1-3) Fedora Linux 41 Kernel: 5.15 Compiler: gcc gcc (GCC) 14.3.1 20250523 (Red Hat 14.3.1-1) Fedora Linux 42 Kernel: 5.15 Compiler: gcc gcc (GCC) 15.2.1 20250808 (Red Hat 15.2.1-1) Ubuntu 20.04 Kernel: 5.15 Compiler: gcc gcc (Ubuntu 9.4.0-1ubuntu1~20.04.2) 9.4.0 Ubuntu 22.04 Kernel: 5.15 Compiler: gcc gcc (Ubuntu 11.4.0-1ubuntu1~22.04) 11.4.0 Red Hat Enterprise Linux 9.5 Kernel: 5.15 Compiler: gcc gcc (GCC) 11.5.0 20240719 (Red Hat 11.5.0-2) Red Hat Enterprise Linux 8.10 Kernel: 5.15 Compiler: gcc gcc (GCC) 8.5.0 20210514 (Red Hat 8.5.0-22) Ubuntu 24.04 Kernel: 5.15 Compiler: gcc gcc (Ubuntu 13.3.0-6ubuntu2~24.04) 13.3.0 Windows Server 2022 Kernel: 10.0.20348.2031 Compiler: clang 15.0.7, gcc 14.1.0 (MinGW), and MSVC VS 19.39.33521 To view detailed results, visit: https://lab.dpdk.org/results/dashboard/tarballs/34996/ UNH-IOL DPDK Community Lab To manage your email subscriptions, visit: https://lab.dpdk.org/results/dashboard/preferences/subscriptions/