From mboxrd@z Thu Jan 1 00:00:00 1970 Return-Path: Received: from mails.dpdk.org (mails.dpdk.org [217.70.189.124]) by inbox.dpdk.org (Postfix) with ESMTP id C109F46905 for ; Thu, 25 Sep 2025 07:26:02 +0200 (CEST) Received: from mails.dpdk.org (localhost [127.0.0.1]) by mails.dpdk.org (Postfix) with ESMTP id B652E40276; Thu, 25 Sep 2025 07:26:02 +0200 (CEST) Received: from mail-pl1-f226.google.com (mail-pl1-f226.google.com [209.85.214.226]) by mails.dpdk.org (Postfix) with ESMTP id 4CA3C40276 for ; Thu, 25 Sep 2025 07:26:01 +0200 (CEST) Received: by mail-pl1-f226.google.com with SMTP id d9443c01a7336-271d1305ad7so8841465ad.2 for ; Wed, 24 Sep 2025 22:26:01 -0700 (PDT) DKIM-Signature: v=1; a=rsa-sha256; c=relaxed/relaxed; d=iol.unh.edu; s=unh-iol; t=1758777960; x=1759382760; darn=dpdk.org; h=cc:to:from:subject:message-id:date:from:to:cc:subject:date :message-id:reply-to; bh=K02aK2T9YWgsfdDxpw+74c+JnBrbxAwuGjKvD91irfo=; b=UGMV8pJilbOf6iAV5D/UfSiIyuLzESI0EwaBCx3HVRdAfmefzG0uYwhypZO9vnMwJY vGYmef7mlZuWFxqgqyaTJTTu+Gffw8I3G9m4icdzEvymFFfk5K3eh0+gS0UbwPnGTTh1 Gce8Q6e+/394z3TOZaDuuoTwvE51DQjYu5Q9Q= X-Google-DKIM-Signature: v=1; a=rsa-sha256; c=relaxed/relaxed; d=1e100.net; s=20230601; t=1758777960; x=1759382760; h=cc:to:from:subject:message-id:date:x-gm-message-state:from:to:cc :subject:date:message-id:reply-to; bh=K02aK2T9YWgsfdDxpw+74c+JnBrbxAwuGjKvD91irfo=; b=lw0TzeTTyYztRVLoB1d2ZlbO7kTLSLuksVqpj7WeplQYYe/crMJZUIey5r+AH8Hy/Z NNkA6GDpwnC1lP8v0CoxeohQwZflvCkaYqaaO05LzZ6zIbco9EsRvNHWbX57IOwCqxuv 4Q8b9HFEic5wDczn3ew3DV9n3iXvh6gGaZRyXn7nn/V5pgxl1RkEKMBMFPTXosi14w3o HJqYWP9CKLyVWO71agg0inMfCwiHjORjCvPVdk0VPUpCkztW2F5yAiuDCF5eFkrnMcry YQXiQ0da8tf5aY15BZllnVK2UspXuN41DTg77LCEeeK4FaJRSy6teD/BfMzuw/i1ASc2 UiIw== X-Gm-Message-State: AOJu0Yyv7BfUOEhnZfm6cvTm3cNhv3MpG8OxtAxzLO4sVRJtI5hF1ylZ XcqS6ipFALDa6cso9c9iIayfYsf83bwJ7/sN4uCbmv5+j3GWR9z16Krl+lQnQfEZIsg3h9nmG9N R+3wynb6qcOq1nfI8VVzP9sY40uFlC+PwC6Es X-Gm-Gg: ASbGncsJrczP9DkI39R/kN6ENfRzbN4hR17C7aXEYA2D+DxXLQdB2pHoIGODBR/z/+H loBbB1Y0lf0Rqe4a+Od2g4CSgkQC0sJGHRIvDAxisq5FtU5ROCU1dzApo29SEabrw0hMKyWsRUa W6qVcwlc4pmEWQAj8vqiKiKPsYd8KlAcd9Tj1aM3h3ADx8qmEDXkum1eNU8l0AR1/7ABhZ6BqEZ Lp+Tuu7dX3zEld2MbRymuaPb2VdDLGG1Iubj3KQnoZ+2q4Y/cKZgof+nDDHUMAiuvPCICAH3Zwd pCJM0BhpbBICmyARKLuB0Cd6Lq0fd8ixgdu9zr+Y6HxbWJk5Jvk34iAOId1lHi+QnDn5XhoQ X-Google-Smtp-Source: AGHT+IEVeJbGdrH9cdfjun0D+mLQAYYFgmyT8zbf48GBv2uRmXFyumMGWH8MoKBPHXnQHZeKD2U7dC/V3RkN X-Received: by 2002:a17:902:e5cc:b0:25d:1640:1d59 with SMTP id d9443c01a7336-27ed49b87a3mr25349315ad.8.1758777960459; Wed, 24 Sep 2025 22:26:00 -0700 (PDT) Received: from postal.iol.unh.edu (postal.iol.unh.edu. [132.177.123.84]) by smtp-relay.gmail.com with ESMTPS id d9443c01a7336-27ed67e65ddsm870925ad.35.2025.09.24.22.26.00 (version=TLS1_2 cipher=ECDHE-ECDSA-AES128-GCM-SHA256 bits=128/128); Wed, 24 Sep 2025 22:26:00 -0700 (PDT) X-Relaying-Domain: iol.unh.edu Date: Wed, 24 Sep 2025 22:26:00 -0700 (PDT) Message-ID: <68d4d268.170a0220.123f55.58eaSMTPIN_ADDED_MISSING@mx.google.com> Received: from [172.21.0.2] (unknown [172.18.0.240]) by postal.iol.unh.edu (Postfix) with ESMTP id E66FC6051830; Thu, 25 Sep 2025 01:25:59 -0400 (EDT) Subject: |FAILURE| [GIT MASTER] 62f583c49bf67dd4d6733ece14e55fe6839e66d1 From: dpdklab@iol.unh.edu To: Test Report Cc: dpdk-test-reports@iol.unh.edu, Xueming Li , Christian Ehrhardt , Kevin Traynor , Luca Boccassi Content-Type: text/plain X-BeenThere: test-report@dpdk.org X-Mailman-Version: 2.1.29 Precedence: list List-Id: automatic DPDK test reports List-Unsubscribe: , List-Archive: List-Post: List-Help: List-Subscribe: , Errors-To: test-report-bounces@dpdk.org _Testing issues_ Branch: tags/v23.11 62f583c49bf67dd4d6733ece14e55fe6839e66d1 --> testing issues Upstream job id: Generic-DPDK-Compile-Meson#428365 Test environment and result as below: +-------------------------------+--------------------+-------------------------+-------------------+------------------+-------------------+----------------------+ | Environment | dpdk_meson_compile | dpdk_llvm_clang_compile | dpdk_compile_spdk | dpdk_compile_ovs | dpdk_msvc_compile | dpdk_mingw64_compile | +===============================+====================+=========================+===================+==================+===================+======================+ | Ubuntu 20.04 | PASS | SKIPPED | SKIPPED | SKIPPED | SKIPPED | SKIPPED | +-------------------------------+--------------------+-------------------------+-------------------+------------------+-------------------+----------------------+ | CentOS Stream 9 | PASS | SKIPPED | PASS | SKIPPED | SKIPPED | SKIPPED | +-------------------------------+--------------------+-------------------------+-------------------+------------------+-------------------+----------------------+ | CentOS Stream 10 | PASS | SKIPPED | SKIPPED | SKIPPED | SKIPPED | SKIPPED | +-------------------------------+--------------------+-------------------------+-------------------+------------------+-------------------+----------------------+ | Fedora Linux 42 | FAIL | SKIPPED | WARN | WARN | SKIPPED | SKIPPED | +-------------------------------+--------------------+-------------------------+-------------------+------------------+-------------------+----------------------+ | Debian GNU/Linux 12 | PASS | SKIPPED | PASS | SKIPPED | SKIPPED | SKIPPED | +-------------------------------+--------------------+-------------------------+-------------------+------------------+-------------------+----------------------+ | openSUSE Leap 15.6 | PASS | SKIPPED | SKIPPED | SKIPPED | SKIPPED | SKIPPED | +-------------------------------+--------------------+-------------------------+-------------------+------------------+-------------------+----------------------+ | FreeBSD 14.2 | PASS | SKIPPED | SKIPPED | SKIPPED | SKIPPED | SKIPPED | +-------------------------------+--------------------+-------------------------+-------------------+------------------+-------------------+----------------------+ | Red Hat Enterprise Linux 8.10 | PASS | SKIPPED | SKIPPED | SKIPPED | SKIPPED | SKIPPED | +-------------------------------+--------------------+-------------------------+-------------------+------------------+-------------------+----------------------+ | Ubuntu 24.04 | PASS | SKIPPED | PASS | PASS | SKIPPED | SKIPPED | +-------------------------------+--------------------+-------------------------+-------------------+------------------+-------------------+----------------------+ | Ubuntu 22.04 | PASS | SKIPPED | PASS | SKIPPED | SKIPPED | SKIPPED | +-------------------------------+--------------------+-------------------------+-------------------+------------------+-------------------+----------------------+ | Red Hat Enterprise Linux 9.5 | PASS | SKIPPED | SKIPPED | SKIPPED | SKIPPED | SKIPPED | +-------------------------------+--------------------+-------------------------+-------------------+------------------+-------------------+----------------------+ | Alpine Linux 3.22.0 | PASS | SKIPPED | SKIPPED | SKIPPED | SKIPPED | SKIPPED | +-------------------------------+--------------------+-------------------------+-------------------+------------------+-------------------+----------------------+ | Windows Server 2022 | SKIPPED | FAIL | SKIPPED | SKIPPED | PASS | PASS | +-------------------------------+--------------------+-------------------------+-------------------+------------------+-------------------+----------------------+ ==== 20 line log output for Windows Server 2022 (dpdk_llvm_clang_compile): ==== Compiler for C supports arguments -mavx512f: YES (cached) Compiler for C supports arguments -mavx512bw: YES (cached) Compiler for C supports arguments -mavx512dq: YES (cached) Compiler for C supports arguments -march=skylake-avx512: YES Message: drivers/common/idpf: Defining dependency "common_idpf" Message: drivers/bus/auxiliary: Defining dependency "bus_auxiliary" Compiler for C supports arguments -Wno-cast-qual: YES (cached) Compiler for C supports arguments -Wno-pointer-arith: YES (cached) Message: drivers/bus/pci: Defining dependency "bus_pci" Message: drivers/bus/vdev: Defining dependency "bus_vdev" Compiler for C supports arguments -std=c11: YES Compiler for C supports arguments -Wno-strict-prototypes: YES Compiler for C supports arguments -D_BSD_SOURCE: YES Compiler for C supports arguments -D_DEFAULT_SOURCE: YES Compiler for C supports arguments -D_XOPEN_SOURCE=600: YES Has header "mlx5devx.h" : YES drivers\common\mlx5\windows\meson.build:10:13: ERROR: C shared or static library 'mlx5devx' not found A full log can be found at C:\Users\builder\jenkins\workspace\Windows-Compile-DPDK-Native\dpdk\build\meson-logs\meson-log.txt ==== End log output ==== Ubuntu 20.04 Kernel: 4.19 Compiler: gcc gcc (Ubuntu 9.4.0-1ubuntu1~20.04.2) 9.4.0 CentOS Stream 9 Kernel: 5.15 Compiler: gcc gcc (GCC) 11.5.0 20240719 (Red Hat 11.5.0-11) CentOS Stream 10 Kernel: 5.15 Compiler: gcc gcc (GCC) 14.2.1 20250110 (Red Hat 14.2.1-8) Fedora Linux 42 Kernel: 5.15 Compiler: clang gcc (GCC) 15.2.1 20250808 (Red Hat 15.2.1-1) Debian GNU/Linux 12 Kernel: 5.15 Compiler: gcc gcc (Debian 12.2.0-14+deb12u1) 12.2.0 openSUSE Leap 15.6 Kernel: 5.15 Compiler: gcc gcc (SUSE Linux) 7.5.0 FreeBSD 14.2 Kernel: 14.2-RELEASE Compiler: clang 18.1.6 Red Hat Enterprise Linux 8.10 Kernel: 5.15 Compiler: gcc gcc (GCC) 8.5.0 20210514 (Red Hat 8.5.0-22) Ubuntu 24.04 Kernel: 5.15 Compiler: gcc gcc (Ubuntu 13.3.0-6ubuntu2~24.04) 13.3.0 Ubuntu 22.04 Kernel: 5.15 Compiler: gcc gcc (Ubuntu 11.4.0-1ubuntu1~22.04) 11.4.0 Red Hat Enterprise Linux 9.5 Kernel: 5.15 Compiler: gcc gcc (GCC) 11.5.0 20240719 (Red Hat 11.5.0-2) Alpine Linux 3.22.0 Kernel: 5.15 Compiler: gcc gcc (Alpine 14.2.0) 14.2.0 Windows Server 2022 Kernel: 10.0.20348.2031 Compiler: clang 15.0.7, gcc 14.1.0 (MinGW), and MSVC VS 19.39.33521 To view detailed results, visit: https://lab.dpdk.org/results/dashboard/tarballs/34996/ UNH-IOL DPDK Community Lab To manage your email subscriptions, visit: https://lab.dpdk.org/results/dashboard/preferences/subscriptions/