From mboxrd@z Thu Jan 1 00:00:00 1970 Return-Path: Received: from mails.dpdk.org (mails.dpdk.org [217.70.189.124]) by inbox.dpdk.org (Postfix) with ESMTP id DA8F946905 for ; Thu, 25 Sep 2025 07:26:22 +0200 (CEST) Received: from mails.dpdk.org (localhost [127.0.0.1]) by mails.dpdk.org (Postfix) with ESMTP id D5B1E40276; Thu, 25 Sep 2025 07:26:22 +0200 (CEST) Received: from mail-qt1-f227.google.com (mail-qt1-f227.google.com [209.85.160.227]) by mails.dpdk.org (Postfix) with ESMTP id A53EF40276 for ; Thu, 25 Sep 2025 07:26:21 +0200 (CEST) Received: by mail-qt1-f227.google.com with SMTP id d75a77b69052e-4da72b541f8so7317941cf.1 for ; Wed, 24 Sep 2025 22:26:21 -0700 (PDT) DKIM-Signature: v=1; a=rsa-sha256; c=relaxed/relaxed; d=iol.unh.edu; s=unh-iol; t=1758777981; x=1759382781; darn=dpdk.org; h=cc:to:from:subject:message-id:date:from:to:cc:subject:date :message-id:reply-to; bh=H5B0yczfl8khhL8TPaESPDfl8iECgCAYB2F38w7wIhs=; b=Gjb+soy6uCZW+HAQKydk0GEcTMVUmQduye5mWggIzDRaXh+aweJa5cKkBN3CLxnBDP gy/X7Nm7NP6X2SS9KbdB5HNjbxi5ONqS2A4HF1J115Mu3KI28UEWnjjtNKjugovEb6V1 0YjaQ7c86pLATPo+xAfd3uy4eMPKW0Ta7AX2E= X-Google-DKIM-Signature: v=1; a=rsa-sha256; c=relaxed/relaxed; d=1e100.net; s=20230601; t=1758777981; x=1759382781; h=cc:to:from:subject:message-id:date:x-gm-message-state:from:to:cc :subject:date:message-id:reply-to; bh=H5B0yczfl8khhL8TPaESPDfl8iECgCAYB2F38w7wIhs=; b=lHPfPrnPox0tBUELsYWmhkR/CgbwFTpU04H9/Ns+BFKC6Bm1pOOy6VF/SA2DOwca4j wy2r3KMMfh/+cgytCuwUBRUCT1eS2BKle5/+lUGpLe4uDZol4ZrxPOxUPClGmWr8ox4G ANY2HxAQ1TPPrPUWww2EDufHSlJ+h/NOLwC1clGc6MJ+edJR+LVlR9+ZVbgmwskMbLcs 6nUxCt7kNAlbgsbSiVQp53wXtfpgZ6EXQhlxPdg+kqk5pBXn17j9S9aWpXNsz8E29V2L SjkB5zzqXXjLnDxKYc6ame4irNHGFZSGRFLMi9Xt/A9cA+y7gjG5t7r6S1MBb6gYjOZu EpfA== X-Gm-Message-State: AOJu0Yw3PJlns6MsnzOI8fgjS4ZtAs03hGYSS0SXfXjeI9YGe/GARbLJ Wn1WMli1Y1LLNTwUYEhCcRUXu+Ls+/h/QVwbp/rVPF7RlBM4ToO5uPhP53iOaQ8SPyP8QS2bnK6 HWLG2PW6ADc59eHfrH+W08YHMeNt4dCHkOa62 X-Gm-Gg: ASbGncuneBSEEG0ybj5sl7pufGKLyX0AF6zZLyM2MKl6w+1y+5I5msiHKfZx7XOQ5SO ZbzqhpXFFZehl1a90BkmPvQbybmm8/+YttZzdHuiZlCHVoeCAS57CDrURM7dFfXFYFRiSraRYes uBJ7cXKbwJAq7XrgaPiuyfa4YVa9nt0PKoJQfSt3FuQSuKyfEt7M+8AOA1CL8MUdZOBNp+vYRlA fGxZcI5IO7O7FLhbpRWyO3ZMDO6vdOF4S0UKoRcpsl4BMdFSQUGRVxvZ/2rO5YuJXPs3KIIMtCS t3pk+8J49W+M62+ItPiHIdolG1gxUcMYSoBXPLtuXfQK+uHrtD1ghdANbDXqxa2QpoVkooL5 X-Google-Smtp-Source: AGHT+IEe1nY/A85ojRv0OxXjsFVuyZBK3FWVncrZVkDyC0KaYy25UjO1g2us4T7wemxZ9lssv5ijR9hMC+bm X-Received: by 2002:a05:622a:4a0d:b0:4b3:dddf:7ea with SMTP id d75a77b69052e-4da484bff12mr36392251cf.27.1758777981020; Wed, 24 Sep 2025 22:26:21 -0700 (PDT) Received: from postal.iol.unh.edu (postal.iol.unh.edu. [132.177.123.84]) by smtp-relay.gmail.com with ESMTPS id d75a77b69052e-4db0ed52ad3sm301621cf.10.2025.09.24.22.26.20 (version=TLS1_2 cipher=ECDHE-ECDSA-AES128-GCM-SHA256 bits=128/128); Wed, 24 Sep 2025 22:26:21 -0700 (PDT) X-Relaying-Domain: iol.unh.edu Date: Wed, 24 Sep 2025 22:26:21 -0700 (PDT) Message-ID: <68d4d27d.050a0220.6a49b.20bbSMTPIN_ADDED_MISSING@mx.google.com> Received: from [172.21.0.3] (unknown [172.18.0.240]) by postal.iol.unh.edu (Postfix) with ESMTP id 7ECD36051830; Thu, 25 Sep 2025 01:26:20 -0400 (EDT) Subject: |FAILURE| [GIT MASTER] 62f583c49bf67dd4d6733ece14e55fe6839e66d1 From: dpdklab@iol.unh.edu To: Test Report Cc: dpdk-test-reports@iol.unh.edu, Xueming Li , Christian Ehrhardt , Kevin Traynor , Luca Boccassi Content-Type: text/plain X-BeenThere: test-report@dpdk.org X-Mailman-Version: 2.1.29 Precedence: list List-Id: automatic DPDK test reports List-Unsubscribe: , List-Archive: List-Post: List-Help: List-Subscribe: , Errors-To: test-report-bounces@dpdk.org _Testing issues_ Branch: tags/v23.11 62f583c49bf67dd4d6733ece14e55fe6839e66d1 --> testing issues Upstream job id: Generic-DPDK-Compile-Meson#428364 Test environment and result as below: +-------------------------------+--------------------+-------------------------+-------------------+------------------+-------------------+----------------------+ | Environment | dpdk_meson_compile | dpdk_llvm_clang_compile | dpdk_compile_spdk | dpdk_compile_ovs | dpdk_msvc_compile | dpdk_mingw64_compile | +===============================+====================+=========================+===================+==================+===================+======================+ | Ubuntu 20.04 | PASS | SKIPPED | SKIPPED | SKIPPED | SKIPPED | SKIPPED | +-------------------------------+--------------------+-------------------------+-------------------+------------------+-------------------+----------------------+ | CentOS Stream 9 | PASS | SKIPPED | PASS | SKIPPED | SKIPPED | SKIPPED | +-------------------------------+--------------------+-------------------------+-------------------+------------------+-------------------+----------------------+ | CentOS Stream 10 | PASS | SKIPPED | SKIPPED | SKIPPED | SKIPPED | SKIPPED | +-------------------------------+--------------------+-------------------------+-------------------+------------------+-------------------+----------------------+ | Fedora Linux 42 | FAIL | SKIPPED | WARN | WARN | SKIPPED | SKIPPED | +-------------------------------+--------------------+-------------------------+-------------------+------------------+-------------------+----------------------+ | Debian GNU/Linux 12 | PASS | SKIPPED | PASS | SKIPPED | SKIPPED | SKIPPED | +-------------------------------+--------------------+-------------------------+-------------------+------------------+-------------------+----------------------+ | openSUSE Leap 15.6 | PASS | SKIPPED | SKIPPED | SKIPPED | SKIPPED | SKIPPED | +-------------------------------+--------------------+-------------------------+-------------------+------------------+-------------------+----------------------+ | FreeBSD 14.2 | PASS | SKIPPED | SKIPPED | SKIPPED | SKIPPED | SKIPPED | +-------------------------------+--------------------+-------------------------+-------------------+------------------+-------------------+----------------------+ | Red Hat Enterprise Linux 8.10 | PASS | SKIPPED | SKIPPED | SKIPPED | SKIPPED | SKIPPED | +-------------------------------+--------------------+-------------------------+-------------------+------------------+-------------------+----------------------+ | Ubuntu 24.04 | PASS | SKIPPED | PASS | PASS | SKIPPED | SKIPPED | +-------------------------------+--------------------+-------------------------+-------------------+------------------+-------------------+----------------------+ | Ubuntu 22.04 | PASS | SKIPPED | PASS | SKIPPED | SKIPPED | SKIPPED | +-------------------------------+--------------------+-------------------------+-------------------+------------------+-------------------+----------------------+ | Red Hat Enterprise Linux 9.5 | PASS | SKIPPED | SKIPPED | SKIPPED | SKIPPED | SKIPPED | +-------------------------------+--------------------+-------------------------+-------------------+------------------+-------------------+----------------------+ | Alpine Linux 3.22.0 | PASS | SKIPPED | SKIPPED | SKIPPED | SKIPPED | SKIPPED | +-------------------------------+--------------------+-------------------------+-------------------+------------------+-------------------+----------------------+ | Windows Server 2022 | SKIPPED | FAIL | SKIPPED | SKIPPED | PASS | PASS | +-------------------------------+--------------------+-------------------------+-------------------+------------------+-------------------+----------------------+ ==== 20 line log output for Windows Server 2022 (dpdk_llvm_clang_compile): ==== Compiler for C supports arguments -mavx512f: YES (cached) Compiler for C supports arguments -mavx512bw: YES (cached) Compiler for C supports arguments -mavx512dq: YES (cached) Compiler for C supports arguments -march=skylake-avx512: YES Message: drivers/common/idpf: Defining dependency "common_idpf" Message: drivers/bus/auxiliary: Defining dependency "bus_auxiliary" Compiler for C supports arguments -Wno-cast-qual: YES (cached) Compiler for C supports arguments -Wno-pointer-arith: YES (cached) Message: drivers/bus/pci: Defining dependency "bus_pci" Message: drivers/bus/vdev: Defining dependency "bus_vdev" Compiler for C supports arguments -std=c11: YES Compiler for C supports arguments -Wno-strict-prototypes: YES Compiler for C supports arguments -D_BSD_SOURCE: YES Compiler for C supports arguments -D_DEFAULT_SOURCE: YES Compiler for C supports arguments -D_XOPEN_SOURCE=600: YES Has header "mlx5devx.h" : YES drivers\common\mlx5\windows\meson.build:10:13: ERROR: C shared or static library 'mlx5devx' not found A full log can be found at C:\Users\builder\jenkins\workspace\Windows-Compile-DPDK-Native\dpdk\build\meson-logs\meson-log.txt ==== End log output ==== Ubuntu 20.04 Kernel: 4.19 Compiler: gcc gcc (Ubuntu 9.4.0-1ubuntu1~20.04.2) 9.4.0 CentOS Stream 9 Kernel: 5.15 Compiler: gcc gcc (GCC) 11.5.0 20240719 (Red Hat 11.5.0-11) CentOS Stream 10 Kernel: 5.15 Compiler: gcc gcc (GCC) 14.2.1 20250110 (Red Hat 14.2.1-8) Fedora Linux 42 Kernel: 5.15 Compiler: clang gcc (GCC) 15.2.1 20250808 (Red Hat 15.2.1-1) Debian GNU/Linux 12 Kernel: 5.15 Compiler: gcc gcc (Debian 12.2.0-14+deb12u1) 12.2.0 openSUSE Leap 15.6 Kernel: 5.15 Compiler: gcc gcc (SUSE Linux) 7.5.0 FreeBSD 14.2 Kernel: 14.2-RELEASE Compiler: clang 18.1.6 Red Hat Enterprise Linux 8.10 Kernel: 5.15 Compiler: gcc gcc (GCC) 8.5.0 20210514 (Red Hat 8.5.0-22) Ubuntu 24.04 Kernel: 5.15 Compiler: gcc gcc (Ubuntu 13.3.0-6ubuntu2~24.04) 13.3.0 Ubuntu 22.04 Kernel: 5.15 Compiler: gcc gcc (Ubuntu 11.4.0-1ubuntu1~22.04) 11.4.0 Red Hat Enterprise Linux 9.5 Kernel: 5.15 Compiler: gcc gcc (GCC) 11.5.0 20240719 (Red Hat 11.5.0-2) Alpine Linux 3.22.0 Kernel: 5.15 Compiler: gcc gcc (Alpine 14.2.0) 14.2.0 Windows Server 2022 Kernel: 10.0.20348.2031 Compiler: clang 15.0.7, gcc 14.1.0 (MinGW), and MSVC VS 19.39.33521 To view detailed results, visit: https://lab.dpdk.org/results/dashboard/tarballs/34996/ UNH-IOL DPDK Community Lab To manage your email subscriptions, visit: https://lab.dpdk.org/results/dashboard/preferences/subscriptions/