From mboxrd@z Thu Jan 1 00:00:00 1970 Return-Path: Received: from mails.dpdk.org (mails.dpdk.org [217.70.189.124]) by inbox.dpdk.org (Postfix) with ESMTP id 6006A46F72 for ; Thu, 25 Sep 2025 16:19:46 +0200 (CEST) Received: from mails.dpdk.org (localhost [127.0.0.1]) by mails.dpdk.org (Postfix) with ESMTP id 34B0140657; Thu, 25 Sep 2025 16:19:46 +0200 (CEST) Received: from mail-io1-f98.google.com (mail-io1-f98.google.com [209.85.166.98]) by mails.dpdk.org (Postfix) with ESMTP id 0B6FB40657 for ; Thu, 25 Sep 2025 16:19:45 +0200 (CEST) Received: by mail-io1-f98.google.com with SMTP id ca18e2360f4ac-889b846c314so34605439f.2 for ; Thu, 25 Sep 2025 07:19:44 -0700 (PDT) DKIM-Signature: v=1; a=rsa-sha256; c=relaxed/relaxed; d=iol.unh.edu; s=unh-iol; t=1758809984; x=1759414784; darn=dpdk.org; h=references:in-reply-to:cc:to:from:subject:message-id:date:from:to :cc:subject:date:message-id:reply-to; bh=yrTryoV1LBAugVXP1YehMlDFaItQwifwMLTrsLelC8Q=; b=dk7awZoZTr9ZpBZuXhm9OC/DSA/LUBtPprCvRJOzDaIN4KUnpE6WkFOsRpv/FcmlTl ixvwYzspfozSuPtyLyZBMGLW35fi79nYw00Pw338HzLHMOKrJQTUdE2b9WKhKskCYrfD jKPu3ViVRFyhEeljF393FDQDP1siNL/MjVL3c= X-Google-DKIM-Signature: v=1; a=rsa-sha256; c=relaxed/relaxed; d=1e100.net; s=20230601; t=1758809984; x=1759414784; h=references:in-reply-to:cc:to:from:subject:message-id:date :x-gm-message-state:from:to:cc:subject:date:message-id:reply-to; bh=yrTryoV1LBAugVXP1YehMlDFaItQwifwMLTrsLelC8Q=; b=HI0Cs2x0uVkfkazor0kFTpXKrGbfPzp07XgnhQ0/wQ9R+ANnQmOsNW9StffR27OfWP uZq3h59Kq8EltSWVrT1o5Q+GWBCArLKrI0227TKgvPZ9BRMrsWD/hBIYTAa6P8Q+fNxi d3pCmMZHRsDfgMszROaDhNWvVxuNiz6pcs5UKEnYltFfIMkHOy4dMleUcxPTtDy7WuB6 vzpmuz6luxx0DRmFsv/sUg5M5bhpamHZJjigH5hA/9wfZgsLXz+oMn5IjFUo31ZYE8lG XP2qq+hns85RC0QYiwaguyvWUOh2E4QqA/qeUs6gzMV+xokzUt7D2f/+B0ubmvaOx7Yz Rldw== X-Gm-Message-State: AOJu0YxQAJ3RenhmRPHAZoCvI7rI5nQUQt5YZIzbhMO67Uu+IDiTHkYW V63LlU2HAgFlOULguoUIuAwKB0P3zNcQa6FPwKWu0QhV8zWC2BUxjmmBV4T7qWOs9t1cqsmSQu1 3wbWJOm0Hy5iucRNhSCf6AAvDRylSlnNp+zFEXiub3qJ/ X-Gm-Gg: ASbGncsW+EOu/fgE3eENoqQCTipFH1x+fR85uoRfXl35+oGwPTSkweGNCSjC7uE1y+p yXFwA0WPyf1a2pN5mlwzkG/OkhXLXtIUPiQAYb6MWHU5b7mSFPUl3i3LWCKRin4bwhfnoRLrrt/ LjGkDmSGUbMZ6YOyAHNtGoZDgKDZPF1pHiMEN4eMfcDrMdiUfJD7+5hJC8iE/QPvfsyZ4mvylaD p1E6jaTmfILkw05DZModr9Nn2FcYqlMOKgHbgcjHEbD8xAbJpHegsev8jkXvjpDkLQPIyif+UhL 8tsMpRU/ywavANj1h0gbjc0PD20oXIqWxdekYHBkVHDLGjS+ksZXkTolCSY57/dSD/9sVm3v X-Google-Smtp-Source: AGHT+IEfr3nraSltrJWr2i5iHNwhmG80nkLenLz6siIJ5um+zRXIxsvOaEXfyv86DRTMb/GrUCwNgdZfP9yt X-Received: by 2002:a05:6602:155:b0:8e6:5e2a:b775 with SMTP id ca18e2360f4ac-9016a40a74dmr438991739f.17.1758809984220; Thu, 25 Sep 2025 07:19:44 -0700 (PDT) Received: from postal.iol.unh.edu (postal.iol.unh.edu. [132.177.123.84]) by smtp-relay.gmail.com with ESMTPS id ca18e2360f4ac-903f91f8a85sm8883139f.4.2025.09.25.07.19.44 (version=TLS1_2 cipher=ECDHE-ECDSA-AES128-GCM-SHA256 bits=128/128); Thu, 25 Sep 2025 07:19:44 -0700 (PDT) X-Relaying-Domain: iol.unh.edu Date: Thu, 25 Sep 2025 07:19:44 -0700 (PDT) Message-ID: <68d54f80.050a0220.6e8ef.57aaSMTPIN_ADDED_MISSING@mx.google.com> Received: from [172.21.0.2] (unknown [172.18.0.240]) by postal.iol.unh.edu (Postfix) with ESMTP id BF337604D420; Thu, 25 Sep 2025 10:19:43 -0400 (EDT) Subject: |FAILURE| pw156953 [PATCH] buildtools: prepare symbol check for Wind From: dpdklab@iol.unh.edu To: Test Report Cc: dpdk-test-reports@iol.unh.edu, David Marchand In-Reply-To: <20250925130438.3072610-1-david.marchand@redhat.com> References: <20250925130438.3072610-1-david.marchand@redhat.com> Content-Type: text/plain X-BeenThere: test-report@dpdk.org X-Mailman-Version: 2.1.29 Precedence: list List-Id: automatic DPDK test reports List-Unsubscribe: , List-Archive: List-Post: List-Help: List-Subscribe: , Errors-To: test-report-bounces@dpdk.org Test-Label: iol-unit-amd64-testing Test-Status: FAILURE http://dpdk.org/patch/156953 _Testing issues_ Submitter: David Marchand Date: Thursday, September 25 2025 13:04:38 DPDK git baseline: Repo:dpdk Branch: master CommitID:441861b4a30e6b6b6aca07367dd487657b1f50e8 156953 --> testing issues Upstream job id: Generic-Unit-Test-DPDK#375062 Test environment and result as below: +-------------------------------+----------------+ | Environment | dpdk_unit_test | +===============================+================+ | CentOS Stream 9 | PASS | +-------------------------------+----------------+ | CentOS Stream 10 | PEND | +-------------------------------+----------------+ | Debian GNU/Linux 12 | PASS | +-------------------------------+----------------+ | Fedora Linux 40 | PASS | +-------------------------------+----------------+ | Fedora Linux 41 | PASS | +-------------------------------+----------------+ | Fedora Linux 42 | PEND | +-------------------------------+----------------+ | Ubuntu 20.04 | PASS | +-------------------------------+----------------+ | Red Hat Enterprise Linux 9.5 | PASS | +-------------------------------+----------------+ | Red Hat Enterprise Linux 8.10 | WARN | +-------------------------------+----------------+ | Ubuntu 22.04 | PEND | +-------------------------------+----------------+ | Ubuntu 24.04 | PEND | +-------------------------------+----------------+ | Windows Server 2022 | PASS | +-------------------------------+----------------+ ==== 20 line log output for Red Hat Enterprise Linux 8.10 (dpdk_unit_test): ==== [21/3549] Generating log.sym_chk with a custom command (wrapped by meson to capture output) FAILED: lib/log.sym_chk /usr/local/bin/meson --internal exe --capture lib/log.sym_chk -- /usr/bin/python3 ../buildtools/check-symbols.py /root/workspace/Generic-Unit-Test-DPDK/dpdk/build/lib/log_exports.map lib/librte_log.a --- stderr --- Traceback (most recent call last): File "../buildtools/check-symbols.py", line 12, in from dataclasses import dataclass ModuleNotFoundError: No module named 'dataclasses' [22/3549] Generating telemetry.sym_chk with a custom command (wrapped by meson to capture output) FAILED: lib/telemetry.sym_chk /usr/local/bin/meson --internal exe --capture lib/telemetry.sym_chk -- /usr/bin/python3 ../buildtools/check-symbols.py /root/workspace/Generic-Unit-Test-DPDK/dpdk/build/lib/telemetry_exports.map lib/librte_telemetry.a --- stderr --- Traceback (most recent call last): File "../buildtools/check-symbols.py", line 12, in from dataclasses import dataclass ModuleNotFoundError: No module named 'dataclasses' ninja: build stopped: subcommand failed. ==== End log output ==== CentOS Stream 9 Kernel: 5.15 Compiler: gcc gcc (GCC) 11.5.0 20240719 (Red Hat 11.5.0-11) CentOS Stream 10 Kernel: 5.15 Compiler: gcc gcc (GCC) 14.2.1 20250110 (Red Hat 14.2.1-8) Debian GNU/Linux 12 Kernel: 5.15 Compiler: gcc gcc (Debian 12.2.0-14+deb12u1) 12.2.0 Fedora Linux 40 Kernel: 5.15 Compiler: gcc gcc (GCC) 14.2.1 20240912 (Red Hat 14.2.1-3) Fedora Linux 41 Kernel: 5.15 Compiler: gcc gcc (GCC) 14.3.1 20250523 (Red Hat 14.3.1-1) Fedora Linux 42 Kernel: 5.15 Compiler: gcc gcc (GCC) 15.2.1 20250808 (Red Hat 15.2.1-1) Ubuntu 20.04 Kernel: 5.15 Compiler: gcc gcc (Ubuntu 9.4.0-1ubuntu1~20.04.2) 9.4.0 Red Hat Enterprise Linux 9.5 Kernel: 5.15 Compiler: gcc gcc (GCC) 11.5.0 20240719 (Red Hat 11.5.0-2) Red Hat Enterprise Linux 8.10 Kernel: 5.15 Compiler: gcc gcc (GCC) 8.5.0 20210514 (Red Hat 8.5.0-22) Ubuntu 22.04 Kernel: 5.15 Compiler: gcc gcc (Ubuntu 11.4.0-1ubuntu1~22.04) 11.4.0 Ubuntu 24.04 Kernel: 5.15 Compiler: gcc gcc (Ubuntu 13.3.0-6ubuntu2~24.04) 13.3.0 Windows Server 2022 Kernel: 10.0.20348.2031 Compiler: clang 15.0.7, gcc 14.1.0 (MinGW), and MSVC VS 19.39.33521 To view detailed results, visit: https://lab.dpdk.org/results/dashboard/patchsets/34150/ UNH-IOL DPDK Community Lab To manage your email subscriptions, visit: https://lab.dpdk.org/results/dashboard/preferences/subscriptions/