From mboxrd@z Thu Jan 1 00:00:00 1970 Return-Path: Received: from mails.dpdk.org (mails.dpdk.org [217.70.189.124]) by inbox.dpdk.org (Postfix) with ESMTP id 7BCFD46F72 for ; Thu, 25 Sep 2025 16:32:25 +0200 (CEST) Received: from mails.dpdk.org (localhost [127.0.0.1]) by mails.dpdk.org (Postfix) with ESMTP id 7697C40657; Thu, 25 Sep 2025 16:32:25 +0200 (CEST) Received: from mail-pl1-f226.google.com (mail-pl1-f226.google.com [209.85.214.226]) by mails.dpdk.org (Postfix) with ESMTP id 8BEC540657 for ; Thu, 25 Sep 2025 16:32:24 +0200 (CEST) Received: by mail-pl1-f226.google.com with SMTP id d9443c01a7336-2680cf68265so9380315ad.2 for ; Thu, 25 Sep 2025 07:32:24 -0700 (PDT) DKIM-Signature: v=1; a=rsa-sha256; c=relaxed/relaxed; d=iol.unh.edu; s=unh-iol; t=1758810744; x=1759415544; darn=dpdk.org; h=references:in-reply-to:cc:to:from:subject:message-id:date:from:to :cc:subject:date:message-id:reply-to; bh=xTe7NMgehNkFrfhwauRD+f/tbaCuTgEKXwBRwkr9swI=; b=R18ehYsWxMuAif0zyqWT5Q+Lb7FITW0iazj0xH7o5BiIl+zEC+xBRyOLd8Nd6zkzW6 +T+lVd9mKVfNveWIYQiRsj98rvDcPruCda8S2MrnIa0sRPoyK6pXgtU0NPJm1u0dED6G IXrXWjezCVJjIfTUz0SYrF/4G76sWgN1LHLpw= X-Google-DKIM-Signature: v=1; a=rsa-sha256; c=relaxed/relaxed; d=1e100.net; s=20230601; t=1758810744; x=1759415544; h=references:in-reply-to:cc:to:from:subject:message-id:date :x-gm-message-state:from:to:cc:subject:date:message-id:reply-to; bh=xTe7NMgehNkFrfhwauRD+f/tbaCuTgEKXwBRwkr9swI=; b=FwJTkJ2zszR9Pn3C5NuIL7wiuVKggun4HoZtqlue5gNnYN1YVWSc8USxvitaHG792M NLUgDTWtcHIvA/YQKhPVle7buSrWlpeek2azZI22mSnsPE3c2QYRJF87UfMRkTsSeMzU qh9+UBlFqcYuxqV4EAQDGiSyd75kofw5rJrvOwHO5Zuk25j7rFRJvyhOLZCa40Iq5Eqy TyjmDlWWbdYvH3qjsdaT+R11h6EAAskN2JNc/Rfy8bQYRXFdqutLRv36X+WfdoVLnTOP GM/da7G3S5n8vXY29Wc4A8x/4gjjT5QRYGbNFhbs9XftzCN9wF9jjwLb7DNkKsYcgNHE ZFbA== X-Gm-Message-State: AOJu0YwCPBA7gEYlgF0yLLsFCiw2EjpZyXgOoxq6Sx1/I7KeOMm8kfKr Ek6pJbRqD/hRBH/S3HshWGbtcVflraFl8uEhzrCrmTmDgF2+P7fLGHvhtC3Y7g7yIfFNfbvJ0iV 1k3jYpl2NhyTPpa6fEpuRkU3YVgP22gvr53Qs86kTDizl X-Gm-Gg: ASbGncujpNNqHtslGgPI5hUxxnSb3yA4w27Ixbo9LsC6vrb0twAaA3LysYvzlZR7Way h/8OvVV9eyoCuqL6yhbi71gvsBRvtV4ZSvI9EbniigHZ+oWfjObAGoeznuruqqv6VduMd3P4dz1 ecwHTti7m9gWsu784aJIcJ4Mg21mTe6Ng5OZnUKomzsZgGoRV8RhyMs5jP7goK0Z3WX25eyf2tY 0wuJK1q0OveWNXC9tJmXYKm/BABFCIw7h6ycs/yYnTs0qobAo/zlTyUhE8hiYUo/Ra7vWNHBfO5 +gxJOF9oGDmql5S8dzIrEb9izRF5TYgMmkxQVWrS/Dnlxy0In/PIe6E32Nrt4PjX+iw+SsNT X-Google-Smtp-Source: AGHT+IGVp1na7M1Zy0zWuU3Nx/1DIp2Wxi/2zuYdqPRqBAenDGcE+PsBfsxFcAnBtsLPLGK/l+oZZfHtNuss X-Received: by 2002:a17:902:f708:b0:27e:eabd:4b41 with SMTP id d9443c01a7336-27eeabd4ef9mr813645ad.7.1758810743558; Thu, 25 Sep 2025 07:32:23 -0700 (PDT) Received: from postal.iol.unh.edu (postal.iol.unh.edu. [132.177.123.84]) by smtp-relay.gmail.com with ESMTPS id d9443c01a7336-27ed67e67a0sm1648495ad.47.2025.09.25.07.32.23 (version=TLS1_2 cipher=ECDHE-ECDSA-AES128-GCM-SHA256 bits=128/128); Thu, 25 Sep 2025 07:32:23 -0700 (PDT) X-Relaying-Domain: iol.unh.edu Date: Thu, 25 Sep 2025 07:32:23 -0700 (PDT) Message-ID: <68d55277.170a0220.282cf7.a669SMTPIN_ADDED_MISSING@mx.google.com> Received: from [172.21.0.2] (unknown [172.18.0.240]) by postal.iol.unh.edu (Postfix) with ESMTP id CF20E604D420; Thu, 25 Sep 2025 10:32:22 -0400 (EDT) Subject: |FAILURE| pw156953 [PATCH] buildtools: prepare symbol check for Wind From: dpdklab@iol.unh.edu To: Test Report Cc: dpdk-test-reports@iol.unh.edu, David Marchand In-Reply-To: <20250925130438.3072610-1-david.marchand@redhat.com> References: <20250925130438.3072610-1-david.marchand@redhat.com> Content-Type: text/plain X-BeenThere: test-report@dpdk.org X-Mailman-Version: 2.1.29 Precedence: list List-Id: automatic DPDK test reports List-Unsubscribe: , List-Archive: List-Post: List-Help: List-Subscribe: , Errors-To: test-report-bounces@dpdk.org Test-Label: iol-compile-amd64-testing Test-Status: FAILURE http://dpdk.org/patch/156953 _Testing issues_ Submitter: David Marchand Date: Thursday, September 25 2025 13:04:38 DPDK git baseline: Repo:dpdk Branch: master CommitID:441861b4a30e6b6b6aca07367dd487657b1f50e8 156953 --> testing issues Upstream job id: Generic-DPDK-Compile-Meson#428645 Test environment and result as below: +-------------------------------+--------------------+-------------------+------------------+-------------------+-------------------------+----------------------+ | Environment | dpdk_meson_compile | dpdk_compile_spdk | dpdk_compile_ovs | dpdk_msvc_compile | dpdk_llvm_clang_compile | dpdk_mingw64_compile | +===============================+====================+===================+==================+===================+=========================+======================+ | CentOS Stream 9 | PASS | PASS | SKIPPED | SKIPPED | SKIPPED | SKIPPED | +-------------------------------+--------------------+-------------------+------------------+-------------------+-------------------------+----------------------+ | CentOS Stream 10 | PASS | SKIPPED | SKIPPED | SKIPPED | SKIPPED | SKIPPED | +-------------------------------+--------------------+-------------------+------------------+-------------------+-------------------------+----------------------+ | Debian GNU/Linux 12 | PASS | PASS | SKIPPED | SKIPPED | SKIPPED | SKIPPED | +-------------------------------+--------------------+-------------------+------------------+-------------------+-------------------------+----------------------+ | Fedora Linux 42 | PASS | PASS | PASS | SKIPPED | SKIPPED | SKIPPED | +-------------------------------+--------------------+-------------------+------------------+-------------------+-------------------------+----------------------+ | Ubuntu 20.04 | PASS | SKIPPED | SKIPPED | SKIPPED | SKIPPED | SKIPPED | +-------------------------------+--------------------+-------------------+------------------+-------------------+-------------------------+----------------------+ | Red Hat Enterprise Linux 8.10 | FAIL | SKIPPED | SKIPPED | SKIPPED | SKIPPED | SKIPPED | +-------------------------------+--------------------+-------------------+------------------+-------------------+-------------------------+----------------------+ | openSUSE Leap 15.6 | FAIL | SKIPPED | SKIPPED | SKIPPED | SKIPPED | SKIPPED | +-------------------------------+--------------------+-------------------+------------------+-------------------+-------------------------+----------------------+ | Red Hat Enterprise Linux 9.5 | PASS | SKIPPED | SKIPPED | SKIPPED | SKIPPED | SKIPPED | +-------------------------------+--------------------+-------------------+------------------+-------------------+-------------------------+----------------------+ | FreeBSD 14.2 | PASS | SKIPPED | SKIPPED | SKIPPED | SKIPPED | SKIPPED | +-------------------------------+--------------------+-------------------+------------------+-------------------+-------------------------+----------------------+ | Ubuntu 22.04 | PASS | PASS | SKIPPED | SKIPPED | SKIPPED | SKIPPED | +-------------------------------+--------------------+-------------------+------------------+-------------------+-------------------------+----------------------+ | Ubuntu 24.04 | PASS | PASS | PASS | SKIPPED | SKIPPED | SKIPPED | +-------------------------------+--------------------+-------------------+------------------+-------------------+-------------------------+----------------------+ | Alpine Linux 3.22.0 | PASS | SKIPPED | SKIPPED | SKIPPED | SKIPPED | SKIPPED | +-------------------------------+--------------------+-------------------+------------------+-------------------+-------------------------+----------------------+ | Windows Server 2022 | SKIPPED | SKIPPED | SKIPPED | PASS | PASS | PASS | +-------------------------------+--------------------+-------------------+------------------+-------------------+-------------------------+----------------------+ ==== 20 line log output for openSUSE Leap 15.6 (dpdk_meson_compile): ==== Option default_library is: shared [default: static] Found ninja-1.10.0 at /usr/bin/ninja ninja: Entering directory `build' [1/3559] Compiling C object lib/librte_log.a.p/log_log.c.o [2/3559] Compiling C object lib/librte_log.a.p/log_log_color.c.o [3/3559] Compiling C object lib/librte_log.a.p/log_log_timestamp.c.o [4/3559] Compiling C object lib/librte_log.a.p/log_log_syslog.c.o [5/3559] Compiling C object lib/librte_log.a.p/log_log_journal.c.o [6/3559] Linking static target lib/librte_log.a [7/3559] Generating rte_log_map with a custom command [8/3559] Generating log.sym_chk with a custom command (wrapped by meson to capture output) FAILED: lib/log.sym_chk /usr/bin/meson --internal exe --capture lib/log.sym_chk -- /usr/bin/python3 ../buildtools/check-symbols.py /root/workspace/Generic-DPDK-Compile-Meson@3/dpdk/build/lib/log_exports.map lib/librte_log.a --- stderr --- Traceback (most recent call last): File "../buildtools/check-symbols.py", line 12, in from dataclasses import dataclass ModuleNotFoundError: No module named 'dataclasses' ninja: build stopped: subcommand failed. ==== End log output ==== CentOS Stream 9 Kernel: 5.15 Compiler: gcc gcc (GCC) 11.5.0 20240719 (Red Hat 11.5.0-11) CentOS Stream 10 Kernel: 5.15 Compiler: gcc gcc (GCC) 14.2.1 20250110 (Red Hat 14.2.1-8) Debian GNU/Linux 12 Kernel: 5.15 Compiler: gcc gcc (Debian 12.2.0-14+deb12u1) 12.2.0 Fedora Linux 42 Kernel: 5.15 Compiler: clang gcc (GCC) 15.2.1 20250808 (Red Hat 15.2.1-1) Ubuntu 20.04 Kernel: 4.19 Compiler: gcc gcc (Ubuntu 9.4.0-1ubuntu1~20.04.2) 9.4.0 Red Hat Enterprise Linux 8.10 Kernel: 5.15 Compiler: gcc gcc (GCC) 8.5.0 20210514 (Red Hat 8.5.0-22) openSUSE Leap 15.6 Kernel: 5.15 Compiler: gcc gcc (SUSE Linux) 7.5.0 Red Hat Enterprise Linux 9.5 Kernel: 5.15 Compiler: gcc gcc (GCC) 11.5.0 20240719 (Red Hat 11.5.0-2) FreeBSD 14.2 Kernel: 14.2-RELEASE Compiler: clang 18.1.6 Ubuntu 22.04 Kernel: 5.15 Compiler: gcc gcc (Ubuntu 11.4.0-1ubuntu1~22.04) 11.4.0 Ubuntu 24.04 Kernel: 5.15 Compiler: gcc gcc (Ubuntu 13.3.0-6ubuntu2~24.04) 13.3.0 Alpine Linux 3.22.0 Kernel: 5.15 Compiler: gcc gcc (Alpine 14.2.0) 14.2.0 Windows Server 2022 Kernel: 10.0.20348.2031 Compiler: clang 15.0.7, gcc 14.1.0 (MinGW), and MSVC VS 19.39.33521 To view detailed results, visit: https://lab.dpdk.org/results/dashboard/patchsets/34150/ UNH-IOL DPDK Community Lab To manage your email subscriptions, visit: https://lab.dpdk.org/results/dashboard/preferences/subscriptions/