From mboxrd@z Thu Jan 1 00:00:00 1970 Return-Path: Received: from mails.dpdk.org (mails.dpdk.org [217.70.189.124]) by inbox.dpdk.org (Postfix) with ESMTP id 45D1546F72 for ; Thu, 25 Sep 2025 17:42:29 +0200 (CEST) Received: from mails.dpdk.org (localhost [127.0.0.1]) by mails.dpdk.org (Postfix) with ESMTP id 1819240657; Thu, 25 Sep 2025 17:42:29 +0200 (CEST) Received: from mail-pl1-f225.google.com (mail-pl1-f225.google.com [209.85.214.225]) by mails.dpdk.org (Postfix) with ESMTP id 179EF40657 for ; Thu, 25 Sep 2025 17:42:28 +0200 (CEST) Received: by mail-pl1-f225.google.com with SMTP id d9443c01a7336-27ee41e0798so5657005ad.1 for ; Thu, 25 Sep 2025 08:42:28 -0700 (PDT) DKIM-Signature: v=1; a=rsa-sha256; c=relaxed/relaxed; d=iol.unh.edu; s=unh-iol; t=1758814947; x=1759419747; darn=dpdk.org; h=cc:to:from:subject:message-id:date:from:to:cc:subject:date :message-id:reply-to; bh=AXom8ToyYngQRhw9PPj0I084VkeQqn5/qsr4Wk5gFaU=; b=ZcfdyBHJOnLYkV/aOX+kKGsbIIYwroTOP4AmwKsCWIiXvjppKlv7FG/pI/N5jCdFA4 NeluKg6sb4kjWEGDk/LyxQYdOPICpLdkUJ1/m5TUdL00GEomGkWsu54aydJEsS5RONUr laBCC1A2xNI5/rGqSKXteHuXVDNL/E3HbHkJU= X-Google-DKIM-Signature: v=1; a=rsa-sha256; c=relaxed/relaxed; d=1e100.net; s=20230601; t=1758814947; x=1759419747; h=cc:to:from:subject:message-id:date:x-gm-message-state:from:to:cc :subject:date:message-id:reply-to; bh=AXom8ToyYngQRhw9PPj0I084VkeQqn5/qsr4Wk5gFaU=; b=YvFGzlSFfl+WGhfUh1m/FPuv2wq5uSSl5ZB0OrBzsMAd6iU4df/TWlp99PCkO/4mxS ER1saZHoen0ywtulxlcZmEGUeBtNkK8LBRS2umUf9p4gISI5kJ63z1RcGELdAhRX6aVt yJzvIqscDHFQVh7Bqpv6pXXlYm24LHVqrwIjZkuF43joM5g0R6HrKYTh1XxtO1SvOgn8 Ea6FQ2CDdvQcr3TyxhEQ12zdYjGN6m0egCqkX933VuJLDMcZKKnNH3YCdUViISNUZf8I t6HzROX4qRuScaw9aBcxB+gK00/M9QgWHfw64urMXxNDiXQeT/c2CYYe/gedSXjsxZA0 o1oQ== X-Gm-Message-State: AOJu0YzFQrDG+2CKWTR1w3DLZw+BqDN8miM546BC8pbuKJIA4HGmfrAf IXodmKPQJ+cbZDjWn3Z3XZTbT672X4Kg/BhzQqq/9p5wFpqvh9jUh9uilcMUtfn0WdPnQbGW4Ey yNdCDevqtqmK2T0lTKKezR1wrANqGzf7WMZbGtizlqxD+H4Fn0FJc X-Gm-Gg: ASbGncuKAdlO9WhXt1bE+NiG1SvB8/cJZkPyae8UDZaYqu72i4KPqNESqqPEHqlV8Go Z4/Qnc5YDfpL2+O/oBURwHC/EVYZ8S25l8WnZx/Ndkr6tpIyX4HnCsvb5BHQ4qb5hhjJUldzSaZ rVzZD1oMB3aDrxTExOXSYGSrcxrVoJ/NGFWmPC6BQiavVKVf7tNuMYx99FM3LHbvhHqML8mVAh8 R3spnLu3VhRZnDpg1Kn+eImjTUjWTPMXuFKZqqW0637GMqdW/aWsguP/lScyqfWbGnPUH9Gefn5 osNhPE8Xc/VKE/ILDD1WHgath5YzcHOBV3wtOA+Vns7QUebOFQ== X-Google-Smtp-Source: AGHT+IEqJ35pBMwDcwXdHWjXFDAchyz91n+a1cnbuIwlQzR//GTziLk2JL6jw+rf4sjHy/5Ky8Gd1qPupQc+ X-Received: by 2002:a17:903:1a85:b0:273:31fb:a86d with SMTP id d9443c01a7336-27ed4a4929amr48029915ad.48.1758814947034; Thu, 25 Sep 2025 08:42:27 -0700 (PDT) Received: from postal.iol.unh.edu (postal.iol.unh.edu. [2606:4100:3880:1234::84]) by smtp-relay.gmail.com with ESMTPS id d9443c01a7336-27ed66bb778sm1759725ad.4.2025.09.25.08.42.26 (version=TLS1_2 cipher=ECDHE-ECDSA-AES128-GCM-SHA256 bits=128/128); Thu, 25 Sep 2025 08:42:27 -0700 (PDT) X-Relaying-Domain: iol.unh.edu Date: Thu, 25 Sep 2025 08:42:27 -0700 (PDT) Message-ID: <68d562e3.170a0220.371cd8.ae4dSMTPIN_ADDED_MISSING@mx.google.com> Received: from [172.21.0.2] (unknown [172.18.0.240]) by postal.iol.unh.edu (Postfix) with ESMTP id 75FE760003F7; Thu, 25 Sep 2025 11:42:26 -0400 (EDT) Subject: |FAILURE| [GIT MASTER] 62f583c49bf67dd4d6733ece14e55fe6839e66d1 From: dpdklab@iol.unh.edu To: Test Report Cc: dpdk-test-reports@iol.unh.edu, Xueming Li , Christian Ehrhardt , Kevin Traynor , Luca Boccassi Content-Type: text/plain X-BeenThere: test-report@dpdk.org X-Mailman-Version: 2.1.29 Precedence: list List-Id: automatic DPDK test reports List-Unsubscribe: , List-Archive: List-Post: List-Help: List-Subscribe: , Errors-To: test-report-bounces@dpdk.org _Testing issues_ Branch: tags/v23.11 62f583c49bf67dd4d6733ece14e55fe6839e66d1 --> testing issues Upstream job id: Generic-Unit-Test-DPDK#374769 Test environment and result as below: +------------------------------+----------------+--------------+------------------------------+---------------------------+ | Environment | dpdk_unit_test | lpm_autotest | cryptodev_sw_snow3g_autotest | cryptodev_sw_zuc_autotest | +==============================+================+==============+==============================+===========================+ | CentOS Stream 9 | PASS | SKIPPED | SKIPPED | SKIPPED | +------------------------------+----------------+--------------+------------------------------+---------------------------+ | CentOS Stream 10 | PASS | SKIPPED | SKIPPED | SKIPPED | +------------------------------+----------------+--------------+------------------------------+---------------------------+ | Debian GNU/Linux 12 | PASS | SKIPPED | SKIPPED | SKIPPED | +------------------------------+----------------+--------------+------------------------------+---------------------------+ | Fedora Linux 40 | PASS | SKIPPED | SKIPPED | SKIPPED | +------------------------------+----------------+--------------+------------------------------+---------------------------+ | Fedora Linux 41 | PEND | SKIPPED | SKIPPED | SKIPPED | +------------------------------+----------------+--------------+------------------------------+---------------------------+ | Fedora Linux 42 | PEND | SKIPPED | SKIPPED | SKIPPED | +------------------------------+----------------+--------------+------------------------------+---------------------------+ | Red Hat Enterprise Linux 9.5 | PEND | SKIPPED | SKIPPED | SKIPPED | +------------------------------+----------------+--------------+------------------------------+---------------------------+ | Ubuntu 20.04 | PEND | PASS | SKIPPED | SKIPPED | +------------------------------+----------------+--------------+------------------------------+---------------------------+ | Ubuntu 24.04 | PEND | SKIPPED | SKIPPED | SKIPPED | +------------------------------+----------------+--------------+------------------------------+---------------------------+ | Ubuntu 22.04 | PASS | SKIPPED | SKIPPED | SKIPPED | +------------------------------+----------------+--------------+------------------------------+---------------------------+ | Debian 12 (arm) | SKIPPED | SKIPPED | PEND | PEND | +------------------------------+----------------+--------------+------------------------------+---------------------------+ CentOS Stream 9 Kernel: 5.4 Compiler: gcc gcc (GCC) 11.5.0 20240719 (Red Hat 11.5.0-11) CentOS Stream 10 Kernel: 5.4 Compiler: gcc gcc (GCC) 14.2.1 20250110 (Red Hat 14.2.1-8) Debian GNU/Linux 12 Kernel: 5.4 Compiler: gcc gcc (Debian 12.2.0-14+deb12u1) 12.2.0 Fedora Linux 40 Kernel: 5.4 Compiler: gcc gcc (GCC) 14.2.1 20240912 (Red Hat 14.2.1-3) Fedora Linux 41 Kernel: 5.4 Compiler: gcc gcc (GCC) 14.3.1 20250523 (Red Hat 14.3.1-1) Fedora Linux 42 Kernel: 5.4 Compiler: gcc gcc (GCC) 15.2.1 20250808 (Red Hat 15.2.1-1) Red Hat Enterprise Linux 9.5 Kernel: 5.4 Compiler: gcc gcc (GCC) 11.5.0 20240719 (Red Hat 11.5.0-2) Ubuntu 20.04 Kernel: 5.4 Compiler: gcc gcc (Ubuntu 9.4.0-1ubuntu1~20.04.2) 9.4.0 Ubuntu 24.04 Kernel: 5.4 Compiler: gcc gcc (Ubuntu 13.3.0-6ubuntu2~24.04) 13.3.0 Ubuntu 22.04 Kernel: 5.4 Compiler: gcc gcc (Ubuntu 11.4.0-1ubuntu1~22.04) 11.4.0 Debian 12 (arm) Kernel: Depends on container host Compiler: gcc (Debian 12.2.0-14) 12.2.0 To view detailed results, visit: https://lab.dpdk.org/results/dashboard/tarballs/34996/ UNH-IOL DPDK Community Lab To manage your email subscriptions, visit: https://lab.dpdk.org/results/dashboard/preferences/subscriptions/