From mboxrd@z Thu Jan 1 00:00:00 1970 Return-Path: Received: from mails.dpdk.org (mails.dpdk.org [217.70.189.124]) by inbox.dpdk.org (Postfix) with ESMTP id 6DF9F46F80 for ; Fri, 26 Sep 2025 08:49:50 +0200 (CEST) Received: from mails.dpdk.org (localhost [127.0.0.1]) by mails.dpdk.org (Postfix) with ESMTP id 691E44025D; Fri, 26 Sep 2025 08:49:50 +0200 (CEST) Received: from mail-vk1-f228.google.com (mail-vk1-f228.google.com [209.85.221.228]) by mails.dpdk.org (Postfix) with ESMTP id D31C24025D for ; Fri, 26 Sep 2025 08:49:48 +0200 (CEST) Received: by mail-vk1-f228.google.com with SMTP id 71dfb90a1353d-54b21395093so1115754e0c.0 for ; Thu, 25 Sep 2025 23:49:48 -0700 (PDT) DKIM-Signature: v=1; a=rsa-sha256; c=relaxed/relaxed; d=iol.unh.edu; s=unh-iol; t=1758869388; x=1759474188; darn=dpdk.org; h=cc:to:from:subject:message-id:date:from:to:cc:subject:date :message-id:reply-to; bh=OCTEYTdNKv2TNz6YTaizA+LMfsgel78hgaZrKKMim44=; b=I13EGSTzxECzuqVIG4M+mYKl+4ksjtMj7iaxQRIpwVLfZt+wKfWzIEq3gGAsVO6Iey QffMD7OI2SGYHBye1XQMvMUG456om2yvjBqF/mz5oaBQeG1H2+tvbUtSOfDTQbLe9Fk3 pqxfZjMVAYkN09at89liXPTsg6uwcQOumBCbM= X-Google-DKIM-Signature: v=1; a=rsa-sha256; c=relaxed/relaxed; d=1e100.net; s=20230601; t=1758869388; x=1759474188; h=cc:to:from:subject:message-id:date:x-gm-message-state:from:to:cc :subject:date:message-id:reply-to; bh=OCTEYTdNKv2TNz6YTaizA+LMfsgel78hgaZrKKMim44=; b=hnMRH9lrcDd4Puow/8U2IHF4kMCDDENJo8ZFXCOYxqbLMhcT6szb556R2oVd4hP6i6 CI0n65a10ppCnKX9HL0Lk4AfFE/B8ThUayk5eLka3/80hwF9jx7OKEsFdlvldY6NoDDO oYxKFR6NUWzHLrgSjDmlaeq3k+jVOp6T5LcKH0HUYy9vo9j57XZKggVb4J0P6vU5flDa QmIIBdiZSbwEbVlZaL1QcFPjQClCxEeMI4Tf1ot+NGin215jb6aOK35Snqi216HmDtZS pvJCwje7zZSnmBzVpygn+o8XSUcyJCW2pnpLK6XjGkQ5rE18Dv2jv3n17OK9keHe4jEz NMhQ== X-Gm-Message-State: AOJu0YxruphbYNYlgrwRzb1OrPhc+RnG6lpCXGRW+X34/WEirU21sLWL n4cpr8u/Q+trBRZ5lqD6Hi1x3BYj0xEdFi7TF0Z6JvCHwQSiXNxwOJpxYfSoWRyf5+wf9NuAxyw APXx1qNchE+3X3ttbooEzFTfXF/fJlrsh7fmx X-Gm-Gg: ASbGncvrWXb0k/0JAK79Fm2hqtHJt/M3Uoxcu4olnZMTELVNaX2cogfrM5TryQUgOLS hgq0ScfAwyvIrmntCbyUiQ9ENBLUSbbxkuQtUlIQyOoqwpoRvRI9qXoErChSMKQojgp7Nz6TMJx PjJVETCYHs7lpSn/sGQKukNJ1pyoQMrbZrFDmf+Z6Dk5a5fVz6PDmoy2I9h9KFQXxLMRu6C/2zV Mhcgky4EQ+eN4Y6SKiWA88gfEgjiZfZn8S3xLwnoKC3yfEaq2t/fJAoOPGl9FekYGSPtQnnfpmG od2I3HmwMwB4emVy0jxJw607/W0RKhGQ+5VndBcP/SxKy1gnbX7DJtpD6kuTtS9TdMekm6M/ X-Google-Smtp-Source: AGHT+IEouKGOU3Vm2L7r1VYV2kEuGjtdu7ebsV8wnW2XEFfWUuT4zFjMhZtXV3O/cw54ApPoZFahomijHI3z X-Received: by 2002:a05:6122:310d:b0:545:af6d:1edf with SMTP id 71dfb90a1353d-54bed495056mr2448460e0c.5.1758869388178; Thu, 25 Sep 2025 23:49:48 -0700 (PDT) Received: from postal.iol.unh.edu (postal.iol.unh.edu. [132.177.123.84]) by smtp-relay.gmail.com with ESMTPS id 71dfb90a1353d-54beddc8060sm217465e0c.7.2025.09.25.23.49.48 (version=TLS1_2 cipher=ECDHE-ECDSA-AES128-GCM-SHA256 bits=128/128); Thu, 25 Sep 2025 23:49:48 -0700 (PDT) X-Relaying-Domain: iol.unh.edu Date: Thu, 25 Sep 2025 23:49:48 -0700 (PDT) Message-ID: <68d6378c.050a0220.6c4ba.c742SMTPIN_ADDED_MISSING@mx.google.com> Received: from [172.21.0.2] (unknown [172.18.0.240]) by postal.iol.unh.edu (Postfix) with ESMTP id C9F1B6051830; Fri, 26 Sep 2025 02:49:47 -0400 (EDT) Subject: |FAILURE| [GIT MASTER] 62f583c49bf67dd4d6733ece14e55fe6839e66d1 From: dpdklab@iol.unh.edu To: Test Report Cc: dpdk-test-reports@iol.unh.edu, Xueming Li , Christian Ehrhardt , Kevin Traynor , Luca Boccassi Content-Type: text/plain X-BeenThere: test-report@dpdk.org X-Mailman-Version: 2.1.29 Precedence: list List-Id: automatic DPDK test reports List-Unsubscribe: , List-Archive: List-Post: List-Help: List-Subscribe: , Errors-To: test-report-bounces@dpdk.org _Testing issues_ Branch: tags/v23.11 62f583c49bf67dd4d6733ece14e55fe6839e66d1 --> testing issues Upstream job id: Generic-Unit-Test-DPDK#375259 Test environment and result as below: +-------------------------------+----------------+ | Environment | dpdk_unit_test | +===============================+================+ | CentOS Stream 9 | PASS | +-------------------------------+----------------+ | CentOS Stream 10 | PASS | +-------------------------------+----------------+ | Fedora Linux 40 | PASS | +-------------------------------+----------------+ | Debian GNU/Linux 12 | PASS | +-------------------------------+----------------+ | Fedora Linux 41 | PASS | +-------------------------------+----------------+ | Fedora Linux 42 | PASS | +-------------------------------+----------------+ | Red Hat Enterprise Linux 8.10 | PASS | +-------------------------------+----------------+ | Ubuntu 20.04 | PASS | +-------------------------------+----------------+ | Red Hat Enterprise Linux 9.5 | PASS | +-------------------------------+----------------+ | Ubuntu 22.04 | PASS | +-------------------------------+----------------+ | Ubuntu 24.04 | PASS | +-------------------------------+----------------+ | Windows Server 2022 | FAIL | +-------------------------------+----------------+ ==== Unit test summary for Windows Server 2022 (dpdk_unit_test): ==== Failed to get the unit test results. Displaying the unit test results is not supported for some environments, such as our aarch32 testing, where meson is not used to run the tests. Download the logs available on our CI site. ==== End log output ==== CentOS Stream 9 Kernel: 5.15 Compiler: gcc gcc (GCC) 11.5.0 20240719 (Red Hat 11.5.0-11) CentOS Stream 10 Kernel: 5.15 Compiler: gcc gcc (GCC) 14.2.1 20250110 (Red Hat 14.2.1-8) Fedora Linux 40 Kernel: 5.15 Compiler: gcc gcc (GCC) 14.2.1 20240912 (Red Hat 14.2.1-3) Debian GNU/Linux 12 Kernel: 5.15 Compiler: gcc gcc (Debian 12.2.0-14+deb12u1) 12.2.0 Fedora Linux 41 Kernel: 5.15 Compiler: gcc gcc (GCC) 14.3.1 20250523 (Red Hat 14.3.1-1) Fedora Linux 42 Kernel: 5.15 Compiler: gcc gcc (GCC) 15.2.1 20250808 (Red Hat 15.2.1-1) Red Hat Enterprise Linux 8.10 Kernel: 5.15 Compiler: gcc gcc (GCC) 8.5.0 20210514 (Red Hat 8.5.0-22) Ubuntu 20.04 Kernel: 5.15 Compiler: gcc gcc (Ubuntu 9.4.0-1ubuntu1~20.04.2) 9.4.0 Red Hat Enterprise Linux 9.5 Kernel: 5.15 Compiler: gcc gcc (GCC) 11.5.0 20240719 (Red Hat 11.5.0-2) Ubuntu 22.04 Kernel: 5.15 Compiler: gcc gcc (Ubuntu 11.4.0-1ubuntu1~22.04) 11.4.0 Ubuntu 24.04 Kernel: 5.15 Compiler: gcc gcc (Ubuntu 13.3.0-6ubuntu2~24.04) 13.3.0 Windows Server 2022 Kernel: 10.0.20348.2031 Compiler: clang 15.0.7, gcc 14.1.0 (MinGW), and MSVC VS 19.39.33521 To view detailed results, visit: https://lab.dpdk.org/results/dashboard/tarballs/35010/ UNH-IOL DPDK Community Lab To manage your email subscriptions, visit: https://lab.dpdk.org/results/dashboard/preferences/subscriptions/