From mboxrd@z Thu Jan 1 00:00:00 1970 Return-Path: Received: from mails.dpdk.org (mails.dpdk.org [217.70.189.124]) by inbox.dpdk.org (Postfix) with ESMTP id A8DF046F90 for ; Sat, 27 Sep 2025 07:20:55 +0200 (CEST) Received: from mails.dpdk.org (localhost [127.0.0.1]) by mails.dpdk.org (Postfix) with ESMTP id A30F340261; Sat, 27 Sep 2025 07:20:55 +0200 (CEST) Received: from mail-io1-f98.google.com (mail-io1-f98.google.com [209.85.166.98]) by mails.dpdk.org (Postfix) with ESMTP id 8FF5A40261 for ; Sat, 27 Sep 2025 07:20:54 +0200 (CEST) Received: by mail-io1-f98.google.com with SMTP id ca18e2360f4ac-8ca2e53c0d3so130723739f.1 for ; Fri, 26 Sep 2025 22:20:54 -0700 (PDT) DKIM-Signature: v=1; a=rsa-sha256; c=relaxed/relaxed; d=iol.unh.edu; s=unh-iol; t=1758950454; x=1759555254; darn=dpdk.org; h=cc:to:from:subject:message-id:date:from:to:cc:subject:date :message-id:reply-to; bh=ckxh+y7F6Vh3mM1t97ZG8Zsbxf3mM0B+z2Dyy70mBhI=; b=fVLK9ik/urQiy9RD5AhHMVWLdwr4H2RN5TfaHLUqPXuOe14aElH9UFxZ3ZreUEGtEf wpxMaXJgoU8+3BTYpFQI8PnArzdLhJ7/Id3lR08AeY6rZpa9yG8kxOF39feLD1AMp9/R VjBOxeFDIHfo5jpFVpa6iNftJtbzIjt29/7Z8= X-Google-DKIM-Signature: v=1; a=rsa-sha256; c=relaxed/relaxed; d=1e100.net; s=20230601; t=1758950454; x=1759555254; h=cc:to:from:subject:message-id:date:x-gm-message-state:from:to:cc :subject:date:message-id:reply-to; bh=ckxh+y7F6Vh3mM1t97ZG8Zsbxf3mM0B+z2Dyy70mBhI=; b=kkonzIn+fpTvm/5M1uoxTvan+Lwdp2ABQA5PGLKOzTmRfThD4KnkK67ECHKoVEuU/n fepiSDrB7gLkrUz2y0DP1y99prtyVt+05yYpC548dut3+BhsOf1EGCeQ/fOfbxFkIH84 0ZhtFHJyqA0wzVLV+pxg520XAw19dGOxJ/YWi0FYQOslooJFvSzoAGNKA/vlta/Fizzx OLZ+mGdPiPcpl73WPxwt3BF4p9pE+iUC1z7qYyvcDx9ILXoj8lCJ/3PX78Tc9DDG3pTD RkTiTIe2zaMHF2rtWee9lIgJ/YCWAbjxfZumUvRT8t3ue/MIQbN2Od3IoEox2abn8TmK iu8Q== X-Gm-Message-State: AOJu0YyfO7acJvbGkm914S9op4PRkETxywF9qzUJKzVUz5nBk+fcXozS 66V6Ls0n3QNr8CBAmuJKd+Tvo67gH+FriHjce03OobwCS/tdIAbwQfG8xFt0d4tO5+WTXCncYq6 iLH9CQzCWosRCGC0PcuUuf5zKsC4iIv9uO5ju X-Gm-Gg: ASbGncvqCk45MxjT8UiUprpUH1r9mzl1dploUlMYkunlqHRD8ACtW9SMrDhzKC82vTc /1K5PDczAFJdAYydZ7KqQgeDKEwP+xW2deVGpoYHL5YhkjPz8JX9W9iDWZZ9OMTaPzqQBW6bzY/ f31liuCEy8QcIzXd2lMwfy62GTUohHU0YB/A575ec2Ivofv/UiJBJNtHFwLcZIjWAs67bj92sIY 62DJWzi6UUPP+H2WIKH6HbiiUmXXzOG3/3iaUC4Z4tNGxMPvUQ66ig2c+p51M4u4h6FVUslxq+2 cPWR4r0ZYnl04WsYb+ZFh0MiBHbDNJZvc6HZUguvq+WTWw5vMWRpQr65HqKk09Qn69I7Kndi X-Google-Smtp-Source: AGHT+IES6IrpVT/kGWi0a9m0+RS6x1sSNvzomsn1huTlbB01FD8InO/NjB5x5LKQCUS5JGWi6aLQnUZDTyko X-Received: by 2002:a05:6e02:12cf:b0:424:9926:a97b with SMTP id e9e14a558f8ab-42595654326mr151525955ab.25.1758950453873; Fri, 26 Sep 2025 22:20:53 -0700 (PDT) Received: from postal.iol.unh.edu (postal.iol.unh.edu. [132.177.123.84]) by smtp-relay.gmail.com with ESMTPS id e9e14a558f8ab-425c02654e1sm4313545ab.41.2025.09.26.22.20.52 (version=TLS1_2 cipher=ECDHE-ECDSA-AES128-GCM-SHA256 bits=128/128); Fri, 26 Sep 2025 22:20:53 -0700 (PDT) X-Relaying-Domain: iol.unh.edu Date: Fri, 26 Sep 2025 22:20:53 -0700 (PDT) Message-ID: <68d77435.050a0220.69415.98daSMTPIN_ADDED_MISSING@mx.google.com> Received: from [172.21.0.2] (unknown [172.18.0.240]) by postal.iol.unh.edu (Postfix) with ESMTP id 343526051830; Sat, 27 Sep 2025 01:20:52 -0400 (EDT) Subject: |FAILURE| [GIT MASTER] 3b43ce3f4a54468e7ef65760c2fd7b4d6ee6d9fc From: dpdklab@iol.unh.edu To: Test Report Cc: dpdk-test-reports@iol.unh.edu, Xueming Li , Christian Ehrhardt , Kevin Traynor , Luca Boccassi Content-Type: text/plain X-BeenThere: test-report@dpdk.org X-Mailman-Version: 2.1.29 Precedence: list List-Id: automatic DPDK test reports List-Unsubscribe: , List-Archive: List-Post: List-Help: List-Subscribe: , Errors-To: test-report-bounces@dpdk.org _Testing issues_ Branch: tags/v22.11 3b43ce3f4a54468e7ef65760c2fd7b4d6ee6d9fc --> testing issues Upstream job id: Generic-Unit-Test-DPDK#375700 Test environment and result as below: +-------------------------------+----------------+ | Environment | dpdk_unit_test | +===============================+================+ | Ubuntu 24.04 | FAIL | +-------------------------------+----------------+ | Red Hat Enterprise Linux 9.5 | FAIL | +-------------------------------+----------------+ | Ubuntu 20.04 | PASS | +-------------------------------+----------------+ | Fedora Linux 40 | FAIL | +-------------------------------+----------------+ | Red Hat Enterprise Linux 8.10 | FAIL | +-------------------------------+----------------+ | CentOS Stream 10 | FAIL | +-------------------------------+----------------+ | Fedora Linux 41 | FAIL | +-------------------------------+----------------+ | Debian GNU/Linux 12 | FAIL | +-------------------------------+----------------+ | Ubuntu 22.04 | FAIL | +-------------------------------+----------------+ | CentOS Stream 9 | FAIL | +-------------------------------+----------------+ | Fedora Linux 42 | FAIL | +-------------------------------+----------------+ | Windows Server 2022 | PASS | +-------------------------------+----------------+ ==== Unit test summary for Fedora Linux 42 (dpdk_unit_test): ==== ninja: Entering directory `/root/workspace/Generic-Unit-Test-DPDK/dpdk/build' ninja: no work to do. 1/105 DPDK:fast-tests / acl_autotest OK 3.01 s 2/105 DPDK:fast-tests / atomic_autotest OK 0.42 s 3/105 DPDK:fast-tests / bitmap_autotest OK 0.17 s 4/105 DPDK:fast-tests / bitops_autotest OK 0.23 s 5/105 DPDK:fast-tests / byteorder_autotest OK 0.23 s 6/105 DPDK:fast-tests / cksum_autotest OK 0.26 s 7/105 DPDK:fast-tests / cmdline_autotest OK 0.17 s 8/105 DPDK:fast-tests / common_autotest OK 0.37 s 9/105 DPDK:fast-tests / cpuflags_autotest OK 0.22 s 10/105 DPDK:fast-tests / debug_autotest OK 0.35 s 11/105 DPDK:fast-tests / devargs_autotest OK 0.17 s 12/105 DPDK:fast-tests / eal_flags_c_opt_autotest OK 0.58 s 13/105 DPDK:fast-tests / eal_flags_main_opt_autotest OK 0.36 s 14/105 DPDK:fast-tests / eal_flags_n_opt_autotest OK 0.48 s 15/105 DPDK:fast-tests / eal_flags_hpet_autotest OK 0.17 s 16/105 DPDK:fast-tests / eal_flags_no_huge_autotest OK 0.65 s 17/105 DPDK:fast-tests / eal_flags_a_opt_autotest OK 0.27 s 18/105 DPDK:fast-tests / eal_flags_b_opt_autotest OK 0.29 s 19/105 DPDK:fast-tests / eal_flags_vdev_opt_autotest OK 0.60 s 20/105 DPDK:fast-tests / eal_flags_r_opt_autotest OK 0.22 s 21/105 DPDK:fast-tests / eal_flags_mem_autotest OK 0.74 s 22/105 DPDK:fast-tests / eal_flags_file_prefix_autotest OK 2.14 s 23/105 DPDK:fast-tests / eal_flags_misc_autotest OK 1.79 s 24/105 DPDK:fast-tests / eal_fs_autotest OK 0.17 s 25/105 DPDK:fast-tests / errno_autotest OK 0.17 s 26/105 DPDK:fast-tests / ethdev_link_status OK 0.21 s 27/105 DPDK:fast-tests / event_ring_autotest OK 0.21 s 28/105 DPDK:fast-tests / fib_autotest OK 0.77 s 29/105 DPDK:fast-tests / fib6_autotest OK 0.97 s 30/105 DPDK:fast-tests / func_reentrancy_autotest OK 0.68 s 31/105 DPDK:fast-tests / hash_autotest OK 0.27 s 32/105 DPDK:fast-tests / interrupt_autotest OK 1.65 s 33/105 DPDK:fast-tests / ipfrag_autotest OK 0.17 s 34/105 DPDK:fast-tests / lcores_autotest OK 18.32 s 35/105 DPDK:fast-tests / logs_autotest OK 0.25 s 36/105 DPDK:fast-tests / lpm_autotest OK 4.20 s 37/105 DPDK:fast-tests / lpm6_autotest OK 5.73 s 38/105 DPDK:fast-tests / malloc_autotest OK 0.67 s 39/105 DPDK:fast-tests / mbuf_autotest OK 0.26 s 40/105 DPDK:fast-tests / mcslock_autotest OK 0.49 s 41/105 DPDK:fast-tests / memcpy_autotest OK 1.72 s 42/105 DPDK:fast-tests / memory_autotest OK 0.17 s 43/105 DPDK:fast-tests / mempool_autotest OK 0.45 s 44/105 DPDK:fast-tests / memzone_autotest OK 0.17 s 45/105 DPDK:fast-tests / meter_autotest OK 0.23 s 46/105 DPDK:fast-tests / multiprocess_autotest OK 0.22 s 47/105 DPDK:fast-tests / node_list_dump OK 0.17 s 48/105 DPDK:fast-tests / per_lcore_autotest OK 0.32 s 49/105 DPDK:fast-tests / pflock_autotest OK 0.29 s 50/105 DPDK:fast-tests / prefetch_autotest OK 0.17 s 51/105 DPDK:fast-tests / rcu_qsbr_autotest OK 0.31 s 52/105 DPDK:fast-tests / pie_autotest OK 0.17 s 53/105 DPDK:fast-tests / rib_autotest OK 5.27 s 54/105 DPDK:fast-tests / rib6_autotest OK 5.12 s 55/105 DPDK:fast-tests / ring_autotest OK 0.17 s 56/105 DPDK:fast-tests / rwlock_test1_autotest OK 0.25 s 57/105 DPDK:fast-tests / rwlock_rda_autotest OK 5.23 s 58/105 DPDK:fast-tests / rwlock_rds_wrm_autotest OK 5.17 s 59/105 DPDK:fast-tests / rwlock_rde_wro_autotest OK 5.18 s 60/105 DPDK:fast-tests / sched_autotest OK 0.15 s 61/105 DPDK:fast-tests / security_autotest OK 0.17 s 62/105 DPDK:fast-tests / seqlock_autotest SKIP 0.17 s 63/105 DPDK:fast-tests / spinlock_autotest OK 0.22 s 64/105 DPDK:fast-tests / stack_autotest OK 0.17 s 65/105 DPDK:fast-tests / stack_lf_autotest OK 0.32 s 66/105 DPDK:fast-tests / string_autotest OK 0.17 s 67/105 DPDK:fast-tests / tailq_autotest OK 0.17 s 68/105 DPDK:fast-tests / ticketlock_autotest OK 0.17 s 69/105 DPDK:fast-tests / timer_autotest OK 2.60 s 70/105 DPDK:fast-tests / user_delay_us OK 0.17 s 71/105 DPDK:fast-tests / version_autotest OK 0.17 s 72/105 DPDK:fast-tests / crc_autotest OK 0.14 s 73/105 DPDK:fast-tests / distributor_autotest OK 1.03 s 74/105 DPDK:fast-tests / eventdev_common_autotest OK 0.17 s 75/105 DPDK:fast-tests / fbarray_autotest OK 0.17 s 76/105 DPDK:fast-tests / hash_readwrite_func_autotest SKIP 0.17 s 77/105 DPDK:fast-tests / ipsec_autotest SKIP 0.17 s 78/105 DPDK:fast-tests / kni_autotest SKIP 0.17 s 79/105 DPDK:fast-tests / kvargs_autotest OK 0.17 s 80/105 DPDK:fast-tests / member_autotest OK 0.87 s 81/105 DPDK:fast-tests / power_cpufreq_autotest SKIP 0.17 s 82/105 DPDK:fast-tests / power_autotest OK 0.17 s 83/105 DPDK:fast-tests / power_kvm_vm_autotest SKIP 0.17 s 84/105 DPDK:fast-tests / power_intel_uncore_autotest SKIP 0.17 s 85/105 DPDK:fast-tests / reorder_autotest OK 0.22 s 86/105 DPDK:fast-tests / service_autotest OK 1.23 s 87/105 DPDK:fast-tests / thash_autotest OK 0.20 s 88/105 DPDK:fast-tests / threads_autotest OK 0.32 s 89/105 DPDK:fast-tests / trace_autotest OK 0.17 s 90/105 DPDK:fast-tests / trace_autotest_with_traces OK 0.17 s 91/105 DPDK:fast-tests / graph_autotest OK 0.17 s 92/105 DPDK:fast-tests / metrics_autotest OK 0.17 s 93/105 DPDK:fast-tests / telemetry_json_autotest OK 0.17 s 94/105 DPDK:fast-tests / telemetry_data_autotest OK 0.17 s 95/105 DPDK:fast-tests / table_autotest FAIL 0.87 s (exit status 255 or signal 127 SIGinvalid) 96/105 DPDK:fast-tests / ring_pmd_autotest OK 0.17 s 97/105 DPDK:fast-tests / event_eth_tx_adapter_autotest OK 0.47 s 98/105 DPDK:fast-tests / bitratestats_autotest OK 0.17 s 99/105 DPDK:fast-tests / latencystats_autotest OK 0.17 s 100/105 DPDK:fast-tests / pdump_autotest OK 5.26 s 101/105 DPDK:fast-tests / vdev_autotest OK 0.17 s 102/105 DPDK:fast-tests / bpf_autotest OK 0.17 s 103/105 DPDK:fast-tests / bpf_convert_autotest OK 0.17 s 104/105 DPDK:fast-tests / compressdev_autotest SKIP 0.17 s 105/105 DPDK:fast-tests / telemetry_all SKIP 0.01 s Ok: 95 Expected Fail: 0 Fail: 1 Unexpected Pass: 0 Skipped: 9 Timeout: 0 Full log written to /root/workspace/Generic-Unit-Test-DPDK/dpdk/build/meson-logs/testlog.txt Test log output from the failed test table_autotest: Sorry, we were not able to find the logs for this test. Download the log output from the CI site for this test run. ==== End log output ==== Ubuntu 24.04 Kernel: 5.15 Compiler: gcc gcc (Ubuntu 13.3.0-6ubuntu2~24.04) 13.3.0 Red Hat Enterprise Linux 9.5 Kernel: 5.15 Compiler: gcc gcc (GCC) 11.5.0 20240719 (Red Hat 11.5.0-2) Ubuntu 20.04 Kernel: 5.15 Compiler: gcc gcc (Ubuntu 9.4.0-1ubuntu1~20.04.2) 9.4.0 Fedora Linux 40 Kernel: 5.15 Compiler: gcc gcc (GCC) 14.2.1 20240912 (Red Hat 14.2.1-3) Red Hat Enterprise Linux 8.10 Kernel: 5.15 Compiler: gcc gcc (GCC) 8.5.0 20210514 (Red Hat 8.5.0-22) CentOS Stream 10 Kernel: 5.15 Compiler: gcc gcc (GCC) 14.2.1 20250110 (Red Hat 14.2.1-8) Fedora Linux 41 Kernel: 5.15 Compiler: gcc gcc (GCC) 14.3.1 20250523 (Red Hat 14.3.1-1) Debian GNU/Linux 12 Kernel: 5.15 Compiler: gcc gcc (Debian 12.2.0-14+deb12u1) 12.2.0 Ubuntu 22.04 Kernel: 5.15 Compiler: gcc gcc (Ubuntu 11.4.0-1ubuntu1~22.04) 11.4.0 CentOS Stream 9 Kernel: 5.15 Compiler: gcc gcc (GCC) 11.5.0 20240719 (Red Hat 11.5.0-11) Fedora Linux 42 Kernel: 5.15 Compiler: gcc gcc (GCC) 15.2.1 20250808 (Red Hat 15.2.1-1) Windows Server 2022 Kernel: 10.0.20348.2031 Compiler: clang 15.0.7, gcc 14.1.0 (MinGW), and MSVC VS 19.39.33521 To view detailed results, visit: https://lab.dpdk.org/results/dashboard/tarballs/35026/ UNH-IOL DPDK Community Lab To manage your email subscriptions, visit: https://lab.dpdk.org/results/dashboard/preferences/subscriptions/