From mboxrd@z Thu Jan 1 00:00:00 1970 Return-Path: Received: from mails.dpdk.org (mails.dpdk.org [217.70.189.124]) by inbox.dpdk.org (Postfix) with ESMTP id B961C46F90 for ; Sat, 27 Sep 2025 07:55:07 +0200 (CEST) Received: from mails.dpdk.org (localhost [127.0.0.1]) by mails.dpdk.org (Postfix) with ESMTP id B49BE40261; Sat, 27 Sep 2025 07:55:07 +0200 (CEST) Received: from mail-yw1-f227.google.com (mail-yw1-f227.google.com [209.85.128.227]) by mails.dpdk.org (Postfix) with ESMTP id 647B940261 for ; Sat, 27 Sep 2025 07:55:06 +0200 (CEST) Received: by mail-yw1-f227.google.com with SMTP id 00721157ae682-749399349ddso35643107b3.3 for ; Fri, 26 Sep 2025 22:55:06 -0700 (PDT) DKIM-Signature: v=1; a=rsa-sha256; c=relaxed/relaxed; d=iol.unh.edu; s=unh-iol; t=1758952506; x=1759557306; darn=dpdk.org; h=cc:to:from:subject:message-id:date:from:to:cc:subject:date :message-id:reply-to; bh=xRMIqTUTjjyRhaYIkT4w73Go7vc1MhcDDCu1TmKmyhw=; b=La71+QWLBKeepILvn1RJc4beHebRffeaGWQULVs5ZmAsPlHoNylCbq+qVyKKjyugm/ U2OvHYuj5uTpbhgrQrrSdFJ1dQRqaT17TzaJz+Ew25nIPaFdVvx/aATwlxxlTFIkOzp+ qNrmmSUT9TILrhRY4iGdCzKaGwbNK17+I+Fzo= X-Google-DKIM-Signature: v=1; a=rsa-sha256; c=relaxed/relaxed; d=1e100.net; s=20230601; t=1758952506; x=1759557306; h=cc:to:from:subject:message-id:date:x-gm-message-state:from:to:cc :subject:date:message-id:reply-to; bh=xRMIqTUTjjyRhaYIkT4w73Go7vc1MhcDDCu1TmKmyhw=; b=BDweaWLnxyjzAKir4SO1u8LxsIQTGQTV9pwlcxBI3/rDF/ObMbRlpNUBETqkdcVbn+ 72OWhGQZU1oiReSHonT6XvZpsxWTXyic607rPBlkFO9HVLDO2MgORsFVlqUZXtzHGep4 8SoRvH+WcezUEBvq6qZk69XH0EJwlnxcDKFmxYCoX5ILmNNRrBctXNqfG7HtmLhkeSH7 eqVfAiR3lHXV4yMBdt8gPeETt8OYcMJkwnvcS6INy3fQ2eeMKUZaOWgfUx8igTyNTkk2 1hsMWI1x4/wxDTLXPQsYuqNXMsXa+lbzmQnxxOgKc+esgyuZ4x3tMgaON7WNCF4lIlay /ZcQ== X-Gm-Message-State: AOJu0Yw2IgzrH2eFE6D4bhPVQZslrMtaY3VhKVulfbeIw9if4tu8pQKv TlwiiCdheRiBQ6/qmT2p+htgXWyFTyhTD803sYJT0HJZnzj9VhSeduPU3IGXZIuTUEbec68C4El 7Ia1ugdLlfCJsT546okGYCgjViQfNVOuRE1TB X-Gm-Gg: ASbGncuI1sYAiLM1SfjH1cu9DYy2BCWNMgbBRtXskJ4+Ewg9cl+Ato2xktx1LB6zcsw zmcxp1dx0xzSx9TdKTlT2zwqJ+eLFZkpkUVPaf9CBt1OOEkAmJOO4ticdsCoFlQBsIvxsmBFpGW PIYN3HqTrNR21oUy1jcoIZKufgwmg3iGUP6LeoRSUbBq/8HdHhwgbi6mjS10egTlgIaz8K0pRJo 4Y2uKnO2GWHBkH6ui1HQQ+rOD9luEdaRJYLmDc/h3Lz+MWRF8MWjFy/OmRMT4f5hXp+3dlqDtdK 2ZBh9vaGI3J5bWKAbXqzmTwoHllzmMK/tcKkK94IJoTdi1k8wNElntPk4n2ib4/1GRQdFfcx X-Google-Smtp-Source: AGHT+IG+8s0L/oi06EHn+wL84h0U+td/Robp+n8yniJ6k2Q2Lg7w/exK1/FHOA6bOcTWd7r2zAlfdkALpj1m X-Received: by 2002:a05:690c:f90:b0:773:a86d:766c with SMTP id 00721157ae682-773a86d7d20mr11256447b3.44.1758952505715; Fri, 26 Sep 2025 22:55:05 -0700 (PDT) Received: from postal.iol.unh.edu (postal.iol.unh.edu. [132.177.123.84]) by smtp-relay.gmail.com with ESMTPS id 956f58d0204a3-6361e995ad8sm280044d50.19.2025.09.26.22.55.05 (version=TLS1_2 cipher=ECDHE-ECDSA-AES128-GCM-SHA256 bits=128/128); Fri, 26 Sep 2025 22:55:05 -0700 (PDT) X-Relaying-Domain: iol.unh.edu Date: Fri, 26 Sep 2025 22:55:05 -0700 (PDT) Message-ID: <68d77c39.530a0220.1670de.0581SMTPIN_ADDED_MISSING@mx.google.com> Received: from [172.21.0.3] (unknown [172.18.0.240]) by postal.iol.unh.edu (Postfix) with ESMTP id 629B76051830; Sat, 27 Sep 2025 01:55:05 -0400 (EDT) Subject: |FAILURE| [GIT MASTER] 62f583c49bf67dd4d6733ece14e55fe6839e66d1 From: dpdklab@iol.unh.edu To: Test Report Cc: dpdk-test-reports@iol.unh.edu, Xueming Li , Christian Ehrhardt , Kevin Traynor , Luca Boccassi Content-Type: text/plain X-BeenThere: test-report@dpdk.org X-Mailman-Version: 2.1.29 Precedence: list List-Id: automatic DPDK test reports List-Unsubscribe: , List-Archive: List-Post: List-Help: List-Subscribe: , Errors-To: test-report-bounces@dpdk.org _Testing issues_ Branch: tags/v23.11 62f583c49bf67dd4d6733ece14e55fe6839e66d1 --> testing issues Upstream job id: Generic-Unit-Test-DPDK#375725 Test environment and result as below: +-------------------------------+----------------+ | Environment | dpdk_unit_test | +===============================+================+ | CentOS Stream 10 | PASS | +-------------------------------+----------------+ | CentOS Stream 9 | PASS | +-------------------------------+----------------+ | Fedora Linux 41 | PASS | +-------------------------------+----------------+ | Debian GNU/Linux 12 | PASS | +-------------------------------+----------------+ | Fedora Linux 40 | PASS | +-------------------------------+----------------+ | Fedora Linux 42 | PASS | +-------------------------------+----------------+ | Ubuntu 24.04 | PASS | +-------------------------------+----------------+ | Ubuntu 20.04 | PASS | +-------------------------------+----------------+ | Ubuntu 22.04 | PASS | +-------------------------------+----------------+ | Red Hat Enterprise Linux 9.5 | PASS | +-------------------------------+----------------+ | Red Hat Enterprise Linux 8.10 | PASS | +-------------------------------+----------------+ | Windows Server 2022 | FAIL | +-------------------------------+----------------+ ==== Unit test summary for Windows Server 2022 (dpdk_unit_test): ==== Failed to get the unit test results. Displaying the unit test results is not supported for some environments, such as our aarch32 testing, where meson is not used to run the tests. Download the logs available on our CI site. ==== End log output ==== CentOS Stream 10 Kernel: 5.15 Compiler: gcc gcc (GCC) 14.2.1 20250110 (Red Hat 14.2.1-8) CentOS Stream 9 Kernel: 5.15 Compiler: gcc gcc (GCC) 11.5.0 20240719 (Red Hat 11.5.0-11) Fedora Linux 41 Kernel: 5.15 Compiler: gcc gcc (GCC) 14.3.1 20250523 (Red Hat 14.3.1-1) Debian GNU/Linux 12 Kernel: 5.15 Compiler: gcc gcc (Debian 12.2.0-14+deb12u1) 12.2.0 Fedora Linux 40 Kernel: 5.15 Compiler: gcc gcc (GCC) 14.2.1 20240912 (Red Hat 14.2.1-3) Fedora Linux 42 Kernel: 5.15 Compiler: gcc gcc (GCC) 15.2.1 20250808 (Red Hat 15.2.1-1) Ubuntu 24.04 Kernel: 5.15 Compiler: gcc gcc (Ubuntu 13.3.0-6ubuntu2~24.04) 13.3.0 Ubuntu 20.04 Kernel: 5.15 Compiler: gcc gcc (Ubuntu 9.4.0-1ubuntu1~20.04.2) 9.4.0 Ubuntu 22.04 Kernel: 5.15 Compiler: gcc gcc (Ubuntu 11.4.0-1ubuntu1~22.04) 11.4.0 Red Hat Enterprise Linux 9.5 Kernel: 5.15 Compiler: gcc gcc (GCC) 11.5.0 20240719 (Red Hat 11.5.0-2) Red Hat Enterprise Linux 8.10 Kernel: 5.15 Compiler: gcc gcc (GCC) 8.5.0 20210514 (Red Hat 8.5.0-22) Windows Server 2022 Kernel: 10.0.20348.2031 Compiler: clang 15.0.7, gcc 14.1.0 (MinGW), and MSVC VS 19.39.33521 To view detailed results, visit: https://lab.dpdk.org/results/dashboard/tarballs/35027/ UNH-IOL DPDK Community Lab To manage your email subscriptions, visit: https://lab.dpdk.org/results/dashboard/preferences/subscriptions/