From mboxrd@z Thu Jan 1 00:00:00 1970 Return-Path: Received: from mails.dpdk.org (mails.dpdk.org [217.70.189.124]) by inbox.dpdk.org (Postfix) with ESMTP id 0EB3C463F2 for ; Sun, 28 Sep 2025 06:50:13 +0200 (CEST) Received: from mails.dpdk.org (localhost [127.0.0.1]) by mails.dpdk.org (Postfix) with ESMTP id E40FE402EA; Sun, 28 Sep 2025 06:50:12 +0200 (CEST) Received: from mail-io1-f98.google.com (mail-io1-f98.google.com [209.85.166.98]) by mails.dpdk.org (Postfix) with ESMTP id 75858402EA for ; Sun, 28 Sep 2025 06:50:11 +0200 (CEST) Received: by mail-io1-f98.google.com with SMTP id ca18e2360f4ac-88703c873d5so132205639f.3 for ; Sat, 27 Sep 2025 21:50:11 -0700 (PDT) DKIM-Signature: v=1; a=rsa-sha256; c=relaxed/relaxed; d=iol.unh.edu; s=unh-iol; t=1759035011; x=1759639811; darn=dpdk.org; h=cc:to:from:subject:message-id:date:from:to:cc:subject:date :message-id:reply-to; bh=F7su06oNJuSY7X0/o5qUPXMeSKfaBJsWcqBUrHcrBpU=; b=SPjxdMVihBYsRYuYXboWzEKFmy2q1cRzW2qT5DXsk8gowwIboT5Am/pdS0F9xDdXz5 BG2lWzGL//fJzbuScxFjvPswtoFAXT7OcQfYiP+8rYMcZubdfnWAUoSmgygGrKdYvv3c Vhu1wTWWm9hLkRpw6saH/sv74y4QLucLJI0CA= X-Google-DKIM-Signature: v=1; a=rsa-sha256; c=relaxed/relaxed; d=1e100.net; s=20230601; t=1759035011; x=1759639811; h=cc:to:from:subject:message-id:date:x-gm-message-state:from:to:cc :subject:date:message-id:reply-to; bh=F7su06oNJuSY7X0/o5qUPXMeSKfaBJsWcqBUrHcrBpU=; b=SY2XFgJ3UHx5HQMZYsDPmEPzQJZmM10XNqKfNspUdg3A/y4t4lVOY0d3ELKRlfQPA9 UxLAO1wS/oNmqIdWx6KVPO6fCSZOJkVbU4a2MtmahLp6gUM/rqoNiDfKFiY273HH6caz y2opBREoi6/Bn1dvDJAL6FnPHcer6GtubJhqbeHtreX/vFUFCgYGrrXB9/wqV8azAzyF jfAFIh3DlAMXkRO3aNsgQiBMSeAq8J+q/qRRip4lFgFjyt2Kb91gADsbH/QPXCK4wXzx O98N6fwfyT6ImX5jFIq96pOxirANqpdewuojrKcdbwIBMY8kogt6UyiH0za1wtytpPko vn/g== X-Gm-Message-State: AOJu0YxS9RixRG25rUFS8LSNqVFgZNBUGyNfr4e93fucEi0kxi0mYdhX 49sHDzWqo/eSmiLoFkeGCj0getwlHIgcE5bVcdRniSbU+B2XLsw+ZedtZVjY+j85arVtO/vshT3 G4lJe8eIUyqmuNE/gshagOS03ReEW2HIFx2hL X-Gm-Gg: ASbGncuDzMX3z40sbOKI64C6XAdiq0ToACRAgrT7tkrUiD4NI2ruWGBTWKNrXmZHf07 btKQH7zvDL1pu0xePdiZP+CakG6EGNpMwknq7C7Kr6jhBEEJu7IZZe6D9uofgX70sXM20pEOLPj dFJziXeTj2qfw0iVaVuQQ787h2m6E9nA04Tu+suHMKduDdGR6Z8j7mRPf6yCPEO8skbmReDOeYY cq6OVa5tIv2Rxgz1koRLpQCoT0tMFm7370ZMAaVrAgBLAHMezx2Mnui+lA05uESkUP8X+ZWPFBg 2BpwvR6qNH542LlKTlfSSDL5FoM074wD6AVLmhX0vhJGgXNIQKaKSBPcHhqNA1xZsIyFMN6/ X-Google-Smtp-Source: AGHT+IHL+pCNCnT8bPr5xmet6MFSBox8HMPKMF77oRmf/NABWrcXdP8xIl8Ei3NZBfysNwPbEgqKDCwFMZkE X-Received: by 2002:a05:6e02:450e:b0:425:7974:fe38 with SMTP id e9e14a558f8ab-425956237d9mr149973595ab.20.1759035010731; Sat, 27 Sep 2025 21:50:10 -0700 (PDT) Received: from postal.iol.unh.edu (postal.iol.unh.edu. [132.177.123.84]) by smtp-relay.gmail.com with ESMTPS id 8926c6da1cb9f-56a6a5afa4csm458773173.35.2025.09.27.21.50.10 (version=TLS1_2 cipher=ECDHE-ECDSA-AES128-GCM-SHA256 bits=128/128); Sat, 27 Sep 2025 21:50:10 -0700 (PDT) X-Relaying-Domain: iol.unh.edu Date: Sat, 27 Sep 2025 21:50:10 -0700 (PDT) Message-ID: <68d8be82.050a0220.387de0.afc6SMTPIN_ADDED_MISSING@mx.google.com> Received: from [172.21.0.2] (unknown [172.18.0.240]) by postal.iol.unh.edu (Postfix) with ESMTP id 218AC60003E8; Sun, 28 Sep 2025 00:50:10 -0400 (EDT) Subject: |FAILURE| [GIT MASTER] 62f583c49bf67dd4d6733ece14e55fe6839e66d1 From: dpdklab@iol.unh.edu To: Test Report Cc: dpdk-test-reports@iol.unh.edu, Xueming Li , Christian Ehrhardt , Kevin Traynor , Luca Boccassi Content-Type: text/plain X-BeenThere: test-report@dpdk.org X-Mailman-Version: 2.1.29 Precedence: list List-Id: automatic DPDK test reports List-Unsubscribe: , List-Archive: List-Post: List-Help: List-Subscribe: , Errors-To: test-report-bounces@dpdk.org _Testing issues_ Branch: tags/v23.11 62f583c49bf67dd4d6733ece14e55fe6839e66d1 --> testing issues Upstream job id: Generic-Unit-Test-DPDK#375845 Test environment and result as below: +-------------------------------+----------------+ | Environment | dpdk_unit_test | +===============================+================+ | CentOS Stream 9 | PASS | +-------------------------------+----------------+ | Fedora Linux 40 | PASS | +-------------------------------+----------------+ | CentOS Stream 10 | PASS | +-------------------------------+----------------+ | Fedora Linux 41 | PASS | +-------------------------------+----------------+ | Debian GNU/Linux 12 | PASS | +-------------------------------+----------------+ | Ubuntu 24.04 | PASS | +-------------------------------+----------------+ | Fedora Linux 42 | PASS | +-------------------------------+----------------+ | Ubuntu 20.04 | PASS | +-------------------------------+----------------+ | Ubuntu 22.04 | PASS | +-------------------------------+----------------+ | Red Hat Enterprise Linux 9.5 | PASS | +-------------------------------+----------------+ | Red Hat Enterprise Linux 8.10 | PASS | +-------------------------------+----------------+ | Windows Server 2022 | FAIL | +-------------------------------+----------------+ ==== Unit test summary for Windows Server 2022 (dpdk_unit_test): ==== Failed to get the unit test results. Displaying the unit test results is not supported for some environments, such as our aarch32 testing, where meson is not used to run the tests. Download the logs available on our CI site. ==== End log output ==== CentOS Stream 9 Kernel: 5.15 Compiler: gcc gcc (GCC) 11.5.0 20240719 (Red Hat 11.5.0-11) Fedora Linux 40 Kernel: 5.15 Compiler: gcc gcc (GCC) 14.2.1 20240912 (Red Hat 14.2.1-3) CentOS Stream 10 Kernel: 5.15 Compiler: gcc gcc (GCC) 14.2.1 20250110 (Red Hat 14.2.1-8) Fedora Linux 41 Kernel: 5.15 Compiler: clang gcc (GCC) 14.3.1 20250523 (Red Hat 14.3.1-1) Debian GNU/Linux 12 Kernel: 5.15 Compiler: gcc gcc (Debian 12.2.0-14+deb12u1) 12.2.0 Ubuntu 24.04 Kernel: 5.15 Compiler: gcc gcc (Ubuntu 13.3.0-6ubuntu2~24.04) 13.3.0 Fedora Linux 42 Kernel: 5.15 Compiler: gcc gcc (GCC) 15.2.1 20250808 (Red Hat 15.2.1-1) Ubuntu 20.04 Kernel: 5.15 Compiler: gcc gcc (Ubuntu 9.4.0-1ubuntu1~20.04.2) 9.4.0 Ubuntu 22.04 Kernel: 5.15 Compiler: gcc gcc (Ubuntu 11.4.0-1ubuntu1~22.04) 11.4.0 Red Hat Enterprise Linux 9.5 Kernel: 5.15 Compiler: gcc gcc (GCC) 11.5.0 20240719 (Red Hat 11.5.0-2) Red Hat Enterprise Linux 8.10 Kernel: 5.15 Compiler: gcc gcc (GCC) 8.5.0 20210514 (Red Hat 8.5.0-22) Windows Server 2022 Kernel: 10.0.20348.2031 Compiler: clang 15.0.7, gcc 14.1.0 (MinGW), and MSVC VS 19.39.33521 To view detailed results, visit: https://lab.dpdk.org/results/dashboard/tarballs/35032/ UNH-IOL DPDK Community Lab To manage your email subscriptions, visit: https://lab.dpdk.org/results/dashboard/preferences/subscriptions/