From mboxrd@z Thu Jan 1 00:00:00 1970 Return-Path: Received: from mails.dpdk.org (mails.dpdk.org [217.70.189.124]) by inbox.dpdk.org (Postfix) with ESMTP id 1548E48853 for ; Sun, 28 Sep 2025 13:22:12 +0200 (CEST) Received: from mails.dpdk.org (localhost [127.0.0.1]) by mails.dpdk.org (Postfix) with ESMTP id E71C440144; Sun, 28 Sep 2025 13:22:11 +0200 (CEST) Received: from mail-oa1-f97.google.com (mail-oa1-f97.google.com [209.85.160.97]) by mails.dpdk.org (Postfix) with ESMTP id 4A9BE40144 for ; Sun, 28 Sep 2025 13:22:10 +0200 (CEST) Received: by mail-oa1-f97.google.com with SMTP id 586e51a60fabf-3627a1979a0so3150277fac.1 for ; Sun, 28 Sep 2025 04:22:10 -0700 (PDT) DKIM-Signature: v=1; a=rsa-sha256; c=relaxed/relaxed; d=iol.unh.edu; s=unh-iol; t=1759058529; x=1759663329; darn=dpdk.org; h=cc:to:from:subject:message-id:date:from:to:cc:subject:date :message-id:reply-to; bh=WhaWu0vcOCJZqIwYtVVOelNngd1LXo4WOV0pxLq/fwc=; b=eAkFUn/2j/C6NINt5OSItAUJMMvCsD2pKRc7x29wSF2Ccu3DccgnIUdRHQdnXM/eO0 d6iAcVhWyLX4LBJQKG3JZt8a36JCYf1UtRyynkC0fHkHU09q+D04rbeI3DJZI0D3ukxk 6ISSyoujJjw3oc2Moj5b7CPmUpOovGDLEmg0c= X-Google-DKIM-Signature: v=1; a=rsa-sha256; c=relaxed/relaxed; d=1e100.net; s=20230601; t=1759058529; x=1759663329; h=cc:to:from:subject:message-id:date:x-gm-message-state:from:to:cc :subject:date:message-id:reply-to; bh=WhaWu0vcOCJZqIwYtVVOelNngd1LXo4WOV0pxLq/fwc=; b=bykoy3mUw5iLxs4ooogNBt2ZQZqgX3wm639d84n81lnni4U/i/PeEItH6GX4mtBA3y 55khd0eu4f2Psre7hzLkqaRie9c/Xt38FeOXrXp6cIb2SUD8onx8jW/3L9FJ+0tjPoQh J+O8auIBSUciLU+XiHEmScJeP//pXr1Y2pkv2rBQxFvAq2LOb3/9e1aKNJsbng+CxOex UutMGBNIe9/wCSbf8wWlQA4316HJzlIkIWfwrxgrCo9Srmcgydzl0SBj3XXT4gEGfd3e LqIYGh5WYKwQB6y3CNsxNMdwBbv/DgAYmiT823N4xd59KcBVxWLLOb5FWIgo5q9DahQ2 pYPA== X-Gm-Message-State: AOJu0Yx0sT/RO+ANxUXzRmz0wvuuR8LrNx08BQLQ0EuWVtMEHVd1XVGh cnE31YuRX8449lqq/GG5CV1dnV3SGOkJeF5f76w+v19UF9tgPvxC97oKRGuq5zvD/qYlyRkmY2p UsLipMIoggV+USG169sbIm5YOcIYPDkSzgBwKbq/KlaPa X-Gm-Gg: ASbGnctiOZf83gWVdVpnlE2A3rZvh+LoLwDiwv8Ks9ljrni6hTt8+icO9U5REBsSRD2 3PK95Y5OBk/8u0BaZb1VR8Wrpqv4QugUu7c4ExAkUwbPqOgpQTk5nx5OO2Y9Fhr8smaGKohhOjA bfP80kJT6UqS6dvazL49l8eZSLVibxmE8DD3bGKiTRX4BrXMYJQvu4CTamS657S6cDM44LQERM/ suHYNW61/S1iCkspld6raNZzG2WzSsbzlFg7pKDlAwegs+bDF3O5FINnNtg3geNCuzCY4eHiKwG VGy+ZycZNQvdyQfBMpFCIzWpUPqYByrf+jTrXXEar92qMoU7ZjtKvrsMYkrRt/ReQsiZ9Cu8 X-Google-Smtp-Source: AGHT+IFY97PKOqNExiTB8V8Ldxsj0hZCs/a6wrSw+akGQjJc0cbrKrnazoLHUUH7I0nD01R4FCJzPwGU3YZK X-Received: by 2002:a05:6870:a982:b0:347:4622:7416 with SMTP id 586e51a60fabf-35eebda524cmr7875226fac.44.1759058529054; Sun, 28 Sep 2025 04:22:09 -0700 (PDT) Received: from postal.iol.unh.edu (postal.iol.unh.edu. [132.177.123.84]) by smtp-relay.gmail.com with ESMTPS id 586e51a60fabf-363b49ab5d9sm726925fac.17.2025.09.28.04.22.08 (version=TLS1_2 cipher=ECDHE-ECDSA-AES128-GCM-SHA256 bits=128/128); Sun, 28 Sep 2025 04:22:09 -0700 (PDT) X-Relaying-Domain: iol.unh.edu Date: Sun, 28 Sep 2025 04:22:09 -0700 (PDT) Message-ID: <68d91a61.050a0220.b0a56.da31SMTPIN_ADDED_MISSING@mx.google.com> Received: from [172.21.0.2] (unknown [172.18.0.240]) by postal.iol.unh.edu (Postfix) with ESMTP id 1EEED6051830; Sun, 28 Sep 2025 07:22:08 -0400 (EDT) Subject: |FAILURE| [GIT MASTER] ab1325719d538b7f3527bb603f5e7d3f46a5eb53 From: dpdklab@iol.unh.edu To: Test Report Cc: dpdk-test-reports@iol.unh.edu, Bruce Richardson Content-Type: text/plain X-BeenThere: test-report@dpdk.org X-Mailman-Version: 2.1.29 Precedence: list List-Id: automatic DPDK test reports List-Unsubscribe: , List-Archive: List-Post: List-Help: List-Subscribe: , Errors-To: test-report-bounces@dpdk.org _Testing issues_ Branch: dpdk-next-net-intel ab1325719d538b7f3527bb603f5e7d3f46a5eb53 --> testing issues Upstream job id: Generic-Unit-Test-DPDK#375927 Test environment and result as below: +-------------------------------+----------------+ | Environment | dpdk_unit_test | +===============================+================+ | Ubuntu 20.04 | PASS | +-------------------------------+----------------+ | Fedora Linux 40 | PASS | +-------------------------------+----------------+ | Fedora Linux 41 | PEND | +-------------------------------+----------------+ | Fedora Linux 42 | PEND | +-------------------------------+----------------+ | Ubuntu 24.04 | PASS | +-------------------------------+----------------+ | Ubuntu 22.04 | FAIL | +-------------------------------+----------------+ | Debian GNU/Linux 12 | PASS | +-------------------------------+----------------+ | CentOS Stream 9 | PEND | +-------------------------------+----------------+ | Red Hat Enterprise Linux 8.10 | PEND | +-------------------------------+----------------+ | CentOS Stream 10 | PEND | +-------------------------------+----------------+ | Red Hat Enterprise Linux 9.5 | PEND | +-------------------------------+----------------+ | Windows Server 2022 | PEND | +-------------------------------+----------------+ ==== Unit test summary for Ubuntu 22.04 (dpdk_unit_test): ==== ninja: Entering directory `/root/workspace/Generic-Unit-Test-DPDK/dpdk/build' ninja: no work to do. 1/120 DPDK:fast-tests / acl_autotest OK 5.38s 2/120 DPDK:fast-tests / alarm_autotest OK 1.70s 3/120 DPDK:fast-tests / argparse_autotest OK 0.38s 4/120 DPDK:fast-tests / atomic_autotest OK 0.64s 5/120 DPDK:fast-tests / bitcount_autotest OK 0.24s 6/120 DPDK:fast-tests / bitmap_autotest OK 0.31s 7/120 DPDK:fast-tests / bitops_autotest OK 1.91s 8/120 DPDK:fast-tests / bitratestats_autotest OK 0.19s 9/120 DPDK:fast-tests / bitset_autotest OK 2.61s 10/120 DPDK:fast-tests / bpf_autotest OK 0.21s 11/120 DPDK:fast-tests / bpf_convert_autotest OK 0.35s 12/120 DPDK:fast-tests / byteorder_autotest OK 0.19s 13/120 DPDK:fast-tests / cfgfile_autotest OK 0.30s 14/120 DPDK:fast-tests / cksum_autotest OK 0.29s 15/120 DPDK:fast-tests / cmdline_autotest OK 0.17s 16/120 DPDK:fast-tests / common_autotest OK 0.49s 17/120 DPDK:fast-tests / compressdev_autotest SKIP 0.59s exit status 77 18/120 DPDK:fast-tests / cpuflags_autotest OK 0.23s 19/120 DPDK:fast-tests / crc_autotest OK 0.26s 20/120 DPDK:fast-tests / user_delay_us OK 0.31s 21/120 DPDK:fast-tests / debug_autotest OK 0.52s 22/120 DPDK:fast-tests / devargs_autotest OK 0.31s 23/120 DPDK:fast-tests / dispatcher_autotest SKIP 0.18s exit status 77 24/120 DPDK:fast-tests / distributor_autotest OK 2.00s 25/120 DPDK:fast-tests / eal_flags_c_opt_autotest OK 2.39s 26/120 DPDK:fast-tests / eal_flags_main_opt_autotest OK 1.02s 27/120 DPDK:fast-tests / eal_flags_n_opt_autotest OK 1.14s 28/120 DPDK:fast-tests / eal_flags_hpet_autotest OK 0.94s 29/120 DPDK:fast-tests / eal_flags_no_huge_autotest OK 1.46s 30/120 DPDK:fast-tests / eal_flags_a_opt_autotest OK 0.69s 31/120 DPDK:fast-tests / eal_flags_b_opt_autotest OK 1.53s 32/120 DPDK:fast-tests / eal_flags_vdev_opt_autotest OK 1.24s 33/120 DPDK:fast-tests / eal_flags_r_opt_autotest OK 0.88s 34/120 DPDK:fast-tests / eal_flags_mem_autotest OK 1.31s 35/120 DPDK:fast-tests / eal_flags_file_prefix_autotest OK 3.76s 36/120 DPDK:fast-tests / eal_flags_misc_autotest OK 2.96s 37/120 DPDK:fast-tests / eal_fs_autotest OK 0.18s 38/120 DPDK:fast-tests / errno_autotest OK 0.64s 39/120 DPDK:fast-tests / ethdev_link_status OK 0.27s 40/120 DPDK:fast-tests / event_eth_tx_adapter_autotest OK 1.68s 41/120 DPDK:fast-tests / event_ring_autotest OK 0.20s 42/120 DPDK:fast-tests / eventdev_common_autotest OK 0.19s 43/120 DPDK:fast-tests / eventdev_selftest_sw OK 0.60s 44/120 DPDK:fast-tests / fbarray_autotest OK 0.63s 45/120 DPDK:fast-tests / fib_autotest OK 1.51s 46/120 DPDK:fast-tests / fib6_autotest OK 1.30s 47/120 DPDK:fast-tests / func_reentrancy_autotest OK 1.09s 48/120 DPDK:fast-tests / graph_autotest OK 0.21s 49/120 DPDK:fast-tests / node_list_dump OK 0.40s 50/120 DPDK:fast-tests / graph_feature_arc_autotest OK 0.18s 51/120 DPDK:fast-tests / hash_autotest OK 1.13s 52/120 DPDK:fast-tests / hash_readwrite_func_autotest SKIP 0.40s exit status 77 53/120 DPDK:fast-tests / interrupt_autotest OK 1.54s 54/120 DPDK:fast-tests / ipfrag_autotest OK 0.22s 55/120 DPDK:fast-tests / ipsec_autotest SKIP 0.98s exit status 77 56/120 DPDK:fast-tests / kvargs_autotest OK 0.59s 57/120 DPDK:fast-tests / latencystats_autotest OK 0.43s 58/120 DPDK:fast-tests / lcore_var_autotest OK 0.76s 59/120 DPDK:fast-tests / lcores_autotest OK 70.15s 60/120 DPDK:fast-tests / logs_autotest OK 0.62s 61/120 DPDK:fast-tests / lpm_autotest OK 5.29s 62/120 DPDK:fast-tests / lpm6_autotest OK 13.33s 63/120 DPDK:fast-tests / malloc_autotest OK 0.66s 64/120 DPDK:fast-tests / mbuf_autotest OK 1.14s 65/120 DPDK:fast-tests / mcslock_autotest OK 1.62s 66/120 DPDK:fast-tests / member_autotest OK 3.18s 67/120 DPDK:fast-tests / memcpy_autotest OK 5.76s 68/120 DPDK:fast-tests / memory_autotest OK 0.16s 69/120 DPDK:fast-tests / mempool_autotest OK 0.71s 70/120 DPDK:fast-tests / memzone_autotest OK 0.35s 71/120 DPDK:fast-tests / meter_autotest OK 0.33s 72/120 DPDK:fast-tests / metrics_autotest OK 0.51s 73/120 DPDK:fast-tests / multiprocess_autotest OK 0.33s 74/120 DPDK:fast-tests / net_ether_autotest OK 0.73s 75/120 DPDK:fast-tests / net_ipv6_autotest OK 0.21s 76/120 DPDK:fast-tests / pcapng_autotest OK 8.74s 77/120 DPDK:fast-tests / pdcp_autotest SKIP 0.14s exit status 77 78/120 DPDK:fast-tests / pdump_autotest OK 0.33s 79/120 DPDK:fast-tests / per_lcore_autotest OK 0.38s 80/120 DPDK:fast-tests / pflock_autotest OK 0.61s 81/120 DPDK:fast-tests / pie_autotest OK 0.21s 82/120 DPDK:fast-tests / ring_pmd_autotest OK 0.34s 83/120 DPDK:fast-tests / power_autotest OK 0.84s 84/120 DPDK:fast-tests / power_cpufreq_autotest SKIP 0.16s exit status 77 85/120 DPDK:fast-tests / power_intel_uncore_autotest SKIP 0.20s exit status 77 86/120 DPDK:fast-tests / power_kvm_vm_autotest SKIP 0.82s exit status 77 87/120 DPDK:fast-tests / prefetch_autotest OK 0.43s 88/120 DPDK:fast-tests / ptr_compress_autotest OK 0.37s 89/120 DPDK:fast-tests / rawdev_autotest OK 0.41s 90/120 DPDK:fast-tests / rcu_qsbr_autotest OK 0.42s 91/120 DPDK:fast-tests / reorder_autotest OK 0.60s 92/120 DPDK:fast-tests / rib_autotest OK 13.15s 93/120 DPDK:fast-tests / rib6_autotest OK 14.98s 94/120 DPDK:fast-tests / ring_autotest OK 0.51s 95/120 DPDK:fast-tests / rwlock_test1_autotest OK 0.49s 96/120 DPDK:fast-tests / rwlock_rda_autotest OK 5.86s 97/120 DPDK:fast-tests / rwlock_rds_wrm_autotest OK 5.41s 98/120 DPDK:fast-tests / rwlock_rde_wro_autotest OK 5.63s 99/120 DPDK:fast-tests / sched_autotest OK 0.20s 100/120 DPDK:fast-tests / security_autotest OK 0.78s 101/120 DPDK:fast-tests / seqlock_autotest SKIP 0.19s exit status 77 102/120 DPDK:fast-tests / service_autotest OK 0.47s 103/120 DPDK:fast-tests / soring_autotest OK 0.19s 104/120 DPDK:fast-tests / spinlock_autotest OK 0.20s 105/120 DPDK:fast-tests / stack_autotest OK 0.56s 106/120 DPDK:fast-tests / stack_lf_autotest OK 1.78s 107/120 DPDK:fast-tests / string_autotest OK 0.24s 108/120 DPDK:fast-tests / table_autotest OK 19.66s 109/120 DPDK:fast-tests / tailq_autotest OK 0.41s 110/120 DPDK:fast-tests / telemetry_data_autotest OK 0.56s 111/120 DPDK:fast-tests / telemetry_json_autotest OK 0.35s 112/120 DPDK:fast-tests / thash_autotest OK 0.21s 113/120 DPDK:fast-tests / threads_autotest OK 1.13s 114/120 DPDK:fast-tests / ticketlock_autotest OK 0.49s 115/120 DPDK:fast-tests / timer_autotest TIMEOUT 600.14s killed by signal 15 SIGTERM >>> DPDK_TEST=timer_autotest MALLOC_PERTURB_=168 /root/workspace/Generic-Unit-Test-DPDK/dpdk/build/app/dpdk-test 116/120 DPDK:fast-tests / trace_autotest OK 0.19s 117/120 DPDK:fast-tests / trace_autotest_with_traces OK 0.20s 118/120 DPDK:fast-tests / vdev_autotest OK 0.18s 119/120 DPDK:fast-tests / version_autotest OK 0.18s 120/120 DPDK:fast-tests / telemetry_all OK 20.97s Ok: 110 Expected Fail: 0 Fail: 0 Unexpected Pass: 0 Skipped: 9 Timeout: 1 Full log written to /root/workspace/Generic-Unit-Test-DPDK/dpdk/build/meson-logs/testlog.txt ==== End log output ==== Ubuntu 20.04 Kernel: 5.15 Compiler: gcc gcc (Ubuntu 9.4.0-1ubuntu1~20.04.2) 9.4.0 Fedora Linux 40 Kernel: 5.15 Compiler: gcc gcc (GCC) 14.2.1 20240912 (Red Hat 14.2.1-3) Fedora Linux 41 Kernel: 5.15 Compiler: gcc gcc (GCC) 14.3.1 20250523 (Red Hat 14.3.1-1) Fedora Linux 42 Kernel: 5.15 Compiler: gcc gcc (GCC) 15.2.1 20250808 (Red Hat 15.2.1-1) Ubuntu 24.04 Kernel: 5.15 Compiler: gcc gcc (Ubuntu 13.3.0-6ubuntu2~24.04) 13.3.0 Ubuntu 22.04 Kernel: 5.15 Compiler: gcc gcc (Ubuntu 11.4.0-1ubuntu1~22.04) 11.4.0 Debian GNU/Linux 12 Kernel: 5.15 Compiler: gcc gcc (Debian 12.2.0-14+deb12u1) 12.2.0 CentOS Stream 9 Kernel: 5.15 Compiler: gcc gcc (GCC) 11.5.0 20240719 (Red Hat 11.5.0-11) Red Hat Enterprise Linux 8.10 Kernel: 5.15 Compiler: gcc gcc (GCC) 8.5.0 20210514 (Red Hat 8.5.0-22) CentOS Stream 10 Kernel: 5.15 Compiler: gcc gcc (GCC) 14.2.1 20250110 (Red Hat 14.2.1-8) Red Hat Enterprise Linux 9.5 Kernel: 5.15 Compiler: gcc gcc (GCC) 11.5.0 20240719 (Red Hat 11.5.0-2) Windows Server 2022 Kernel: 10.0.20348.2031 Compiler: clang 15.0.7, gcc 14.1.0 (MinGW), and MSVC VS 19.39.33521 To view detailed results, visit: https://lab.dpdk.org/results/dashboard/tarballs/35034/ UNH-IOL DPDK Community Lab To manage your email subscriptions, visit: https://lab.dpdk.org/results/dashboard/preferences/subscriptions/