From mboxrd@z Thu Jan 1 00:00:00 1970 Return-Path: Received: from mails.dpdk.org (mails.dpdk.org [217.70.189.124]) by inbox.dpdk.org (Postfix) with ESMTP id 305574885B for ; Mon, 29 Sep 2025 07:48:14 +0200 (CEST) Received: from mails.dpdk.org (localhost [127.0.0.1]) by mails.dpdk.org (Postfix) with ESMTP id 135F5402E5; Mon, 29 Sep 2025 07:48:14 +0200 (CEST) Received: from mail-ua1-f99.google.com (mail-ua1-f99.google.com [209.85.222.99]) by mails.dpdk.org (Postfix) with ESMTP id 08526402E5 for ; Mon, 29 Sep 2025 07:48:13 +0200 (CEST) Received: by mail-ua1-f99.google.com with SMTP id a1e0cc1a2514c-8943501ba3dso2140963241.3 for ; Sun, 28 Sep 2025 22:48:12 -0700 (PDT) DKIM-Signature: v=1; a=rsa-sha256; c=relaxed/relaxed; d=iol.unh.edu; s=unh-iol; t=1759124892; x=1759729692; darn=dpdk.org; h=cc:to:from:subject:message-id:date:from:to:cc:subject:date :message-id:reply-to; bh=1yfbWk4uzTJyr6aHW9ppylrCh/qwsRsYdYmjqZVaQ3E=; b=Dc38EuaowrM1jn/Jbh2+MlnzXIY1H9GotExjguoEd/KlbwrhNFChUwz0WL9XaK1VtN ePCnIRDfeCj6u6GVHJTJ9rlYv2n6q5N6CiJ2/poabmc8zXQOiv1dooxD94/Dq5dQGtE/ Z/hUVf2EeY5Lq6bSHfRFdvHKuZJWkQ/fkKSCY= X-Google-DKIM-Signature: v=1; a=rsa-sha256; c=relaxed/relaxed; d=1e100.net; s=20230601; t=1759124892; x=1759729692; h=cc:to:from:subject:message-id:date:x-gm-message-state:from:to:cc :subject:date:message-id:reply-to; bh=1yfbWk4uzTJyr6aHW9ppylrCh/qwsRsYdYmjqZVaQ3E=; b=Lh22nVzrOFyUIMTp1lWzUqNtebdjUVFjySS0e2IuKS3gc/N3nxri9TS4Sm/qs36ctr 13+x50Xqy9oVZ4921+COv43JZECi0WBxiDL1SYZ+Ki7R9sOvFD1ASnsUFx73C7EWgY0w H97efXPDcffaz0DjJDw5h3e8qFcAWmPCqXow0YZ7ok01GZqbmNDFQg/DNSfYuF/2ECdY t/m55dYlhQRBiZeKJPpo4zspF3gz+36PQLeAUBHhGGYKf2FhB9JmjUCNw5l92KxbS72N W0+GZFpnbCh4RQz7jK83GVbSfDxlaAnRkkFCuGJQ7/jL1XcktmmCMu+B4u6TT0TDN7s7 yRGg== X-Gm-Message-State: AOJu0YxSBKNWf9OJUy90RIyX1W1K3+m7BrgbUvvUyQRtcsc/3ZVTT2a9 x9hPShsWmWXOQHPHZ2n/JxXEBjPX62CfaR05hE8+7BoJHtYjX5zMorbX12iDJ6YzQqsV0z7ZJ5z 9wtMPZc2Yu2/0+BDNd56n19Cuv5DUdEzPpQBrNTab99VazRTe9Ncd X-Gm-Gg: ASbGnct/M7AEOVchWPiYl3/IkziTC51wylmdmPawqfk1DF6EPa4+euaw9HAwGEbVJlF Jf2t112J1nevV+hOs4BVifBEKAH8XLcYBkpWNbxOAiGCfxaHxRjcruXt5xRLr1mW9758FjQ7cqW a/5e+RY0RsE4WnnV6m4gXxswTY5x9SPdrT5JI9UlzICdaI2agTJ9VtnCWFsgBTdBMWqyc5gOFoe 4X7b+GRR4a3sSfQlZr62m4Xm3cVYwYbfihNTBzZazB/S+gZKPjJrPu9YRckQqSU5fvSVkNDuQxo ya1bAtv/DtLHZu1TzA71dSFNTwW938RF97oHUrEKYhTTvjSzLg== X-Google-Smtp-Source: AGHT+IHmpIjP5GQu83msLjMD3dOqy5YxRX+geHG+YfToap1PnxDsLNECRcGbENe0iDvzD5g8P3NqNYlgksQD X-Received: by 2002:a05:6102:370a:b0:4f1:37f4:8c32 with SMTP id ada2fe7eead31-5accd5f0ba0mr7200833137.11.1759124892334; Sun, 28 Sep 2025 22:48:12 -0700 (PDT) Received: from postal.iol.unh.edu (postal.iol.unh.edu. [2606:4100:3880:1234::84]) by smtp-relay.gmail.com with ESMTPS id ada2fe7eead31-5ae302f2b7csm855101137.1.2025.09.28.22.48.12 (version=TLS1_2 cipher=ECDHE-ECDSA-AES128-GCM-SHA256 bits=128/128); Sun, 28 Sep 2025 22:48:12 -0700 (PDT) X-Relaying-Domain: iol.unh.edu Date: Sun, 28 Sep 2025 22:48:12 -0700 (PDT) Message-ID: <68da1d9c.050a0220.16637c.3c7bSMTPIN_ADDED_MISSING@mx.google.com> Received: from [172.21.0.2] (unknown [172.18.0.240]) by postal.iol.unh.edu (Postfix) with ESMTP id 105786051830; Mon, 29 Sep 2025 01:48:12 -0400 (EDT) Subject: |FAILURE| [GIT MASTER] 62f583c49bf67dd4d6733ece14e55fe6839e66d1 From: dpdklab@iol.unh.edu To: Test Report Cc: dpdk-test-reports@iol.unh.edu, Xueming Li , Christian Ehrhardt , Kevin Traynor , Luca Boccassi Content-Type: text/plain X-BeenThere: test-report@dpdk.org X-Mailman-Version: 2.1.29 Precedence: list List-Id: automatic DPDK test reports List-Unsubscribe: , List-Archive: List-Post: List-Help: List-Subscribe: , Errors-To: test-report-bounces@dpdk.org _Testing issues_ Branch: tags/v23.11 62f583c49bf67dd4d6733ece14e55fe6839e66d1 --> testing issues Upstream job id: Generic-Unit-Test-DPDK#376040 Test environment and result as below: +-------------------------------+----------------+ | Environment | dpdk_unit_test | +===============================+================+ | Fedora Linux 41 | PASS | +-------------------------------+----------------+ | Red Hat Enterprise Linux 9.5 | PASS | +-------------------------------+----------------+ | CentOS Stream 10 | PASS | +-------------------------------+----------------+ | Ubuntu 22.04 | PASS | +-------------------------------+----------------+ | Debian GNU/Linux 12 | PASS | +-------------------------------+----------------+ | Fedora Linux 40 | PASS | +-------------------------------+----------------+ | CentOS Stream 9 | PASS | +-------------------------------+----------------+ | Ubuntu 20.04 | PASS | +-------------------------------+----------------+ | Fedora Linux 42 | PASS | +-------------------------------+----------------+ | Ubuntu 24.04 | PASS | +-------------------------------+----------------+ | Red Hat Enterprise Linux 8.10 | PASS | +-------------------------------+----------------+ | Windows Server 2022 | FAIL | +-------------------------------+----------------+ ==== Unit test summary for Windows Server 2022 (dpdk_unit_test): ==== Failed to get the unit test results. Displaying the unit test results is not supported for some environments, such as our aarch32 testing, where meson is not used to run the tests. Download the logs available on our CI site. ==== End log output ==== Fedora Linux 41 Kernel: 5.15 Compiler: gcc gcc (GCC) 14.3.1 20250523 (Red Hat 14.3.1-1) Red Hat Enterprise Linux 9.5 Kernel: 5.15 Compiler: gcc gcc (GCC) 11.5.0 20240719 (Red Hat 11.5.0-2) CentOS Stream 10 Kernel: 5.15 Compiler: gcc gcc (GCC) 14.2.1 20250110 (Red Hat 14.2.1-8) Ubuntu 22.04 Kernel: 5.15 Compiler: gcc gcc (Ubuntu 11.4.0-1ubuntu1~22.04) 11.4.0 Debian GNU/Linux 12 Kernel: 5.15 Compiler: gcc gcc (Debian 12.2.0-14+deb12u1) 12.2.0 Fedora Linux 40 Kernel: 5.15 Compiler: clang gcc (GCC) 14.2.1 20240912 (Red Hat 14.2.1-3) CentOS Stream 9 Kernel: 5.15 Compiler: gcc gcc (GCC) 11.5.0 20240719 (Red Hat 11.5.0-11) Ubuntu 20.04 Kernel: 5.15 Compiler: gcc gcc (Ubuntu 9.4.0-1ubuntu1~20.04.2) 9.4.0 Fedora Linux 42 Kernel: 5.15 Compiler: gcc gcc (GCC) 15.2.1 20250808 (Red Hat 15.2.1-1) Ubuntu 24.04 Kernel: 5.15 Compiler: gcc gcc (Ubuntu 13.3.0-6ubuntu2~24.04) 13.3.0 Red Hat Enterprise Linux 8.10 Kernel: 5.15 Compiler: gcc gcc (GCC) 8.5.0 20210514 (Red Hat 8.5.0-22) Windows Server 2022 Kernel: 10.0.20348.2031 Compiler: clang 15.0.7, gcc 14.1.0 (MinGW), and MSVC VS 19.39.33521 To view detailed results, visit: https://lab.dpdk.org/results/dashboard/tarballs/35037/ UNH-IOL DPDK Community Lab To manage your email subscriptions, visit: https://lab.dpdk.org/results/dashboard/preferences/subscriptions/