From mboxrd@z Thu Jan 1 00:00:00 1970 Return-Path: Received: from mails.dpdk.org (mails.dpdk.org [217.70.189.124]) by inbox.dpdk.org (Postfix) with ESMTP id 506484885F for ; Mon, 29 Sep 2025 08:08:17 +0200 (CEST) Received: from mails.dpdk.org (localhost [127.0.0.1]) by mails.dpdk.org (Postfix) with ESMTP id 4B8E6402D6; Mon, 29 Sep 2025 08:08:17 +0200 (CEST) Received: from mail-ua1-f100.google.com (mail-ua1-f100.google.com [209.85.222.100]) by mails.dpdk.org (Postfix) with ESMTP id 03672402D6 for ; Mon, 29 Sep 2025 08:08:16 +0200 (CEST) Received: by mail-ua1-f100.google.com with SMTP id a1e0cc1a2514c-8d02f793882so2719994241.2 for ; Sun, 28 Sep 2025 23:08:15 -0700 (PDT) DKIM-Signature: v=1; a=rsa-sha256; c=relaxed/relaxed; d=iol.unh.edu; s=unh-iol; t=1759126095; x=1759730895; darn=dpdk.org; h=cc:to:from:subject:message-id:date:from:to:cc:subject:date :message-id:reply-to; bh=A7O7rIhAWwLHslfUd/ae7oC2E6gwSOc/jlOK6lGYgyI=; b=jlWdjV2gg9hthxRruGkrAcN7uklII1gqk9G6XVVV44uhVy0ljxQOSyZ4LnYq/LQ6cv A1zi+H3roIk/IB8Vm1C/i6BXmeh0qatof1UzUx4fzjcKYEjlZdDiPz+0hinBBDOqL2GQ u1Iu4Snk2VpxtYRSh3JwLJw/hxc+ZwHl3/cmU= X-Google-DKIM-Signature: v=1; a=rsa-sha256; c=relaxed/relaxed; d=1e100.net; s=20230601; t=1759126095; x=1759730895; h=cc:to:from:subject:message-id:date:x-gm-message-state:from:to:cc :subject:date:message-id:reply-to; bh=A7O7rIhAWwLHslfUd/ae7oC2E6gwSOc/jlOK6lGYgyI=; b=GuszcWOmOWDJOh3ImxSrigAffILTxx6XevhE9484NSNvRqS8fiLN4yXQPLJXH4H7Bu fSf15Mbq2XtQXmZcein4hecaJ+zQZDGCiRhGKkiZzrUM+OGoX9PicxhEoe+DcoIrYFrl NZZnM8oQINZYJaFDIIbaAUmO7u32ZN4WiOjyU21KFmL4X1Z3Zr02Iz/k/MI2lnrNb8hx DiBJ9Dfbl0S4uPfzJRCNlZLOq7RQ4dP1pI+JiuwhVijnR46TF6FKxggLkoiasUXRtUeY NYv2bbkWdEHKJVD+cCiMBGSdHwSQJjFwQGetj61dKG7iVY71Mhyvcx7EIpSCRD6I98od cZXA== X-Gm-Message-State: AOJu0Yzu9tsa4Id2x26YC1WAJ+RgVus49KKCpjUJtAz43k98/bVgDn2V N366E6/hBtKP4tjqMj8EHAgMawALksU7jaOCyLQBHV22Tf9PNlydVahTJz63ORGi6OJUIgLoOF1 MqWi08xIDvHqhzi/vTSwsk/H4/br3m/m/D79w X-Gm-Gg: ASbGncvheAUUDVfQTC3VFJ6tBZzO306euGqcOUgS354JmgP23SYcRcnxznDo2g4bAR/ wnIO2HusLliIFBquxjm9ydvAvA+cZ/Sut+FwsDul+d9azKSUWQAPu/0V+uSYYci6cpAJfSHEOPc wZy1f5FubXl4ZJQMen+ex0brZ9t4V9+yhT3/H8q+unMSuj/sYxfgjME6kW+h6kAid0XpSYFzOBh qVFiLvpNqPoEqxXXClbZcVO9bTBXiQkHSihyFxJ1F7ti9jpOHq3dIWTbAIUwuwZEl1/KJO17Gmy aPQPysxJdDULC3OLX77QNYP2IRdFH78RhVgdMnxc6n1NGfHvVHMyzCzPE0Cfzxd5VK60RZN2 X-Google-Smtp-Source: AGHT+IEJPhGIwZgV6kbdcMxu4us8y79zYOCUJ84ggYwmI4xcEi9k+BpX9ZNbIzB8RMj0fAV7dGkaWGnCMDbA X-Received: by 2002:a05:6102:d8d:b0:522:db47:90ac with SMTP id ada2fe7eead31-5b281cdff4emr3889243137.6.1759126095346; Sun, 28 Sep 2025 23:08:15 -0700 (PDT) Received: from postal.iol.unh.edu (postal.iol.unh.edu. [132.177.123.84]) by smtp-relay.gmail.com with ESMTPS id ada2fe7eead31-5c49fe1d1d6sm294896137.3.2025.09.28.23.08.15 (version=TLS1_2 cipher=ECDHE-ECDSA-AES128-GCM-SHA256 bits=128/128); Sun, 28 Sep 2025 23:08:15 -0700 (PDT) X-Relaying-Domain: iol.unh.edu Date: Sun, 28 Sep 2025 23:08:15 -0700 (PDT) Message-ID: <68da224f.050a0220.b0bf.1fe5SMTPIN_ADDED_MISSING@mx.google.com> Received: from [172.21.0.5] (unknown [172.18.0.240]) by postal.iol.unh.edu (Postfix) with ESMTP id 03C6D6051830; Mon, 29 Sep 2025 02:08:15 -0400 (EDT) Subject: |FAILURE| [GIT MASTER] 62f583c49bf67dd4d6733ece14e55fe6839e66d1 From: dpdklab@iol.unh.edu To: Test Report Cc: dpdk-test-reports@iol.unh.edu, Xueming Li , Christian Ehrhardt , Kevin Traynor , Luca Boccassi Content-Type: text/plain X-BeenThere: test-report@dpdk.org X-Mailman-Version: 2.1.29 Precedence: list List-Id: automatic DPDK test reports List-Unsubscribe: , List-Archive: List-Post: List-Help: List-Subscribe: , Errors-To: test-report-bounces@dpdk.org _Testing issues_ Branch: tags/v23.11 62f583c49bf67dd4d6733ece14e55fe6839e66d1 --> testing issues Upstream job id: Generic-DPDK-Compile-Meson#429522 Test environment and result as below: +-------------------------------+--------------------+-------------------+------------------+-------------------+-------------------------+----------------------+ | Environment | dpdk_meson_compile | dpdk_compile_spdk | dpdk_compile_ovs | dpdk_msvc_compile | dpdk_llvm_clang_compile | dpdk_mingw64_compile | +===============================+====================+===================+==================+===================+=========================+======================+ | CentOS Stream 9 | PASS | PASS | SKIPPED | SKIPPED | SKIPPED | SKIPPED | +-------------------------------+--------------------+-------------------+------------------+-------------------+-------------------------+----------------------+ | CentOS Stream 10 | PASS | SKIPPED | SKIPPED | SKIPPED | SKIPPED | SKIPPED | +-------------------------------+--------------------+-------------------+------------------+-------------------+-------------------------+----------------------+ | Fedora Linux 42 | FAIL | WARN | WARN | SKIPPED | SKIPPED | SKIPPED | +-------------------------------+--------------------+-------------------+------------------+-------------------+-------------------------+----------------------+ | openSUSE Leap 15.6 | PASS | SKIPPED | SKIPPED | SKIPPED | SKIPPED | SKIPPED | +-------------------------------+--------------------+-------------------+------------------+-------------------+-------------------------+----------------------+ | Red Hat Enterprise Linux 8.10 | PASS | SKIPPED | SKIPPED | SKIPPED | SKIPPED | SKIPPED | +-------------------------------+--------------------+-------------------+------------------+-------------------+-------------------------+----------------------+ | Red Hat Enterprise Linux 9.5 | PASS | SKIPPED | SKIPPED | SKIPPED | SKIPPED | SKIPPED | +-------------------------------+--------------------+-------------------+------------------+-------------------+-------------------------+----------------------+ | Ubuntu 20.04 | PASS | SKIPPED | SKIPPED | SKIPPED | SKIPPED | SKIPPED | +-------------------------------+--------------------+-------------------+------------------+-------------------+-------------------------+----------------------+ | Ubuntu 22.04 | PASS | PASS | SKIPPED | SKIPPED | SKIPPED | SKIPPED | +-------------------------------+--------------------+-------------------+------------------+-------------------+-------------------------+----------------------+ | Ubuntu 24.04 | PASS | PASS | PASS | SKIPPED | SKIPPED | SKIPPED | +-------------------------------+--------------------+-------------------+------------------+-------------------+-------------------------+----------------------+ | Alpine Linux 3.22.0 | PASS | SKIPPED | SKIPPED | SKIPPED | SKIPPED | SKIPPED | +-------------------------------+--------------------+-------------------+------------------+-------------------+-------------------------+----------------------+ | Debian GNU/Linux 12 | PASS | PASS | SKIPPED | SKIPPED | SKIPPED | SKIPPED | +-------------------------------+--------------------+-------------------+------------------+-------------------+-------------------------+----------------------+ | FreeBSD 14.2 | PASS | SKIPPED | SKIPPED | SKIPPED | SKIPPED | SKIPPED | +-------------------------------+--------------------+-------------------+------------------+-------------------+-------------------------+----------------------+ | Windows Server 2022 | SKIPPED | SKIPPED | SKIPPED | PASS | FAIL | PASS | +-------------------------------+--------------------+-------------------+------------------+-------------------+-------------------------+----------------------+ ==== 20 line log output for Windows Server 2022 (dpdk_llvm_clang_compile): ==== Compiler for C supports arguments -mavx512f: YES (cached) Compiler for C supports arguments -mavx512bw: YES (cached) Compiler for C supports arguments -mavx512dq: YES (cached) Compiler for C supports arguments -march=skylake-avx512: YES Message: drivers/common/idpf: Defining dependency "common_idpf" Message: drivers/bus/auxiliary: Defining dependency "bus_auxiliary" Compiler for C supports arguments -Wno-cast-qual: YES (cached) Compiler for C supports arguments -Wno-pointer-arith: YES (cached) Message: drivers/bus/pci: Defining dependency "bus_pci" Message: drivers/bus/vdev: Defining dependency "bus_vdev" Compiler for C supports arguments -std=c11: YES Compiler for C supports arguments -Wno-strict-prototypes: YES Compiler for C supports arguments -D_BSD_SOURCE: YES Compiler for C supports arguments -D_DEFAULT_SOURCE: YES Compiler for C supports arguments -D_XOPEN_SOURCE=600: YES Has header "mlx5devx.h" : YES drivers\common\mlx5\windows\meson.build:10:13: ERROR: C shared or static library 'mlx5devx' not found A full log can be found at C:\Users\builder\jenkins\workspace\Windows-Compile-DPDK-Native\dpdk\build\meson-logs\meson-log.txt ==== End log output ==== CentOS Stream 9 Kernel: 5.15 Compiler: gcc gcc (GCC) 11.5.0 20240719 (Red Hat 11.5.0-11) CentOS Stream 10 Kernel: 5.15 Compiler: gcc gcc (GCC) 14.2.1 20250110 (Red Hat 14.2.1-8) Fedora Linux 42 Kernel: 5.15 Compiler: clang gcc (GCC) 15.2.1 20250808 (Red Hat 15.2.1-1) openSUSE Leap 15.6 Kernel: 5.15 Compiler: gcc gcc (SUSE Linux) 7.5.0 Red Hat Enterprise Linux 8.10 Kernel: 5.15 Compiler: gcc gcc (GCC) 8.5.0 20210514 (Red Hat 8.5.0-22) Red Hat Enterprise Linux 9.5 Kernel: 5.15 Compiler: gcc gcc (GCC) 11.5.0 20240719 (Red Hat 11.5.0-2) Ubuntu 20.04 Kernel: 5.15 Compiler: gcc gcc (Ubuntu 9.4.0-1ubuntu1~20.04.2) 9.4.0 Ubuntu 22.04 Kernel: 5.15 Compiler: gcc gcc (Ubuntu 11.4.0-1ubuntu1~22.04) 11.4.0 Ubuntu 24.04 Kernel: 5.15 Compiler: gcc gcc (Ubuntu 13.3.0-6ubuntu2~24.04) 13.3.0 Alpine Linux 3.22.0 Kernel: 5.15 Compiler: gcc gcc (Alpine 14.2.0) 14.2.0 Debian GNU/Linux 12 Kernel: 5.15 Compiler: gcc gcc (Debian 12.2.0-14+deb12u1) 12.2.0 FreeBSD 14.2 Kernel: 14.2-RELEASE Compiler: clang 18.1.6 Windows Server 2022 Kernel: 10.0.20348.2031 Compiler: clang 15.0.7, gcc 14.1.0 (MinGW), and MSVC VS 19.39.33521 To view detailed results, visit: https://lab.dpdk.org/results/dashboard/tarballs/35037/ UNH-IOL DPDK Community Lab To manage your email subscriptions, visit: https://lab.dpdk.org/results/dashboard/preferences/subscriptions/