automatic DPDK test reports
 help / color / mirror / Atom feed
From: dpdklab@iol.unh.edu
To: Test Report <test-report@dpdk.org>
Cc: dpdk-test-reports@iol.unh.edu
Subject: |PENDING| pw157034-157035 [PATCH] [v4,2/2] crypto/ipsec-mb: use cons
Date: Mon, 29 Sep 2025 08:48:20 -0700 (PDT)	[thread overview]
Message-ID: <68daaa44.050a0220.10f3a1.0a3bSMTPIN_ADDED_MISSING@mx.google.com> (raw)
In-Reply-To: <20250929145049.153078-2-kai.ji@intel.com>

Test-Label: iol-unit-arm64-testing
Test-Status: PENDING
http://dpdk.org/patch/157035

_Testing pending_

Submitter: Kai Ji <kai.ji@intel.com>
Date: Monday, September 29 2025 14:50:49 
DPDK git baseline: Repo:dpdk
  Branch: master
  CommitID:1d627ea13aeec2bcccf27246e6be2508370d171e

157034-157035 --> testing pending

Upstream job id: Generic-Unit-Test-DPDK#376281

Test environment and result as below:

+------------------------------+--------------+---------------------------+------------------------------+----------------+
|         Environment          | lpm_autotest | cryptodev_sw_zuc_autotest | cryptodev_sw_snow3g_autotest | dpdk_unit_test |
+==============================+==============+===========================+==============================+================+
| Ubuntu 20.04                 | PASS         | SKIPPED                   | SKIPPED                      | PEND           |
+------------------------------+--------------+---------------------------+------------------------------+----------------+
| Debian 12 (arm)              | SKIPPED      | PEND                      | PEND                         | SKIPPED        |
+------------------------------+--------------+---------------------------+------------------------------+----------------+
| CentOS Stream 10             | SKIPPED      | SKIPPED                   | SKIPPED                      | PEND           |
+------------------------------+--------------+---------------------------+------------------------------+----------------+
| Fedora Linux 42              | SKIPPED      | SKIPPED                   | SKIPPED                      | PEND           |
+------------------------------+--------------+---------------------------+------------------------------+----------------+
| CentOS Stream 9              | SKIPPED      | SKIPPED                   | SKIPPED                      | PEND           |
+------------------------------+--------------+---------------------------+------------------------------+----------------+
| Fedora Linux 41              | SKIPPED      | SKIPPED                   | SKIPPED                      | PEND           |
+------------------------------+--------------+---------------------------+------------------------------+----------------+
| Debian GNU/Linux 12          | SKIPPED      | SKIPPED                   | SKIPPED                      | PEND           |
+------------------------------+--------------+---------------------------+------------------------------+----------------+
| Ubuntu 24.04                 | SKIPPED      | SKIPPED                   | SKIPPED                      | PEND           |
+------------------------------+--------------+---------------------------+------------------------------+----------------+
| Fedora Linux 40              | SKIPPED      | SKIPPED                   | SKIPPED                      | PEND           |
+------------------------------+--------------+---------------------------+------------------------------+----------------+
| Red Hat Enterprise Linux 9.5 | SKIPPED      | SKIPPED                   | SKIPPED                      | PEND           |
+------------------------------+--------------+---------------------------+------------------------------+----------------+
| Ubuntu 22.04                 | SKIPPED      | SKIPPED                   | SKIPPED                      | PEND           |
+------------------------------+--------------+---------------------------+------------------------------+----------------+


Ubuntu 20.04
	Kernel: 5.4
	Compiler: gcc gcc (Ubuntu 9.4.0-1ubuntu1~20.04.2) 9.4.0

Debian 12 (arm)
	Kernel: Depends on container host
	Compiler: gcc (Debian 12.2.0-14) 12.2.0

CentOS Stream 10
	Kernel: 5.4
	Compiler: gcc gcc (GCC) 14.2.1 20250110 (Red Hat 14.2.1-8)

Fedora Linux 42
	Kernel: 5.4
	Compiler: clang gcc (GCC) 15.2.1 20250808 (Red Hat 15.2.1-1)

CentOS Stream 9
	Kernel: 5.4
	Compiler: gcc gcc (GCC) 11.5.0 20240719 (Red Hat 11.5.0-11)

Fedora Linux 41
	Kernel: 5.4
	Compiler: gcc gcc (GCC) 14.3.1 20250523 (Red Hat 14.3.1-1)

Debian GNU/Linux 12
	Kernel: 5.4
	Compiler: gcc gcc (Debian 12.2.0-14+deb12u1) 12.2.0

Ubuntu 24.04
	Kernel: 5.4
	Compiler: gcc gcc (Ubuntu 13.3.0-6ubuntu2~24.04) 13.3.0

Fedora Linux 40
	Kernel: 5.4
	Compiler: clang gcc (GCC) 14.2.1 20240912 (Red Hat 14.2.1-3)

Red Hat Enterprise Linux 9.5
	Kernel: 5.4
	Compiler: gcc gcc (GCC) 11.5.0 20240719 (Red Hat 11.5.0-2)

Ubuntu 22.04
	Kernel: 5.4
	Compiler: gcc gcc (Ubuntu 11.4.0-1ubuntu1~22.04) 11.4.0

To view detailed results, visit:
https://lab.dpdk.org/results/dashboard/patchsets/34172/

UNH-IOL DPDK Community Lab

To manage your email subscriptions, visit: 
https://lab.dpdk.org/results/dashboard/preferences/subscriptions/

  parent reply	other threads:[~2025-09-29 15:48 UTC|newest]

Thread overview: 26+ messages / expand[flat|nested]  mbox.gz  Atom feed  top
     [not found] <20250929145049.153078-2-kai.ji@intel.com>
2025-09-29 14:17 ` |SUCCESS| pw157034-157035 [dpdk-dev v4 2/2] crypto/ipsec-mb: use constant-time memory comparison qemudev
2025-09-29 14:22 ` qemudev
2025-09-29 14:49 ` |WARNING| pw157035 " checkpatch
2025-09-29 15:27 ` |PENDING| pw157034-157035 [PATCH] [v4,2/2] crypto/ipsec-mb: use cons dpdklab
2025-09-29 15:27 ` |SUCCESS| " dpdklab
2025-09-29 15:31 ` dpdklab
2025-09-29 15:46 ` dpdklab
2025-09-29 15:48 ` dpdklab [this message]
2025-09-29 16:01 ` |PENDING| " dpdklab
2025-09-29 16:03 ` |SUCCESS| " dpdklab
2025-09-29 16:21 ` dpdklab
2025-09-29 16:22 ` dpdklab
2025-09-29 16:57 ` |FAILURE| pw157035 [dpdk-dev v4 2/2] crypto/ipsec-mb: use constant-time memory comparison 0-day Robot
2025-09-29 17:08 ` |SUCCESS| pw157034-157035 [PATCH] [v4,2/2] crypto/ipsec-mb: use cons dpdklab
2025-09-29 17:15 ` dpdklab
2025-09-29 17:19 ` dpdklab
2025-09-29 17:20 ` dpdklab
2025-09-29 17:20 ` |PENDING| " dpdklab
2025-09-29 17:20 ` |SUCCESS| " dpdklab
2025-09-29 17:20 ` dpdklab
2025-09-29 18:56 ` dpdklab
2025-09-30  0:18 ` dpdklab
2025-09-30  4:35 ` dpdklab
2025-09-30  4:35 ` dpdklab
2025-09-30  4:35 ` dpdklab
2025-10-01  5:00 ` dpdklab

Reply instructions:

You may reply publicly to this message via plain-text email
using any one of the following methods:

* Save the following mbox file, import it into your mail client,
  and reply-to-all from there: mbox

  Avoid top-posting and favor interleaved quoting:
  https://en.wikipedia.org/wiki/Posting_style#Interleaved_style

* Reply using the --to, --cc, and --in-reply-to
  switches of git-send-email(1):

  git send-email \
    --in-reply-to=68daaa44.050a0220.10f3a1.0a3bSMTPIN_ADDED_MISSING@mx.google.com \
    --to=dpdklab@iol.unh.edu \
    --cc=dpdk-test-reports@iol.unh.edu \
    --cc=test-report@dpdk.org \
    /path/to/YOUR_REPLY

  https://kernel.org/pub/software/scm/git/docs/git-send-email.html

* If your mail client supports setting the In-Reply-To header
  via mailto: links, try the mailto: link
Be sure your reply has a Subject: header at the top and a blank line before the message body.
This is a public inbox, see mirroring instructions
for how to clone and mirror all data and code used for this inbox;
as well as URLs for NNTP newsgroup(s).