From mboxrd@z Thu Jan 1 00:00:00 1970 Return-Path: Received: from mails.dpdk.org (mails.dpdk.org [217.70.189.124]) by inbox.dpdk.org (Postfix) with ESMTP id 8551848869 for ; Tue, 30 Sep 2025 06:19:11 +0200 (CEST) Received: from mails.dpdk.org (localhost [127.0.0.1]) by mails.dpdk.org (Postfix) with ESMTP id 6468D4026D; Tue, 30 Sep 2025 06:19:11 +0200 (CEST) Received: from mail-il1-f226.google.com (mail-il1-f226.google.com [209.85.166.226]) by mails.dpdk.org (Postfix) with ESMTP id EDE994026D for ; Tue, 30 Sep 2025 06:19:09 +0200 (CEST) Received: by mail-il1-f226.google.com with SMTP id e9e14a558f8ab-42576a07eeeso51068075ab.0 for ; Mon, 29 Sep 2025 21:19:09 -0700 (PDT) DKIM-Signature: v=1; a=rsa-sha256; c=relaxed/relaxed; d=iol.unh.edu; s=unh-iol; t=1759205949; x=1759810749; darn=dpdk.org; h=cc:to:from:subject:message-id:date:from:to:cc:subject:date :message-id:reply-to; bh=2ggC6lCx9jwFCL5tmBkazBOimgatduUSkLslMDITwGc=; b=MdROc8LwI3ujq44JG/4Z8Q67McZFFOAYC6uFoVO2ycMG+WeQ4M6ePIJF6hai2ztERn XO2daWHzqf1U+prn/7Uvzk4YXGXoYSLK69vIvZICX4ZLX5t6HLcRHmXFDPs+Wdso7Qn6 mbb6Cxs1BmhZjJh23w2jXSntclMncWSWSO9iA= X-Google-DKIM-Signature: v=1; a=rsa-sha256; c=relaxed/relaxed; d=1e100.net; s=20230601; t=1759205949; x=1759810749; h=cc:to:from:subject:message-id:date:x-gm-message-state:from:to:cc :subject:date:message-id:reply-to; bh=2ggC6lCx9jwFCL5tmBkazBOimgatduUSkLslMDITwGc=; b=eM69owAqirnkKUOT8MJEht+LgGRbtkdZNH4SIG/ylkpAHRV+Lahr7tq+s8ou/TEtT2 z0Q3Enz5zw0F8LaCzpbKCj9JT4N5Ooo4CQzeSjXfOzigLRd3+qcqTLu6nVbEBsze+xyX fSHpzPLy3+gFE5m4BpdY+EgvzlCiaAF4++OZlYsrB4c6RNk8Ihxx5cOwEMEili4aQcgT 9pjfYwYu9bgIGCNlcLeT5R/z1Qyndn9daziDjdv4opFCA+410ORX6nQdj45PiDAUR1uS GUxWZkvsGbIljuuOqLAkm74yGiV403b2HvBUMJQaM3t0YEr2sEFH5p9RM8RXBuXUmZi7 XGhA== X-Gm-Message-State: AOJu0YyZpitvy3up5jN5KKFJXndSPvcLsedO2jtgDbYqmx9lpZATalcl 1ilJxE1gNz9JsV3n9T1MjjX6F/RogBvB2+Z4VvGm+6/HEu3SkrJWdxV/rXc32osqpNJSuw58BkV LSe06imTUL0Q5Q86H3Q6d1mb3yRDzLpFnqqzAWhoiBNk3ed6V0TV7 X-Gm-Gg: ASbGnctvc5uu43VtYwcufTJmL+AlzhyzOpJ/sx+ncFYlWoCN/dBiqiq2saClO4vJy6v 6rBOp2+lJuzi91aT43u2A6SDa6jrwWCP4aWiNmDa4fNk9rN1lrgxz3PElQ6fl15GMNcdZ9xdmEr 55vufR6P6wSykgN3nzdtjgkXpeo/8NYXZaWGySkvrbFn/BMxx8Tcjk88vojK8UkyOiskCqXP/6w UBlCaxx2CK/Vf82skha2m1fLg8t8gxvNfpLtrfSqX2UlT6YhSCNTHh0cu/uP9slsXqs9e3crfQP 8ZlFc2Xcv2L6bjabzPIbFI5ja/he9MbtriBEyIN9ZfhSk/aDAf1OXoo= X-Google-Smtp-Source: AGHT+IG1jl1QUmN4hDns2018FXla2Srn2AsMhNHxnv8C1FaktpbUUTYs0Sm0BnawFdpZO3obF6nk4/C7Sl79 X-Received: by 2002:a05:6e02:188f:b0:428:18f4:351 with SMTP id e9e14a558f8ab-42818f403c6mr180285975ab.2.1759205949187; Mon, 29 Sep 2025 21:19:09 -0700 (PDT) Received: from postal.iol.unh.edu (postal.iol.unh.edu. [2606:4100:3880:1234::84]) by smtp-relay.gmail.com with ESMTPS id e9e14a558f8ab-425bbacfd42sm10084905ab.8.2025.09.29.21.19.09 (version=TLS1_2 cipher=ECDHE-ECDSA-AES128-GCM-SHA256 bits=128/128); Mon, 29 Sep 2025 21:19:09 -0700 (PDT) X-Relaying-Domain: iol.unh.edu Date: Mon, 29 Sep 2025 21:19:09 -0700 (PDT) Message-ID: <68db5a3d.050a0220.25e0e.ce27SMTPIN_ADDED_MISSING@mx.google.com> Received: from [172.21.0.2] (unknown [172.18.0.240]) by postal.iol.unh.edu (Postfix) with ESMTP id BF4DF6051830; Tue, 30 Sep 2025 00:19:08 -0400 (EDT) Subject: |FAILURE| [GIT MASTER] 62f583c49bf67dd4d6733ece14e55fe6839e66d1 From: dpdklab@iol.unh.edu To: Test Report Cc: dpdk-test-reports@iol.unh.edu, Xueming Li , Christian Ehrhardt , Kevin Traynor , Luca Boccassi Content-Type: text/plain X-BeenThere: test-report@dpdk.org X-Mailman-Version: 2.1.29 Precedence: list List-Id: automatic DPDK test reports List-Unsubscribe: , List-Archive: List-Post: List-Help: List-Subscribe: , Errors-To: test-report-bounces@dpdk.org _Testing issues_ Branch: tags/v23.11 62f583c49bf67dd4d6733ece14e55fe6839e66d1 --> testing issues Upstream job id: Generic-VM-DPDK-Compile-Meson#38673 Test environment and result as below: +---------------------+--------------------+-------------------------+-------------------+----------------------+ | Environment | dpdk_meson_compile | dpdk_llvm_clang_compile | dpdk_msvc_compile | dpdk_mingw64_compile | +=====================+====================+=========================+===================+======================+ | Ubuntu 20.04 | PASS | SKIPPED | SKIPPED | SKIPPED | +---------------------+--------------------+-------------------------+-------------------+----------------------+ | FreeBSD 14.2 | PASS | SKIPPED | SKIPPED | SKIPPED | +---------------------+--------------------+-------------------------+-------------------+----------------------+ | Windows Server 2022 | SKIPPED | FAIL | PASS | PASS | +---------------------+--------------------+-------------------------+-------------------+----------------------+ ==== 20 line log output for Windows Server 2022 (dpdk_llvm_clang_compile): ==== Compiler for C supports arguments -mavx512f: YES (cached) Compiler for C supports arguments -mavx512bw: YES (cached) Compiler for C supports arguments -mavx512dq: YES (cached) Compiler for C supports arguments -march=skylake-avx512: YES Message: drivers/common/idpf: Defining dependency "common_idpf" Message: drivers/bus/auxiliary: Defining dependency "bus_auxiliary" Compiler for C supports arguments -Wno-cast-qual: YES (cached) Compiler for C supports arguments -Wno-pointer-arith: YES (cached) Message: drivers/bus/pci: Defining dependency "bus_pci" Message: drivers/bus/vdev: Defining dependency "bus_vdev" Compiler for C supports arguments -std=c11: YES Compiler for C supports arguments -Wno-strict-prototypes: YES Compiler for C supports arguments -D_BSD_SOURCE: YES Compiler for C supports arguments -D_DEFAULT_SOURCE: YES Compiler for C supports arguments -D_XOPEN_SOURCE=600: YES Has header "mlx5devx.h" : YES drivers\common\mlx5\windows\meson.build:10:13: ERROR: C shared or static library 'mlx5devx' not found A full log can be found at C:\Users\builder\jenkins\workspace\Windows-Compile-DPDK-Native\dpdk\build\meson-logs\meson-log.txt ==== End log output ==== Ubuntu 20.04 Kernel: 4.19 Compiler: gcc gcc (Ubuntu 9.4.0-1ubuntu1~20.04.2) 9.4.0 FreeBSD 14.2 Kernel: 14.2-RELEASE Compiler: clang 18.1.6 Windows Server 2022 Kernel: 10.0.20348.2031 Compiler: clang 15.0.7, gcc 14.1.0 (MinGW), and MSVC VS 19.39.33521 To view detailed results, visit: https://lab.dpdk.org/results/dashboard/tarballs/35052/ UNH-IOL DPDK Community Lab To manage your email subscriptions, visit: https://lab.dpdk.org/results/dashboard/preferences/subscriptions/