From mboxrd@z Thu Jan 1 00:00:00 1970 Return-Path: Received: from mails.dpdk.org (mails.dpdk.org [217.70.189.124]) by inbox.dpdk.org (Postfix) with ESMTP id 3CEED48869 for ; Tue, 30 Sep 2025 06:34:21 +0200 (CEST) Received: from mails.dpdk.org (localhost [127.0.0.1]) by mails.dpdk.org (Postfix) with ESMTP id 1289040150; Tue, 30 Sep 2025 06:34:21 +0200 (CEST) Received: from mail-pg1-f226.google.com (mail-pg1-f226.google.com [209.85.215.226]) by mails.dpdk.org (Postfix) with ESMTP id 86ED740150 for ; Tue, 30 Sep 2025 06:34:20 +0200 (CEST) Received: by mail-pg1-f226.google.com with SMTP id 41be03b00d2f7-b57f361a8fdso2482551a12.0 for ; Mon, 29 Sep 2025 21:34:20 -0700 (PDT) DKIM-Signature: v=1; a=rsa-sha256; c=relaxed/relaxed; d=iol.unh.edu; s=unh-iol; t=1759206859; x=1759811659; darn=dpdk.org; h=cc:to:from:subject:message-id:date:from:to:cc:subject:date :message-id:reply-to; bh=65ejdx/b2Xy0ScDaHkuegiO/UPECe7cIgVp5D9hGww0=; b=NkJtfHb+P2qP90dlkxwkMc8v1MtWDnSqwwn5M89ZOIoQWeOO93BuGYe3NGm7jblzn9 FD0lFuuIfHx0c7ramWBQ4KqJT3qN5Ibeg+9tLYcnPhAgFqFg7i1uDgOKY0rvjHM4eZ+m R3LsJhktH2Z7J0hzRWUP3XjDOQGnmOoNlU/DY= X-Google-DKIM-Signature: v=1; a=rsa-sha256; c=relaxed/relaxed; d=1e100.net; s=20230601; t=1759206859; x=1759811659; h=cc:to:from:subject:message-id:date:x-gm-message-state:from:to:cc :subject:date:message-id:reply-to; bh=65ejdx/b2Xy0ScDaHkuegiO/UPECe7cIgVp5D9hGww0=; b=OqlNG/ticyS0YzMYjF9f7Xrh+f+wGQLF3wnhpPZOF4o82RRo82TSE8is9+IEh6MsbK EqKPqyNsb5g9Ykbn5PgfZy2RBWAtFLHrmHlF9B5KxDBA048PZkT+k0/ZYVq4JmknSZvF ibMwNonQnAqPtAV4nSbNSJxuHZQHwOYsnpfa++kpOQGS6OQJb0c2hxTS+Bl9Xs+tGZpQ yuIzzsIbuZBRR61ryMZy/R8Qfc7pLMXzclJHxNUdUtvFCv2m0jB69XrbozLDcYwpkYlZ rfDqMcJKGGUc/8RyMcV6hYK3PgiU+y8usQ9gPBzYosZ9t7L4OqNxFNAozO+t6I+tlBLZ hFMQ== X-Gm-Message-State: AOJu0YyJK+IIga1WOUbGLEEGjrWmOgLwp4YlBE+WY+j7agnm/HqgM/8O fiZhgg3Y+ZoBELgIb0KWIkCG1DgsA55RTf1jqBAo4GORZUEg5j5qpN1gdUXocDzHdG+TTKQqR59 ghR2+XqwpUbCegf6ayWNYs0N2pYzHFXxgy1Wx X-Gm-Gg: ASbGncvpPdE/pvr7z4o8rS5aEGnfbpp4sERApKz224G92UVG19CqpHAGsTNo0jJK0rV 6PwzAlTuKGoSlxl1Lld61YygflpV8R3QZbqiQixiKsFOB7FuCZ7cyvDNog+dGRAX+ZgILrLggwQ YtQYU1Ivp5RY3tS9DNhMrAS6UxexLZDKZPrUvYqjWgHxe2fMvKn96qzh1ic82lvpxLJwDnPdlBy 1VYUWIRKmAI6MZPECmTG6ceD0y27uaxhSfDsnEiwW7jz44ezc54S0/0cpAIRhtpPzGxhneOPAOM Uo1OHyIqnBa/uGr0Kaaj3rXUiNnkIWxCfP1GNzAT/G5/OqdEiUPtTmnwxczBGEQ+ODqlpC0bvvi K9Q== X-Google-Smtp-Source: AGHT+IHQv+3miW7sugRm36tB0Imn6BbtnQK4XCVMlKTh0kd8VutmgNa7OdjPhGDelFq80Y84s5lkxFY+mQj+ X-Received: by 2002:a17:902:f707:b0:269:ae5a:e32b with SMTP id d9443c01a7336-27ed49fbcadmr189083315ad.13.1759206859333; Mon, 29 Sep 2025 21:34:19 -0700 (PDT) Received: from postal.iol.unh.edu (postal.iol.unh.edu. [132.177.123.84]) by smtp-relay.gmail.com with ESMTPS id d9443c01a7336-27ed683154dsm11783905ad.65.2025.09.29.21.34.19 (version=TLS1_2 cipher=ECDHE-ECDSA-AES128-GCM-SHA256 bits=128/128); Mon, 29 Sep 2025 21:34:19 -0700 (PDT) X-Relaying-Domain: iol.unh.edu Date: Mon, 29 Sep 2025 21:34:19 -0700 (PDT) Message-ID: <68db5dcb.170a0220.148182.817cSMTPIN_ADDED_MISSING@mx.google.com> Received: from [172.21.0.7] (unknown [172.18.0.240]) by postal.iol.unh.edu (Postfix) with ESMTP id 929B46051830; Tue, 30 Sep 2025 00:34:18 -0400 (EDT) Subject: |FAILURE| [GIT MASTER] 62f583c49bf67dd4d6733ece14e55fe6839e66d1 From: dpdklab@iol.unh.edu To: Test Report Cc: dpdk-test-reports@iol.unh.edu, Xueming Li , Christian Ehrhardt , Kevin Traynor , Luca Boccassi Content-Type: text/plain X-BeenThere: test-report@dpdk.org X-Mailman-Version: 2.1.29 Precedence: list List-Id: automatic DPDK test reports List-Unsubscribe: , List-Archive: List-Post: List-Help: List-Subscribe: , Errors-To: test-report-bounces@dpdk.org _Testing issues_ Branch: tags/v23.11 62f583c49bf67dd4d6733ece14e55fe6839e66d1 --> testing issues Upstream job id: Generic-Unit-Test-DPDK#376427 Test environment and result as below: +-------------------------------+----------------+ | Environment | dpdk_unit_test | +===============================+================+ | Fedora Linux 40 | PASS | +-------------------------------+----------------+ | Fedora Linux 42 | PASS | +-------------------------------+----------------+ | CentOS Stream 9 | PASS | +-------------------------------+----------------+ | Red Hat Enterprise Linux 9.5 | PASS | +-------------------------------+----------------+ | Ubuntu 22.04 | PASS | +-------------------------------+----------------+ | Fedora Linux 41 | PASS | +-------------------------------+----------------+ | Red Hat Enterprise Linux 8.10 | PASS | +-------------------------------+----------------+ | Ubuntu 20.04 | PASS | +-------------------------------+----------------+ | Debian GNU/Linux 12 | PASS | +-------------------------------+----------------+ | CentOS Stream 10 | PASS | +-------------------------------+----------------+ | Ubuntu 24.04 | PASS | +-------------------------------+----------------+ | Windows Server 2022 | FAIL | +-------------------------------+----------------+ ==== Unit test summary for Windows Server 2022 (dpdk_unit_test): ==== Failed to get the unit test results. Displaying the unit test results is not supported for some environments, such as our aarch32 testing, where meson is not used to run the tests. Download the logs available on our CI site. ==== End log output ==== Fedora Linux 40 Kernel: 5.15 Compiler: clang gcc (GCC) 14.2.1 20240912 (Red Hat 14.2.1-3) Fedora Linux 42 Kernel: 5.15 Compiler: gcc gcc (GCC) 15.2.1 20250808 (Red Hat 15.2.1-1) CentOS Stream 9 Kernel: 5.15 Compiler: gcc gcc (GCC) 11.5.0 20240719 (Red Hat 11.5.0-11) Red Hat Enterprise Linux 9.5 Kernel: 5.15 Compiler: gcc gcc (GCC) 11.5.0 20240719 (Red Hat 11.5.0-2) Ubuntu 22.04 Kernel: 5.15 Compiler: gcc gcc (Ubuntu 11.4.0-1ubuntu1~22.04) 11.4.0 Fedora Linux 41 Kernel: 5.15 Compiler: gcc gcc (GCC) 14.3.1 20250523 (Red Hat 14.3.1-1) Red Hat Enterprise Linux 8.10 Kernel: 5.15 Compiler: gcc gcc (GCC) 8.5.0 20210514 (Red Hat 8.5.0-22) Ubuntu 20.04 Kernel: 5.15 Compiler: gcc gcc (Ubuntu 9.4.0-1ubuntu1~20.04.2) 9.4.0 Debian GNU/Linux 12 Kernel: 5.15 Compiler: gcc gcc (Debian 12.2.0-14+deb12u1) 12.2.0 CentOS Stream 10 Kernel: 5.15 Compiler: gcc gcc (GCC) 14.2.1 20250110 (Red Hat 14.2.1-8) Ubuntu 24.04 Kernel: 5.15 Compiler: gcc gcc (Ubuntu 13.3.0-6ubuntu2~24.04) 13.3.0 Windows Server 2022 Kernel: 10.0.20348.2031 Compiler: clang 15.0.7, gcc 14.1.0 (MinGW), and MSVC VS 19.39.33521 To view detailed results, visit: https://lab.dpdk.org/results/dashboard/tarballs/35052/ UNH-IOL DPDK Community Lab To manage your email subscriptions, visit: https://lab.dpdk.org/results/dashboard/preferences/subscriptions/