From mboxrd@z Thu Jan 1 00:00:00 1970 Return-Path: Received: from mails.dpdk.org (mails.dpdk.org [217.70.189.124]) by inbox.dpdk.org (Postfix) with ESMTP id 9226248869 for ; Tue, 30 Sep 2025 07:16:20 +0200 (CEST) Received: from mails.dpdk.org (localhost [127.0.0.1]) by mails.dpdk.org (Postfix) with ESMTP id 8D51C40150; Tue, 30 Sep 2025 07:16:20 +0200 (CEST) Received: from mail-pl1-f227.google.com (mail-pl1-f227.google.com [209.85.214.227]) by mails.dpdk.org (Postfix) with ESMTP id 7A10A40150 for ; Tue, 30 Sep 2025 07:16:19 +0200 (CEST) Received: by mail-pl1-f227.google.com with SMTP id d9443c01a7336-27d4d6b7ab5so82489255ad.2 for ; Mon, 29 Sep 2025 22:16:19 -0700 (PDT) DKIM-Signature: v=1; a=rsa-sha256; c=relaxed/relaxed; d=iol.unh.edu; s=unh-iol; t=1759209378; x=1759814178; darn=dpdk.org; h=cc:to:from:subject:message-id:date:from:to:cc:subject:date :message-id:reply-to; bh=iRqSEGEaWaMlS/N1OCGe495xZnp9V015dtW9ZG5CXcA=; b=U5AqicNP5MnBtciTjZTtUz3nxITNYgH4Ts9Mki86AQthzxlAMvVjUe/ITkcQNiaXmI 1jxyekN9WqP2yfihqa7tVnw2rDsmGJLrKwkuOJ1gga9scfvENSq0XhJ2hwcR+h3Nm7Hi vJQTGb+rmlPVtMBtTmHZnJlL20n/150bRDJe8= X-Google-DKIM-Signature: v=1; a=rsa-sha256; c=relaxed/relaxed; d=1e100.net; s=20230601; t=1759209378; x=1759814178; h=cc:to:from:subject:message-id:date:x-gm-message-state:from:to:cc :subject:date:message-id:reply-to; bh=iRqSEGEaWaMlS/N1OCGe495xZnp9V015dtW9ZG5CXcA=; b=pOlF/eWpE/FDpkYLp08lwQ/IseFRDRpsdKOmX+Oa/g6XIroWIoCzB5wRxz0ANDmvvx v71PQhyPADHQvYQJJJcc5EUlu33i6bBaMLCag6fcVtDQzTjzmlcyYqUWtfJRhvTOo2Ar MIYrpsF17X9N3cViw0qZq+ZkptG5+ypTVHaXiRNUqBNs8EU6Lb5BmDUdwYuLGtryA16g cnuP0h6rijH3YFzGVt2VPq26LvPMD4txGDWySVtAu8Xoj+Kw+0ONzQ4uQ84DruxpzKqj dcvKMNrjCx/eBnf3+v5lkmdU16m7DV7X+joh+nfebc9FDOZIUTGW/ffkFAX3kcgPQpB7 G1OQ== X-Gm-Message-State: AOJu0YwzM56XMaTePVDtm7mbFjlDmz8HkJqFEZOpfFkq7HjyFcjwZFTH tUdzk8orCYW9tdnoPu2Cht9j/qOaceXCd5NskWsroK2ytOfCkvnA083cqFuT6R0RVUvIkvf1KRk ze9foj9qeCt7kSExyUrWMWCF/6vyPSiEMnMr5k47kl6S+kqWfxRaB X-Gm-Gg: ASbGncseMzUDPEPBrl1XrSMx8XV5d8tDlV+LAC3zRmj7HHUmeUSgIFfeSpyftuKybVs p1QhrKtfaXU0thVr8haSQOXE6KYhLRtwGe/WTVAKH9/IZ5uUZkDa8Uraednld+MN1U448tb3hkK bM77p1eTjYsP3M0pcDsNU4Cv/GLE9+9T16xZVIBbu0Q4Pg7sDQzhL+0l4oA53dXqCIb495718uk 5XCQrUjCN2OljIiygdTslEaUntgizJura9Zcqu9HKtzyz9nOVDAMvG8woNSoZpnK2pbptfzBhnH jHaSRea8n6iaEX2G5j7zHm106jWUac95lunb9xuuziLbxT35H4ENrAs= X-Google-Smtp-Source: AGHT+IGo6RTpDRJtU1A/+2dKd3+mPnjfpFrqEJZHZfQzmCnBjO335EauxMtEo2Taek4MaiUE1qo+RKTjrpQw X-Received: by 2002:a17:903:584:b0:270:8ae3:a6f1 with SMTP id d9443c01a7336-27ed4a56d02mr156916515ad.46.1759209378621; Mon, 29 Sep 2025 22:16:18 -0700 (PDT) Received: from postal.iol.unh.edu (postal.iol.unh.edu. [2606:4100:3880:1234::84]) by smtp-relay.gmail.com with ESMTPS id d9443c01a7336-282a9b5e3b6sm6206395ad.55.2025.09.29.22.16.18 (version=TLS1_2 cipher=ECDHE-ECDSA-AES128-GCM-SHA256 bits=128/128); Mon, 29 Sep 2025 22:16:18 -0700 (PDT) X-Relaying-Domain: iol.unh.edu Date: Mon, 29 Sep 2025 22:16:18 -0700 (PDT) Message-ID: <68db67a2.170a0220.316d70.6403SMTPIN_ADDED_MISSING@mx.google.com> Received: from [172.21.0.2] (unknown [172.18.0.240]) by postal.iol.unh.edu (Postfix) with ESMTP id DE01B6051830; Tue, 30 Sep 2025 01:16:17 -0400 (EDT) Subject: |FAILURE| [GIT MASTER] 62f583c49bf67dd4d6733ece14e55fe6839e66d1 From: dpdklab@iol.unh.edu To: Test Report Cc: dpdk-test-reports@iol.unh.edu, Xueming Li , Christian Ehrhardt , Kevin Traynor , Luca Boccassi Content-Type: text/plain X-BeenThere: test-report@dpdk.org X-Mailman-Version: 2.1.29 Precedence: list List-Id: automatic DPDK test reports List-Unsubscribe: , List-Archive: List-Post: List-Help: List-Subscribe: , Errors-To: test-report-bounces@dpdk.org _Testing issues_ Branch: tags/v23.11 62f583c49bf67dd4d6733ece14e55fe6839e66d1 --> testing issues Upstream job id: Generic-DPDK-Compile-Meson#429867 Test environment and result as below: +-------------------------------+--------------------+-------------------------+-------------------+----------------------+-------------------+------------------+ | Environment | dpdk_meson_compile | dpdk_llvm_clang_compile | dpdk_msvc_compile | dpdk_mingw64_compile | dpdk_compile_spdk | dpdk_compile_ovs | +===============================+====================+=========================+===================+======================+===================+==================+ | Ubuntu 20.04 | PASS | SKIPPED | SKIPPED | SKIPPED | SKIPPED | SKIPPED | +-------------------------------+--------------------+-------------------------+-------------------+----------------------+-------------------+------------------+ | FreeBSD 14.2 | PASS | SKIPPED | SKIPPED | SKIPPED | SKIPPED | SKIPPED | +-------------------------------+--------------------+-------------------------+-------------------+----------------------+-------------------+------------------+ | CentOS Stream 9 | PASS | SKIPPED | SKIPPED | SKIPPED | PASS | SKIPPED | +-------------------------------+--------------------+-------------------------+-------------------+----------------------+-------------------+------------------+ | CentOS Stream 10 | PASS | SKIPPED | SKIPPED | SKIPPED | SKIPPED | SKIPPED | +-------------------------------+--------------------+-------------------------+-------------------+----------------------+-------------------+------------------+ | Fedora Linux 42 | FAIL | SKIPPED | SKIPPED | SKIPPED | WARN | WARN | +-------------------------------+--------------------+-------------------------+-------------------+----------------------+-------------------+------------------+ | Debian GNU/Linux 12 | PASS | SKIPPED | SKIPPED | SKIPPED | PASS | SKIPPED | +-------------------------------+--------------------+-------------------------+-------------------+----------------------+-------------------+------------------+ | Red Hat Enterprise Linux 8.10 | PASS | SKIPPED | SKIPPED | SKIPPED | SKIPPED | SKIPPED | +-------------------------------+--------------------+-------------------------+-------------------+----------------------+-------------------+------------------+ | openSUSE Leap 15.6 | PASS | SKIPPED | SKIPPED | SKIPPED | SKIPPED | SKIPPED | +-------------------------------+--------------------+-------------------------+-------------------+----------------------+-------------------+------------------+ | Red Hat Enterprise Linux 9.5 | PASS | SKIPPED | SKIPPED | SKIPPED | SKIPPED | SKIPPED | +-------------------------------+--------------------+-------------------------+-------------------+----------------------+-------------------+------------------+ | Ubuntu 22.04 | PASS | SKIPPED | SKIPPED | SKIPPED | PASS | SKIPPED | +-------------------------------+--------------------+-------------------------+-------------------+----------------------+-------------------+------------------+ | Ubuntu 24.04 | PASS | SKIPPED | SKIPPED | SKIPPED | PASS | PASS | +-------------------------------+--------------------+-------------------------+-------------------+----------------------+-------------------+------------------+ | Alpine Linux 3.22.0 | PASS | SKIPPED | SKIPPED | SKIPPED | SKIPPED | SKIPPED | +-------------------------------+--------------------+-------------------------+-------------------+----------------------+-------------------+------------------+ | Windows Server 2022 | SKIPPED | FAIL | PASS | PASS | SKIPPED | SKIPPED | +-------------------------------+--------------------+-------------------------+-------------------+----------------------+-------------------+------------------+ ==== 20 line log output for Windows Server 2022 (dpdk_llvm_clang_compile): ==== Compiler for C supports arguments -mavx512f: YES (cached) Compiler for C supports arguments -mavx512bw: YES (cached) Compiler for C supports arguments -mavx512dq: YES (cached) Compiler for C supports arguments -march=skylake-avx512: YES Message: drivers/common/idpf: Defining dependency "common_idpf" Message: drivers/bus/auxiliary: Defining dependency "bus_auxiliary" Compiler for C supports arguments -Wno-cast-qual: YES (cached) Compiler for C supports arguments -Wno-pointer-arith: YES (cached) Message: drivers/bus/pci: Defining dependency "bus_pci" Message: drivers/bus/vdev: Defining dependency "bus_vdev" Compiler for C supports arguments -std=c11: YES Compiler for C supports arguments -Wno-strict-prototypes: YES Compiler for C supports arguments -D_BSD_SOURCE: YES Compiler for C supports arguments -D_DEFAULT_SOURCE: YES Compiler for C supports arguments -D_XOPEN_SOURCE=600: YES Has header "mlx5devx.h" : YES drivers\common\mlx5\windows\meson.build:10:13: ERROR: C shared or static library 'mlx5devx' not found A full log can be found at C:\Users\builder\jenkins\workspace\Windows-Compile-DPDK-Native\dpdk\build\meson-logs\meson-log.txt ==== End log output ==== Ubuntu 20.04 Kernel: 4.19 Compiler: gcc gcc (Ubuntu 9.4.0-1ubuntu1~20.04.2) 9.4.0 FreeBSD 14.2 Kernel: 14.2-RELEASE Compiler: clang 18.1.6 CentOS Stream 9 Kernel: 5.15 Compiler: gcc gcc (GCC) 11.5.0 20240719 (Red Hat 11.5.0-11) CentOS Stream 10 Kernel: 5.15 Compiler: gcc gcc (GCC) 14.2.1 20250110 (Red Hat 14.2.1-8) Fedora Linux 42 Kernel: 5.15 Compiler: clang gcc (GCC) 15.2.1 20250808 (Red Hat 15.2.1-1) Debian GNU/Linux 12 Kernel: 5.15 Compiler: gcc gcc (Debian 12.2.0-14+deb12u1) 12.2.0 Red Hat Enterprise Linux 8.10 Kernel: 5.15 Compiler: gcc gcc (GCC) 8.5.0 20210514 (Red Hat 8.5.0-22) openSUSE Leap 15.6 Kernel: 5.15 Compiler: gcc gcc (SUSE Linux) 7.5.0 Red Hat Enterprise Linux 9.5 Kernel: 5.15 Compiler: gcc gcc (GCC) 11.5.0 20240719 (Red Hat 11.5.0-2) Ubuntu 22.04 Kernel: 5.15 Compiler: gcc gcc (Ubuntu 11.4.0-1ubuntu1~22.04) 11.4.0 Ubuntu 24.04 Kernel: 5.15 Compiler: gcc gcc (Ubuntu 13.3.0-6ubuntu2~24.04) 13.3.0 Alpine Linux 3.22.0 Kernel: 5.15 Compiler: gcc gcc (Alpine 14.2.0) 14.2.0 Windows Server 2022 Kernel: 10.0.20348.2031 Compiler: clang 15.0.7, gcc 14.1.0 (MinGW), and MSVC VS 19.39.33521 To view detailed results, visit: https://lab.dpdk.org/results/dashboard/tarballs/35052/ UNH-IOL DPDK Community Lab To manage your email subscriptions, visit: https://lab.dpdk.org/results/dashboard/preferences/subscriptions/