From: dpdklab@iol.unh.edu
To: Test Report <test-report@dpdk.org>
Cc: dpdk-test-reports@iol.unh.edu
Subject: |SUCCESS| pw157111 [PATCH] net/mlx5: fix IPv6 DSCP offset in NT HWS
Date: Tue, 30 Sep 2025 02:37:46 -0700 (PDT) [thread overview]
Message-ID: <68dba4ea.050a0220.192cdd.a767SMTPIN_ADDED_MISSING@mx.google.com> (raw)
In-Reply-To: <20250930072827.9630-1-gavinl@nvidia.com>
Test-Label: iol-sample-apps-testing
Test-Status: SUCCESS
http://dpdk.org/patch/157111
_Testing PASS_
Submitter: Gavin Li <gavinl@nvidia.com>
Date: Tuesday, September 30 2025 07:28:27
DPDK git baseline: Repo:dpdk-next-net-mlx
Branch: master
CommitID:2374f33e1d964e100895fd294966380c46f0886d
157111 --> testing pass
Upstream job id: Template-DTS-Pipeline#247129
Test environment and result as below:
+--------------+----------------------+----------------------+
| Environment | dpdk_fips_validation | compressdev_zlib_pmd |
+==============+======================+======================+
| Ubuntu 20.04 | PASS | SKIPPED |
+--------------+----------------------+----------------------+
| Ubuntu 22.04 | SKIPPED | PASS |
+--------------+----------------------+----------------------+
Ubuntu 20.04
Kernel: 5.15
Compiler: gcc gcc (Ubuntu 9.4.0-1ubuntu1~20.04.2) 9.4.0
Ubuntu 22.04
Kernel: 5.15
Compiler: gcc gcc (Ubuntu 11.4.0-1ubuntu1~22.04.2) 11.4.0
To view detailed results, visit:
https://lab.dpdk.org/results/dashboard/patchsets/34178/
UNH-IOL DPDK Community Lab
To manage your email subscriptions, visit:
https://lab.dpdk.org/results/dashboard/preferences/subscriptions/
next prev parent reply other threads:[~2025-09-30 9:37 UTC|newest]
Thread overview: 29+ messages / expand[flat|nested] mbox.gz Atom feed top
[not found] <20250930072827.9630-1-gavinl@nvidia.com>
2025-09-30 6:59 ` |SUCCESS| pw157111 [PATCH] net/mlx5: fix IPv6 DSCP offset in NT HWS API qemudev
2025-09-30 7:04 ` qemudev
2025-09-30 7:31 ` checkpatch
2025-09-30 8:04 ` |PENDING| pw157111 [PATCH] net/mlx5: fix IPv6 DSCP offset in NT HWS dpdklab
2025-09-30 8:09 ` |SUCCESS| " dpdklab
2025-09-30 8:10 ` dpdklab
2025-09-30 8:13 ` dpdklab
2025-09-30 8:17 ` |PENDING| " dpdklab
2025-09-30 8:28 ` |SUCCESS| " dpdklab
2025-09-30 8:32 ` |PENDING| " dpdklab
2025-09-30 8:39 ` dpdklab
2025-09-30 8:40 ` |SUCCESS| " dpdklab
2025-09-30 8:40 ` dpdklab
2025-09-30 8:40 ` dpdklab
2025-09-30 9:17 ` dpdklab
2025-09-30 9:25 ` dpdklab
2025-09-30 9:27 ` dpdklab
2025-09-30 9:30 ` dpdklab
2025-09-30 9:37 ` dpdklab [this message]
2025-09-30 9:39 ` dpdklab
2025-09-30 9:46 ` dpdklab
2025-09-30 10:00 ` dpdklab
2025-09-30 14:32 ` dpdklab
2025-09-30 15:25 ` |PENDING| " dpdklab
2025-09-30 15:58 ` |SUCCESS| " dpdklab
2025-10-01 0:02 ` dpdklab
2025-10-01 3:30 ` |FAILURE| " dpdklab
2025-10-01 5:42 ` dpdklab
2025-10-01 9:00 ` |SUCCESS| " dpdklab
Reply instructions:
You may reply publicly to this message via plain-text email
using any one of the following methods:
* Save the following mbox file, import it into your mail client,
and reply-to-all from there: mbox
Avoid top-posting and favor interleaved quoting:
https://en.wikipedia.org/wiki/Posting_style#Interleaved_style
* Reply using the --to, --cc, and --in-reply-to
switches of git-send-email(1):
git send-email \
--in-reply-to=68dba4ea.050a0220.192cdd.a767SMTPIN_ADDED_MISSING@mx.google.com \
--to=dpdklab@iol.unh.edu \
--cc=dpdk-test-reports@iol.unh.edu \
--cc=test-report@dpdk.org \
/path/to/YOUR_REPLY
https://kernel.org/pub/software/scm/git/docs/git-send-email.html
* If your mail client supports setting the In-Reply-To header
via mailto: links, try the mailto: link
Be sure your reply has a Subject: header at the top and a blank line
before the message body.
This is a public inbox, see mirroring instructions
for how to clone and mirror all data and code used for this inbox;
as well as URLs for NNTP newsgroup(s).